{"id":7313,"date":"2014-03-13T15:05:44","date_gmt":"2014-03-13T14:05:44","guid":{"rendered":"http:\/\/dai-heidelberg.de\/de\/?post_type=dai_event&#038;p=7313"},"modified":"2014-04-30T15:13:23","modified_gmt":"2014-04-30T13:13:23","slug":"der-islamische-faschismus","status":"publish","type":"dai_event","link":"https:\/\/dai-heidelberg.de\/en\/events\/der-islamische-faschismus-7313\/","title":{"rendered":"Der islamische Faschismus"},"content":{"rendered":"<p>Der Islamismus entstand parallel zum italienischen Faschismus und zum Nationalsozialismus. Sein faschistoides Gedankengut allerdings reicht viel weiter zur\u00fcck \u2013 es ist bereits im Ur-Islam angelegt, so Hamed Abdel-Samad.<\/p>\n<p>Hamed Abdel-Samad schl\u00e4gt in seiner Analyse einen Bogen von den Urspr\u00fcngen des Islam bis hin zur Gegenwart. Er behauptet: Die Grundz\u00fcge des Faschismus scheinen \u00fcberall durch; in der Organisationsstruktur ebenso wie in der Religion, die stets \u00fcber dem Menschen steht.<\/p>\n<p>Hamed Abdel-Samad studierte Englisch, Franz\u00f6sisch, Japanisch und Politik. Er arbeitete f\u00fcr die UNESCO, am Lehrstuhl f\u00fcr Islamwissenschaft der Universit\u00e4t Erfurt und am Institut f\u00fcr J\u00fcdische Geschichte und Kultur der Universit\u00e4t M\u00fcnchen. Abdel-Samad ist Mitglied der Deutschen Islam Konferenz und z\u00e4hlt zu den profiliertesten islamischen Intellektuellen im deutschsprachigen Raum.<\/p>\n","protected":false},"excerpt":{"rendered":"<p>Der Islamismus entstand parallel zum italienischen Faschismus und zum Nationalsozialismus. Sein faschistoides Gedankengut allerdings reicht viel weiter zur\u00fcck \u2013 es&nbsp;&hellip;<\/p>\n","protected":false},"featured_media":0,"template":"","meta":{"footnotes":""},"tags":[],"dai_event_category":[6],"dai_event_type":[21],"dai_event_location":[31],"class_list":["post-7313","dai_event","type-dai_event","status-publish","hentry","dai_event_category-cultural-events","dai_event_type-lecture","dai_event_location-dai-grosser-saal"],"better_featured_image":null,"post-meta-fields":{"_edit_last":["3"],"_edit_lock":["1398863495:3"],"dai_event_featured":["1"],"dai_event_subtext":["Eine Analyse"],"dai_event_artist":["Hamed Abdel-Samad"],"dai_event_ticket_link":["http:\/\/www.reservix.de\/off\/login_check.php?id=c6ec16e8cf3cd5077514ebef590a1f763d4616b372ef8900411779bf6bedf213&#038;vID=2736&#038;eventGrpID=127226&#038;eventID=514546"],"dai_event_ticket_freeadmission":["0"],"dai_event_ticket_price_presale_standard":["8"],"dai_event_ticket_price_presale_reduced":["5"],"dai_event_ticket_price_presale_member":["4"],"dai_event_ticket_price_boxoffice_standard":["10"],"dai_event_ticket_price_boxoffice_reduced":["7"],"dai_event_ticket_price_boxoffice_member":["6"],"dai_event_datetime":["2014-05-08 20:00"],"_post_is_translated":["0"],"_trash_the_other_posts":["0"]},"yoast_head":"<!-- This site is optimized with the Yoast SEO plugin v27.4 - https:\/\/yoast.com\/product\/yoast-seo-wordpress\/ -->\n<title>Der islamische Faschismus - Deutsch-Amerikanisches Institut. Haus der Kultur.<\/title>\n<meta name=\"robots\" content=\"index, follow, max-snippet:-1, max-image-preview:large, max-video-preview:-1\" \/>\n<link rel=\"canonical\" href=\"https:\/\/dai-heidelberg.de\/en\/events\/der-islamische-faschismus-7313\/\" \/>\n<meta property=\"og:locale\" content=\"en_US\" \/>\n<meta property=\"og:type\" content=\"article\" \/>\n<meta property=\"og:title\" content=\"Der islamische Faschismus - Deutsch-Amerikanisches Institut. Haus der Kultur.\" \/>\n<meta property=\"og:description\" content=\"Der Islamismus entstand parallel zum italienischen Faschismus und zum Nationalsozialismus. Sein faschistoides Gedankengut allerdings reicht viel weiter zur\u00fcck \u2013 es&nbsp;&hellip;\" \/>\n<meta property=\"og:url\" content=\"https:\/\/dai-heidelberg.de\/en\/events\/der-islamische-faschismus-7313\/\" \/>\n<meta property=\"og:site_name\" content=\"DAI English\" \/>\n<meta property=\"article:modified_time\" content=\"2014-04-30T13:13:23+00:00\" \/>\n<script type=\"application\/ld+json\" class=\"yoast-schema-graph\">{\"@context\":\"https:\\\/\\\/schema.org\",\"@graph\":[{\"@type\":\"WebPage\",\"@id\":\"https:\\\/\\\/dai-heidelberg.de\\\/en\\\/events\\\/der-islamische-faschismus-7313\\\/\",\"url\":\"https:\\\/\\\/dai-heidelberg.de\\\/en\\\/events\\\/der-islamische-faschismus-7313\\\/\",\"name\":\"Der islamische Faschismus - Deutsch-Amerikanisches Institut. Haus der Kultur.\",\"isPartOf\":{\"@id\":\"https:\\\/\\\/dai-heidelberg.de\\\/en\\\/#website\"},\"datePublished\":\"2014-03-13T14:05:44+00:00\",\"dateModified\":\"2014-04-30T13:13:23+00:00\",\"breadcrumb\":{\"@id\":\"https:\\\/\\\/dai-heidelberg.de\\\/en\\\/events\\\/der-islamische-faschismus-7313\\\/#breadcrumb\"},\"inLanguage\":\"en-US\",\"potentialAction\":[{\"@type\":\"ReadAction\",\"target\":[\"https:\\\/\\\/dai-heidelberg.de\\\/en\\\/events\\\/der-islamische-faschismus-7313\\\/\"]}]},{\"@type\":\"BreadcrumbList\",\"@id\":\"https:\\\/\\\/dai-heidelberg.de\\\/en\\\/events\\\/der-islamische-faschismus-7313\\\/#breadcrumb\",\"itemListElement\":[{\"@type\":\"ListItem\",\"position\":1,\"name\":\"Home\",\"item\":\"https:\\\/\\\/dai-heidelberg.de\\\/en\\\/\"},{\"@type\":\"ListItem\",\"position\":2,\"name\":\"Events\",\"item\":\"https:\\\/\\\/dai-heidelberg.de\\\/en\\\/events\\\/\"},{\"@type\":\"ListItem\",\"position\":3,\"name\":\"Der islamische Faschismus\"}]},{\"@type\":\"WebSite\",\"@id\":\"https:\\\/\\\/dai-heidelberg.de\\\/en\\\/#website\",\"url\":\"https:\\\/\\\/dai-heidelberg.de\\\/en\\\/\",\"name\":\"DAI English\",\"description\":\"Deutsch-Amerikanisches Institut. Haus der Kultur.\",\"potentialAction\":[{\"@type\":\"SearchAction\",\"target\":{\"@type\":\"EntryPoint\",\"urlTemplate\":\"https:\\\/\\\/dai-heidelberg.de\\\/en\\\/?s={search_term_string}\"},\"query-input\":{\"@type\":\"PropertyValueSpecification\",\"valueRequired\":true,\"valueName\":\"search_term_string\"}}],\"inLanguage\":\"en-US\"}]}<\/script>\n<!-- \/ Yoast SEO plugin. -->","yoast_head_json":{"title":"Der islamische Faschismus - Deutsch-Amerikanisches Institut. Haus der Kultur.","robots":{"index":"index","follow":"follow","max-snippet":"max-snippet:-1","max-image-preview":"max-image-preview:large","max-video-preview":"max-video-preview:-1"},"canonical":"https:\/\/dai-heidelberg.de\/en\/events\/der-islamische-faschismus-7313\/","og_locale":"en_US","og_type":"article","og_title":"Der islamische Faschismus - Deutsch-Amerikanisches Institut. Haus der Kultur.","og_description":"Der Islamismus entstand parallel zum italienischen Faschismus und zum Nationalsozialismus. Sein faschistoides Gedankengut allerdings reicht viel weiter zur\u00fcck \u2013 es&nbsp;&hellip;","og_url":"https:\/\/dai-heidelberg.de\/en\/events\/der-islamische-faschismus-7313\/","og_site_name":"DAI English","article_modified_time":"2014-04-30T13:13:23+00:00","schema":{"@context":"https:\/\/schema.org","@graph":[{"@type":"WebPage","@id":"https:\/\/dai-heidelberg.de\/en\/events\/der-islamische-faschismus-7313\/","url":"https:\/\/dai-heidelberg.de\/en\/events\/der-islamische-faschismus-7313\/","name":"Der islamische Faschismus - Deutsch-Amerikanisches Institut. Haus der Kultur.","isPartOf":{"@id":"https:\/\/dai-heidelberg.de\/en\/#website"},"datePublished":"2014-03-13T14:05:44+00:00","dateModified":"2014-04-30T13:13:23+00:00","breadcrumb":{"@id":"https:\/\/dai-heidelberg.de\/en\/events\/der-islamische-faschismus-7313\/#breadcrumb"},"inLanguage":"en-US","potentialAction":[{"@type":"ReadAction","target":["https:\/\/dai-heidelberg.de\/en\/events\/der-islamische-faschismus-7313\/"]}]},{"@type":"BreadcrumbList","@id":"https:\/\/dai-heidelberg.de\/en\/events\/der-islamische-faschismus-7313\/#breadcrumb","itemListElement":[{"@type":"ListItem","position":1,"name":"Home","item":"https:\/\/dai-heidelberg.de\/en\/"},{"@type":"ListItem","position":2,"name":"Events","item":"https:\/\/dai-heidelberg.de\/en\/events\/"},{"@type":"ListItem","position":3,"name":"Der islamische Faschismus"}]},{"@type":"WebSite","@id":"https:\/\/dai-heidelberg.de\/en\/#website","url":"https:\/\/dai-heidelberg.de\/en\/","name":"DAI English","description":"Deutsch-Amerikanisches Institut. Haus der Kultur.","potentialAction":[{"@type":"SearchAction","target":{"@type":"EntryPoint","urlTemplate":"https:\/\/dai-heidelberg.de\/en\/?s={search_term_string}"},"query-input":{"@type":"PropertyValueSpecification","valueRequired":true,"valueName":"search_term_string"}}],"inLanguage":"en-US"}]}},"_links":{"self":[{"href":"https:\/\/dai-heidelberg.de\/en\/wp-json\/wp\/v2\/dai_event\/7313","targetHints":{"allow":["GET"]}}],"collection":[{"href":"https:\/\/dai-heidelberg.de\/en\/wp-json\/wp\/v2\/dai_event"}],"about":[{"href":"https:\/\/dai-heidelberg.de\/en\/wp-json\/wp\/v2\/types\/dai_event"}],"version-history":[{"count":1,"href":"https:\/\/dai-heidelberg.de\/en\/wp-json\/wp\/v2\/dai_event\/7313\/revisions"}],"predecessor-version":[{"id":7315,"href":"https:\/\/dai-heidelberg.de\/en\/wp-json\/wp\/v2\/dai_event\/7313\/revisions\/7315"}],"wp:attachment":[{"href":"https:\/\/dai-heidelberg.de\/en\/wp-json\/wp\/v2\/media?parent=7313"}],"wp:term":[{"taxonomy":"post_tag","embeddable":true,"href":"https:\/\/dai-heidelberg.de\/en\/wp-json\/wp\/v2\/tags?post=7313"},{"taxonomy":"dai_event_category","embeddable":true,"href":"https:\/\/dai-heidelberg.de\/en\/wp-json\/wp\/v2\/dai_event_category?post=7313"},{"taxonomy":"dai_event_type","embeddable":true,"href":"https:\/\/dai-heidelberg.de\/en\/wp-json\/wp\/v2\/dai_event_type?post=7313"},{"taxonomy":"dai_event_location","embeddable":true,"href":"https:\/\/dai-heidelberg.de\/en\/wp-json\/wp\/v2\/dai_event_location?post=7313"}],"curies":[{"name":"wp","href":"https:\/\/api.w.org\/{rel}","templated":true}]}}

<p>Der Islamismus entstand parallel zum italienischen Faschismus und zum Nationalsozialismus. Sein faschistoides Gedankengut allerdings reicht viel weiter zurück – es ist bereits im Ur-Islam angelegt, so Hamed Abdel-Samad.</p>
<p>Hamed Abdel-Samad schlägt in seiner Analyse einen Bogen von den Ursprüngen des Islam bis hin zur Gegenwart. Er behauptet: Die Grundzüge des Faschismus scheinen überall durch; in der Organisationsstruktur ebenso wie in der Religion, die stets über dem Menschen steht.</p>
<p>Hamed Abdel-Samad studierte Englisch, Französisch, Japanisch und Politik. Er arbeitete für die UNESCO, am Lehrstuhl für Islamwissenschaft der Universität Erfurt und am Institut für Jüdische Geschichte und Kultur der Universität München. Abdel-Samad ist Mitglied der Deutschen Islam Konferenz und zählt zu den profiliertesten islamischen Intellektuellen im deutschsprachigen Raum.</p>

<p>Der Islamismus entstand parallel zum italienischen Faschismus und zum Nationalsozialismus. Sein faschistoides Gedankengut allerdings reicht viel weiter zurück – es&nbsp;&hellip;</p>

<!-- This site is optimized with the Yoast SEO plugin v27.4 - https://yoast.com/product/yoast-seo-wordpress/ -->
<title>Der islamische Faschismus - Deutsch-Amerikanisches Institut. Haus der Kultur.</title>
<meta name="robots" content="index, follow, max-snippet:-1, max-image-preview:large, max-video-preview:-1" />
<link rel="canonical" href="https://dai-heidelberg.de/en/events/der-islamische-faschismus-7313/" />
<meta property="og:locale" content="en_US" />
<meta property="og:type" content="article" />
<meta property="og:title" content="Der islamische Faschismus - Deutsch-Amerikanisches Institut. Haus der Kultur." />
<meta property="og:description" content="Der Islamismus entstand parallel zum italienischen Faschismus und zum Nationalsozialismus. Sein faschistoides Gedankengut allerdings reicht viel weiter zurück – es&nbsp;&hellip;" />
<meta property="og:url" content="https://dai-heidelberg.de/en/events/der-islamische-faschismus-7313/" />
<meta property="og:site_name" content="DAI English" />
<meta property="article:modified_time" content="2014-04-30T13:13:23+00:00" />
<script type="application/ld+json" class="yoast-schema-graph">{"@context":"https:\/\/schema.org","@graph":[{"@type":"WebPage","@id":"https:\/\/dai-heidelberg.de\/en\/events\/der-islamische-faschismus-7313\/","url":"https:\/\/dai-heidelberg.de\/en\/events\/der-islamische-faschismus-7313\/","name":"Der islamische Faschismus - Deutsch-Amerikanisches Institut. Haus der Kultur.","isPartOf":{"@id":"https:\/\/dai-heidelberg.de\/en\/#website"},"datePublished":"2014-03-13T14:05:44+00:00","dateModified":"2014-04-30T13:13:23+00:00","breadcrumb":{"@id":"https:\/\/dai-heidelberg.de\/en\/events\/der-islamische-faschismus-7313\/#breadcrumb"},"inLanguage":"en-US","potentialAction":[{"@type":"ReadAction","target":["https:\/\/dai-heidelberg.de\/en\/events\/der-islamische-faschismus-7313\/"]}]},{"@type":"BreadcrumbList","@id":"https:\/\/dai-heidelberg.de\/en\/events\/der-islamische-faschismus-7313\/#breadcrumb","itemListElement":[{"@type":"ListItem","position":1,"name":"Home","item":"https:\/\/dai-heidelberg.de\/en\/"},{"@type":"ListItem","position":2,"name":"Events","item":"https:\/\/dai-heidelberg.de\/en\/events\/"},{"@type":"ListItem","position":3,"name":"Der islamische Faschismus"}]},{"@type":"WebSite","@id":"https:\/\/dai-heidelberg.de\/en\/#website","url":"https:\/\/dai-heidelberg.de\/en\/","name":"DAI English","description":"Deutsch-Amerikanisches Institut. Haus der Kultur.","potentialAction":[{"@type":"SearchAction","target":{"@type":"EntryPoint","urlTemplate":"https:\/\/dai-heidelberg.de\/en\/?s={search_term_string}"},"query-input":{"@type":"PropertyValueSpecification","valueRequired":true,"valueName":"search_term_string"}}],"inLanguage":"en-US"}]}</script>
<!-- / Yoast SEO plugin. -->

Der Islamismus entstand parallel zum italienischen Faschismus und zum Nationalsozialismus. Sein faschistoides Gedankengut allerdings reicht viel weiter zurück – es&nbsp;&hellip;
