{"id":5543,"date":"2012-04-16T12:52:27","date_gmt":"2012-04-16T10:52:27","guid":{"rendered":"http:\/\/dai-heidelberg.de\/de\/veranstaltungen\/infrarot\/"},"modified":"2012-04-16T12:52:27","modified_gmt":"2012-04-16T10:52:27","slug":"infrarot","status":"publish","type":"dai_event","link":"https:\/\/dai-heidelberg.de\/en\/events\/infrarot-5543\/","title":{"rendered":"Infrarot"},"content":{"rendered":"<p>Vater und Tochter reisen durch die Toskana. Acht Tage, acht Kapitel.<\/p>\n<p>W\u00e4hrend der Vater, ein j\u00fcdischer Historiker, in den Museen und vor Michelangelos \u00abDavid\u00bb im Kunstgenuss schwelgt, simst Rena erotische Botschaften an ihren arabischen Liebhaber Aziz in Paris. Von Beruf ist sie Fotografin; mit Vorliebe fotografiert sie M\u00e4nnerakte mit Infrarotkameras.<\/p>\n<p>Es sollte eine kunsthistorische Fahrt werden, doch die Stiefmutter interessiert sich mehr f\u00fcr Spaghettiso?en als f\u00fcr die Medici.<\/p>\n<p>Bald kommt es zu Konflikten, und die Reise im kleinen Mietauto \u00fcber die H\u00fcgel der Toskana wird von Tag zu Tag turbulenter. Da ruft Aziz an und bittet Rena zur\u00fcckzukommen, denn in den Pariser Vorst\u00e4dten ? wir sind im Jahr 2005 ? ist die Gewalt ausgebrochen. Die Zeitschrift, f\u00fcr die Rena arbeitet, droht ihr mit K\u00fcndigung, falls sie nicht sofort nach Paris komme. Rena jedoch bleibt.<\/p>\n<p>In den acht Tagen in der Toskana verliert Rena ihren Liebhaber, ihren Job und ihre Handtasche. Aber am Ende wei? sie, was sie will.<\/p>\n<p>Ein sinnlicher, bestechend freiz\u00fcgiger und kluger Roman \u00fcber Erotik, Kunst, V\u00e4ter und T\u00f6chter und die vielen M\u00f6glichkeiten zu leben.<\/p>\n<p>Nancy Huston wurde 1953 in Calgary, Kanada, geboren und wuchs in den USA auf. Seit 1973 lebt sie in Paris. Sie ist mit dem Linguisten und Philosophen Tzvetan Todorov verheiratet und hat zwei Kinder. Huston hat zahlreiche Romane und Sachb\u00fccher ver\u00f6ffentlicht. F\u00fcr ihr Werk wurde sie in Kanada u.a. mit dem \u00abGovernor General?s Award for Fiction\u00bb und in Frankreich mit dem \u00abPrix Goncourt des Lyc\u00e9ens\u00bb ausgezeichnet. F\u00fcr ?Ein winziger Makel? erhielt sie 2006 den \u00abPrix Femina\u00bb; das Buch war in Frankreich ein Nr.-1-Bestseller.<\/p>\n<p>Moderation: Ruthard St\u00e4blein (hr2)<\/p>\n<p>Sprache: Franz\u00f6sisch\/Deutsch<\/p>\n<p><a href=\"http:\/\/www.reservix.de\/off\/login_check.php?id=c6ec16e8cf3cd5077514ebef590a1f763d4616b372ef8900411779bf6bedf213&#038;vID=2736&#038;eventGrpID=77445&#038;eventID=297959\">Karten online kaufen zzgl. VVK-Geb\u00fchr<\/a><\/p>\n","protected":false},"excerpt":{"rendered":"<p>Vater und Tochter reisen durch die Toskana. Acht Tage, acht Kapitel. W\u00e4hrend der Vater, ein j\u00fcdischer Historiker, in den Museen&nbsp;&hellip;<\/p>\n","protected":false},"featured_media":0,"template":"","meta":{"footnotes":""},"tags":[],"dai_event_category":[6],"dai_event_type":[17],"dai_event_location":[],"class_list":["post-5543","dai_event","type-dai_event","status-publish","hentry","dai_event_category-cultural-events","dai_event_type-literature"],"better_featured_image":null,"post-meta-fields":{"dai_event_datetime":["2012-06-25 20:00:00"],"dai_event_featured":["1"],"dai_event_subtext":["In Kooperation mit dem BCU Heidelberg"],"dai_event_artist":["Nancy Huston"],"dai_event_ticket_price_boxoffice_standard":["8.00"],"dai_event_ticket_price_boxoffice_reduced":["5.00"],"dai_event_ticket_price_boxoffice_member":["4.00"]},"yoast_head":"<!-- This site is optimized with the Yoast SEO plugin v27.4 - https:\/\/yoast.com\/product\/yoast-seo-wordpress\/ -->\n<title>Infrarot - Deutsch-Amerikanisches Institut. Haus der Kultur.<\/title>\n<meta name=\"robots\" content=\"index, follow, max-snippet:-1, max-image-preview:large, max-video-preview:-1\" \/>\n<link rel=\"canonical\" href=\"https:\/\/dai-heidelberg.de\/en\/events\/infrarot-5543\/\" \/>\n<meta property=\"og:locale\" content=\"en_US\" \/>\n<meta property=\"og:type\" content=\"article\" \/>\n<meta property=\"og:title\" content=\"Infrarot - Deutsch-Amerikanisches Institut. Haus der Kultur.\" \/>\n<meta property=\"og:description\" content=\"Vater und Tochter reisen durch die Toskana. Acht Tage, acht Kapitel. W\u00e4hrend der Vater, ein j\u00fcdischer Historiker, in den Museen&nbsp;&hellip;\" \/>\n<meta property=\"og:url\" content=\"https:\/\/dai-heidelberg.de\/en\/events\/infrarot-5543\/\" \/>\n<meta property=\"og:site_name\" content=\"DAI English\" \/>\n<script type=\"application\/ld+json\" class=\"yoast-schema-graph\">{\"@context\":\"https:\\\/\\\/schema.org\",\"@graph\":[{\"@type\":\"WebPage\",\"@id\":\"https:\\\/\\\/dai-heidelberg.de\\\/en\\\/events\\\/infrarot-5543\\\/\",\"url\":\"https:\\\/\\\/dai-heidelberg.de\\\/en\\\/events\\\/infrarot-5543\\\/\",\"name\":\"Infrarot - Deutsch-Amerikanisches Institut. Haus der Kultur.\",\"isPartOf\":{\"@id\":\"https:\\\/\\\/dai-heidelberg.de\\\/en\\\/#website\"},\"datePublished\":\"2012-04-16T10:52:27+00:00\",\"breadcrumb\":{\"@id\":\"https:\\\/\\\/dai-heidelberg.de\\\/en\\\/events\\\/infrarot-5543\\\/#breadcrumb\"},\"inLanguage\":\"en-US\",\"potentialAction\":[{\"@type\":\"ReadAction\",\"target\":[\"https:\\\/\\\/dai-heidelberg.de\\\/en\\\/events\\\/infrarot-5543\\\/\"]}]},{\"@type\":\"BreadcrumbList\",\"@id\":\"https:\\\/\\\/dai-heidelberg.de\\\/en\\\/events\\\/infrarot-5543\\\/#breadcrumb\",\"itemListElement\":[{\"@type\":\"ListItem\",\"position\":1,\"name\":\"Home\",\"item\":\"https:\\\/\\\/dai-heidelberg.de\\\/en\\\/\"},{\"@type\":\"ListItem\",\"position\":2,\"name\":\"Events\",\"item\":\"https:\\\/\\\/dai-heidelberg.de\\\/en\\\/events\\\/\"},{\"@type\":\"ListItem\",\"position\":3,\"name\":\"Infrarot\"}]},{\"@type\":\"WebSite\",\"@id\":\"https:\\\/\\\/dai-heidelberg.de\\\/en\\\/#website\",\"url\":\"https:\\\/\\\/dai-heidelberg.de\\\/en\\\/\",\"name\":\"DAI English\",\"description\":\"Deutsch-Amerikanisches Institut. Haus der Kultur.\",\"potentialAction\":[{\"@type\":\"SearchAction\",\"target\":{\"@type\":\"EntryPoint\",\"urlTemplate\":\"https:\\\/\\\/dai-heidelberg.de\\\/en\\\/?s={search_term_string}\"},\"query-input\":{\"@type\":\"PropertyValueSpecification\",\"valueRequired\":true,\"valueName\":\"search_term_string\"}}],\"inLanguage\":\"en-US\"}]}<\/script>\n<!-- \/ Yoast SEO plugin. -->","yoast_head_json":{"title":"Infrarot - Deutsch-Amerikanisches Institut. Haus der Kultur.","robots":{"index":"index","follow":"follow","max-snippet":"max-snippet:-1","max-image-preview":"max-image-preview:large","max-video-preview":"max-video-preview:-1"},"canonical":"https:\/\/dai-heidelberg.de\/en\/events\/infrarot-5543\/","og_locale":"en_US","og_type":"article","og_title":"Infrarot - Deutsch-Amerikanisches Institut. Haus der Kultur.","og_description":"Vater und Tochter reisen durch die Toskana. Acht Tage, acht Kapitel. W\u00e4hrend der Vater, ein j\u00fcdischer Historiker, in den Museen&nbsp;&hellip;","og_url":"https:\/\/dai-heidelberg.de\/en\/events\/infrarot-5543\/","og_site_name":"DAI English","schema":{"@context":"https:\/\/schema.org","@graph":[{"@type":"WebPage","@id":"https:\/\/dai-heidelberg.de\/en\/events\/infrarot-5543\/","url":"https:\/\/dai-heidelberg.de\/en\/events\/infrarot-5543\/","name":"Infrarot - Deutsch-Amerikanisches Institut. Haus der Kultur.","isPartOf":{"@id":"https:\/\/dai-heidelberg.de\/en\/#website"},"datePublished":"2012-04-16T10:52:27+00:00","breadcrumb":{"@id":"https:\/\/dai-heidelberg.de\/en\/events\/infrarot-5543\/#breadcrumb"},"inLanguage":"en-US","potentialAction":[{"@type":"ReadAction","target":["https:\/\/dai-heidelberg.de\/en\/events\/infrarot-5543\/"]}]},{"@type":"BreadcrumbList","@id":"https:\/\/dai-heidelberg.de\/en\/events\/infrarot-5543\/#breadcrumb","itemListElement":[{"@type":"ListItem","position":1,"name":"Home","item":"https:\/\/dai-heidelberg.de\/en\/"},{"@type":"ListItem","position":2,"name":"Events","item":"https:\/\/dai-heidelberg.de\/en\/events\/"},{"@type":"ListItem","position":3,"name":"Infrarot"}]},{"@type":"WebSite","@id":"https:\/\/dai-heidelberg.de\/en\/#website","url":"https:\/\/dai-heidelberg.de\/en\/","name":"DAI English","description":"Deutsch-Amerikanisches Institut. Haus der Kultur.","potentialAction":[{"@type":"SearchAction","target":{"@type":"EntryPoint","urlTemplate":"https:\/\/dai-heidelberg.de\/en\/?s={search_term_string}"},"query-input":{"@type":"PropertyValueSpecification","valueRequired":true,"valueName":"search_term_string"}}],"inLanguage":"en-US"}]}},"_links":{"self":[{"href":"https:\/\/dai-heidelberg.de\/en\/wp-json\/wp\/v2\/dai_event\/5543","targetHints":{"allow":["GET"]}}],"collection":[{"href":"https:\/\/dai-heidelberg.de\/en\/wp-json\/wp\/v2\/dai_event"}],"about":[{"href":"https:\/\/dai-heidelberg.de\/en\/wp-json\/wp\/v2\/types\/dai_event"}],"version-history":[{"count":0,"href":"https:\/\/dai-heidelberg.de\/en\/wp-json\/wp\/v2\/dai_event\/5543\/revisions"}],"wp:attachment":[{"href":"https:\/\/dai-heidelberg.de\/en\/wp-json\/wp\/v2\/media?parent=5543"}],"wp:term":[{"taxonomy":"post_tag","embeddable":true,"href":"https:\/\/dai-heidelberg.de\/en\/wp-json\/wp\/v2\/tags?post=5543"},{"taxonomy":"dai_event_category","embeddable":true,"href":"https:\/\/dai-heidelberg.de\/en\/wp-json\/wp\/v2\/dai_event_category?post=5543"},{"taxonomy":"dai_event_type","embeddable":true,"href":"https:\/\/dai-heidelberg.de\/en\/wp-json\/wp\/v2\/dai_event_type?post=5543"},{"taxonomy":"dai_event_location","embeddable":true,"href":"https:\/\/dai-heidelberg.de\/en\/wp-json\/wp\/v2\/dai_event_location?post=5543"}],"curies":[{"name":"wp","href":"https:\/\/api.w.org\/{rel}","templated":true}]}}

<p>Vater und Tochter reisen durch die Toskana. Acht Tage, acht Kapitel.</p>
<p>Während der Vater, ein jüdischer Historiker, in den Museen und vor Michelangelos «David» im Kunstgenuss schwelgt, simst Rena erotische Botschaften an ihren arabischen Liebhaber Aziz in Paris. Von Beruf ist sie Fotografin; mit Vorliebe fotografiert sie Männerakte mit Infrarotkameras.</p>
<p>Es sollte eine kunsthistorische Fahrt werden, doch die Stiefmutter interessiert sich mehr für Spaghettiso?en als für die Medici.</p>
<p>Bald kommt es zu Konflikten, und die Reise im kleinen Mietauto über die Hügel der Toskana wird von Tag zu Tag turbulenter. Da ruft Aziz an und bittet Rena zurückzukommen, denn in den Pariser Vorstädten ? wir sind im Jahr 2005 ? ist die Gewalt ausgebrochen. Die Zeitschrift, für die Rena arbeitet, droht ihr mit Kündigung, falls sie nicht sofort nach Paris komme. Rena jedoch bleibt.</p>
<p>In den acht Tagen in der Toskana verliert Rena ihren Liebhaber, ihren Job und ihre Handtasche. Aber am Ende wei? sie, was sie will.</p>
<p>Ein sinnlicher, bestechend freizügiger und kluger Roman über Erotik, Kunst, Väter und Töchter und die vielen Möglichkeiten zu leben.</p>
<p>Nancy Huston wurde 1953 in Calgary, Kanada, geboren und wuchs in den USA auf. Seit 1973 lebt sie in Paris. Sie ist mit dem Linguisten und Philosophen Tzvetan Todorov verheiratet und hat zwei Kinder. Huston hat zahlreiche Romane und Sachbücher veröffentlicht. Für ihr Werk wurde sie in Kanada u.a. mit dem «Governor General?s Award for Fiction» und in Frankreich mit dem «Prix Goncourt des Lycéens» ausgezeichnet. Für ?Ein winziger Makel? erhielt sie 2006 den «Prix Femina»; das Buch war in Frankreich ein Nr.-1-Bestseller.</p>
<p>Moderation: Ruthard Stäblein (hr2)</p>
<p>Sprache: Französisch/Deutsch</p>
<p><a href="http://www.reservix.de/off/login_check.php?id=c6ec16e8cf3cd5077514ebef590a1f763d4616b372ef8900411779bf6bedf213&#038;vID=2736&#038;eventGrpID=77445&#038;eventID=297959">Karten online kaufen zzgl. VVK-Gebühr</a></p>

<p>Vater und Tochter reisen durch die Toskana. Acht Tage, acht Kapitel. Während der Vater, ein jüdischer Historiker, in den Museen&nbsp;&hellip;</p>

<!-- This site is optimized with the Yoast SEO plugin v27.4 - https://yoast.com/product/yoast-seo-wordpress/ -->
<title>Infrarot - Deutsch-Amerikanisches Institut. Haus der Kultur.</title>
<meta name="robots" content="index, follow, max-snippet:-1, max-image-preview:large, max-video-preview:-1" />
<link rel="canonical" href="https://dai-heidelberg.de/en/events/infrarot-5543/" />
<meta property="og:locale" content="en_US" />
<meta property="og:type" content="article" />
<meta property="og:title" content="Infrarot - Deutsch-Amerikanisches Institut. Haus der Kultur." />
<meta property="og:description" content="Vater und Tochter reisen durch die Toskana. Acht Tage, acht Kapitel. Während der Vater, ein jüdischer Historiker, in den Museen&nbsp;&hellip;" />
<meta property="og:url" content="https://dai-heidelberg.de/en/events/infrarot-5543/" />
<meta property="og:site_name" content="DAI English" />
<script type="application/ld+json" class="yoast-schema-graph">{"@context":"https:\/\/schema.org","@graph":[{"@type":"WebPage","@id":"https:\/\/dai-heidelberg.de\/en\/events\/infrarot-5543\/","url":"https:\/\/dai-heidelberg.de\/en\/events\/infrarot-5543\/","name":"Infrarot - Deutsch-Amerikanisches Institut. Haus der Kultur.","isPartOf":{"@id":"https:\/\/dai-heidelberg.de\/en\/#website"},"datePublished":"2012-04-16T10:52:27+00:00","breadcrumb":{"@id":"https:\/\/dai-heidelberg.de\/en\/events\/infrarot-5543\/#breadcrumb"},"inLanguage":"en-US","potentialAction":[{"@type":"ReadAction","target":["https:\/\/dai-heidelberg.de\/en\/events\/infrarot-5543\/"]}]},{"@type":"BreadcrumbList","@id":"https:\/\/dai-heidelberg.de\/en\/events\/infrarot-5543\/#breadcrumb","itemListElement":[{"@type":"ListItem","position":1,"name":"Home","item":"https:\/\/dai-heidelberg.de\/en\/"},{"@type":"ListItem","position":2,"name":"Events","item":"https:\/\/dai-heidelberg.de\/en\/events\/"},{"@type":"ListItem","position":3,"name":"Infrarot"}]},{"@type":"WebSite","@id":"https:\/\/dai-heidelberg.de\/en\/#website","url":"https:\/\/dai-heidelberg.de\/en\/","name":"DAI English","description":"Deutsch-Amerikanisches Institut. Haus der Kultur.","potentialAction":[{"@type":"SearchAction","target":{"@type":"EntryPoint","urlTemplate":"https:\/\/dai-heidelberg.de\/en\/?s={search_term_string}"},"query-input":{"@type":"PropertyValueSpecification","valueRequired":true,"valueName":"search_term_string"}}],"inLanguage":"en-US"}]}</script>
<!-- / Yoast SEO plugin. -->

Vater und Tochter reisen durch die Toskana. Acht Tage, acht Kapitel. Während der Vater, ein jüdischer Historiker, in den Museen&nbsp;&hellip;
