{"id":4843,"date":"2005-09-27T15:30:28","date_gmt":"2005-09-27T13:30:28","guid":{"rendered":"http:\/\/dai-heidelberg.de\/de\/veranstaltungen\/hat-die-pflanze-eine-seele\/"},"modified":"2005-09-27T15:30:28","modified_gmt":"2005-09-27T13:30:28","slug":"hat-die-pflanze-eine-seele","status":"publish","type":"dai_event","link":"https:\/\/dai-heidelberg.de\/en\/events\/hat-die-pflanze-eine-seele-4843\/","title":{"rendered":"Hat die Pflanze eine Seele?"},"content":{"rendered":"<p>Sp\u00e4testens seitdem der Fall Terri Schiavo durch die Presse ging, hat die Diskussion um die W\u00fcrde des Menschen eine interessante Wendung genommen.<br \/>\nIst es ethisch akzeptabel, einen Unterschied zu machen zwischen wertvollem und wertlosem, h\u00f6herem und niedrigerem Leben? Die Konsequenz dieser Unterscheidung w\u00e4re, dass es wertloses Leben gebe, dessen Vernichtung oder Beeintr\u00e4chtigung erlaubt sei. Seit der Antike hat die Frage nach der W\u00fcrde der Kreatur im allgemeinen und der Pflanze im speziellen Philosophen, wie Platon und Kant, immer wieder besch\u00e4ftigt. Dr. Nicole Karafyllis f\u00fcgt dieser ethischen Problematik eine weitere, naturwissenschaftliche Komponente hinzu. Sie vergleicht den vegetativen Zustand eines Wachkoma-Patienten mit demjenigen einer Pflanze. <\/p>\n<p>Dr. rer. nat. Karafyllis, geboren 1970, studierte Biologie und Philosophie. Seit 1998 ist sie wissenschaftliche Mitarbeiterin der Johann Wolfgang Goethe-Universit\u00e4t Frankfurt am Main. Ihr Arbeitsschwerpunkte sind unter anderem Ethik der Biotechniken, Umweltethik und -\u00f6konomie sowie Kulturphilosophie, insbesondere der Pflanzen. Sie ist Verfasserin zahlreicher Werke, darunter Nachwachsende Rohstoffe &#8211; Technikbewertung zwischen den Leitbildern Wachstum und Nachhaltigkeit, f\u00fcr das sie den Preis der Franzke\u00b4schen Stiftung erhielt.<\/p>\n","protected":false},"excerpt":{"rendered":"<p>Sp\u00e4testens seitdem der Fall Terri Schiavo durch die Presse ging, hat die Diskussion um die W\u00fcrde des Menschen eine interessante&nbsp;&hellip;<\/p>\n","protected":false},"featured_media":0,"template":"","meta":{"footnotes":""},"tags":[],"dai_event_category":[6],"dai_event_type":[21],"dai_event_location":[31],"class_list":["post-4843","dai_event","type-dai_event","status-publish","hentry","dai_event_category-cultural-events","dai_event_type-lecture","dai_event_location-dai-grosser-saal"],"better_featured_image":null,"post-meta-fields":{"dai_event_datetime":["2005-12-12 20:00:00"],"dai_event_subtext":["Die W\u00fcrde des Pflanzlichen in uns - Im Rahmen der dai-Reihe W\u00fcrde"],"dai_event_artist":["Nicole C. Karafyllis"]},"yoast_head":"<!-- This site is optimized with the Yoast SEO plugin v27.4 - https:\/\/yoast.com\/product\/yoast-seo-wordpress\/ -->\n<title>Hat die Pflanze eine Seele? - Deutsch-Amerikanisches Institut. Haus der Kultur.<\/title>\n<meta name=\"robots\" content=\"index, follow, max-snippet:-1, max-image-preview:large, max-video-preview:-1\" \/>\n<link rel=\"canonical\" href=\"https:\/\/dai-heidelberg.de\/en\/events\/hat-die-pflanze-eine-seele-4843\/\" \/>\n<meta property=\"og:locale\" content=\"en_US\" \/>\n<meta property=\"og:type\" content=\"article\" \/>\n<meta property=\"og:title\" content=\"Hat die Pflanze eine Seele? - Deutsch-Amerikanisches Institut. Haus der Kultur.\" \/>\n<meta property=\"og:description\" content=\"Sp\u00e4testens seitdem der Fall Terri Schiavo durch die Presse ging, hat die Diskussion um die W\u00fcrde des Menschen eine interessante&nbsp;&hellip;\" \/>\n<meta property=\"og:url\" content=\"https:\/\/dai-heidelberg.de\/en\/events\/hat-die-pflanze-eine-seele-4843\/\" \/>\n<meta property=\"og:site_name\" content=\"DAI English\" \/>\n<script type=\"application\/ld+json\" class=\"yoast-schema-graph\">{\"@context\":\"https:\\\/\\\/schema.org\",\"@graph\":[{\"@type\":\"WebPage\",\"@id\":\"https:\\\/\\\/dai-heidelberg.de\\\/en\\\/events\\\/hat-die-pflanze-eine-seele-4843\\\/\",\"url\":\"https:\\\/\\\/dai-heidelberg.de\\\/en\\\/events\\\/hat-die-pflanze-eine-seele-4843\\\/\",\"name\":\"Hat die Pflanze eine Seele? - Deutsch-Amerikanisches Institut. Haus der Kultur.\",\"isPartOf\":{\"@id\":\"https:\\\/\\\/dai-heidelberg.de\\\/en\\\/#website\"},\"datePublished\":\"2005-09-27T13:30:28+00:00\",\"breadcrumb\":{\"@id\":\"https:\\\/\\\/dai-heidelberg.de\\\/en\\\/events\\\/hat-die-pflanze-eine-seele-4843\\\/#breadcrumb\"},\"inLanguage\":\"en-US\",\"potentialAction\":[{\"@type\":\"ReadAction\",\"target\":[\"https:\\\/\\\/dai-heidelberg.de\\\/en\\\/events\\\/hat-die-pflanze-eine-seele-4843\\\/\"]}]},{\"@type\":\"BreadcrumbList\",\"@id\":\"https:\\\/\\\/dai-heidelberg.de\\\/en\\\/events\\\/hat-die-pflanze-eine-seele-4843\\\/#breadcrumb\",\"itemListElement\":[{\"@type\":\"ListItem\",\"position\":1,\"name\":\"Home\",\"item\":\"https:\\\/\\\/dai-heidelberg.de\\\/en\\\/\"},{\"@type\":\"ListItem\",\"position\":2,\"name\":\"Events\",\"item\":\"https:\\\/\\\/dai-heidelberg.de\\\/en\\\/events\\\/\"},{\"@type\":\"ListItem\",\"position\":3,\"name\":\"Hat die Pflanze eine Seele?\"}]},{\"@type\":\"WebSite\",\"@id\":\"https:\\\/\\\/dai-heidelberg.de\\\/en\\\/#website\",\"url\":\"https:\\\/\\\/dai-heidelberg.de\\\/en\\\/\",\"name\":\"DAI English\",\"description\":\"Deutsch-Amerikanisches Institut. Haus der Kultur.\",\"potentialAction\":[{\"@type\":\"SearchAction\",\"target\":{\"@type\":\"EntryPoint\",\"urlTemplate\":\"https:\\\/\\\/dai-heidelberg.de\\\/en\\\/?s={search_term_string}\"},\"query-input\":{\"@type\":\"PropertyValueSpecification\",\"valueRequired\":true,\"valueName\":\"search_term_string\"}}],\"inLanguage\":\"en-US\"}]}<\/script>\n<!-- \/ Yoast SEO plugin. -->","yoast_head_json":{"title":"Hat die Pflanze eine Seele? - Deutsch-Amerikanisches Institut. Haus der Kultur.","robots":{"index":"index","follow":"follow","max-snippet":"max-snippet:-1","max-image-preview":"max-image-preview:large","max-video-preview":"max-video-preview:-1"},"canonical":"https:\/\/dai-heidelberg.de\/en\/events\/hat-die-pflanze-eine-seele-4843\/","og_locale":"en_US","og_type":"article","og_title":"Hat die Pflanze eine Seele? - Deutsch-Amerikanisches Institut. Haus der Kultur.","og_description":"Sp\u00e4testens seitdem der Fall Terri Schiavo durch die Presse ging, hat die Diskussion um die W\u00fcrde des Menschen eine interessante&nbsp;&hellip;","og_url":"https:\/\/dai-heidelberg.de\/en\/events\/hat-die-pflanze-eine-seele-4843\/","og_site_name":"DAI English","schema":{"@context":"https:\/\/schema.org","@graph":[{"@type":"WebPage","@id":"https:\/\/dai-heidelberg.de\/en\/events\/hat-die-pflanze-eine-seele-4843\/","url":"https:\/\/dai-heidelberg.de\/en\/events\/hat-die-pflanze-eine-seele-4843\/","name":"Hat die Pflanze eine Seele? - Deutsch-Amerikanisches Institut. Haus der Kultur.","isPartOf":{"@id":"https:\/\/dai-heidelberg.de\/en\/#website"},"datePublished":"2005-09-27T13:30:28+00:00","breadcrumb":{"@id":"https:\/\/dai-heidelberg.de\/en\/events\/hat-die-pflanze-eine-seele-4843\/#breadcrumb"},"inLanguage":"en-US","potentialAction":[{"@type":"ReadAction","target":["https:\/\/dai-heidelberg.de\/en\/events\/hat-die-pflanze-eine-seele-4843\/"]}]},{"@type":"BreadcrumbList","@id":"https:\/\/dai-heidelberg.de\/en\/events\/hat-die-pflanze-eine-seele-4843\/#breadcrumb","itemListElement":[{"@type":"ListItem","position":1,"name":"Home","item":"https:\/\/dai-heidelberg.de\/en\/"},{"@type":"ListItem","position":2,"name":"Events","item":"https:\/\/dai-heidelberg.de\/en\/events\/"},{"@type":"ListItem","position":3,"name":"Hat die Pflanze eine Seele?"}]},{"@type":"WebSite","@id":"https:\/\/dai-heidelberg.de\/en\/#website","url":"https:\/\/dai-heidelberg.de\/en\/","name":"DAI English","description":"Deutsch-Amerikanisches Institut. Haus der Kultur.","potentialAction":[{"@type":"SearchAction","target":{"@type":"EntryPoint","urlTemplate":"https:\/\/dai-heidelberg.de\/en\/?s={search_term_string}"},"query-input":{"@type":"PropertyValueSpecification","valueRequired":true,"valueName":"search_term_string"}}],"inLanguage":"en-US"}]}},"_links":{"self":[{"href":"https:\/\/dai-heidelberg.de\/en\/wp-json\/wp\/v2\/dai_event\/4843","targetHints":{"allow":["GET"]}}],"collection":[{"href":"https:\/\/dai-heidelberg.de\/en\/wp-json\/wp\/v2\/dai_event"}],"about":[{"href":"https:\/\/dai-heidelberg.de\/en\/wp-json\/wp\/v2\/types\/dai_event"}],"version-history":[{"count":0,"href":"https:\/\/dai-heidelberg.de\/en\/wp-json\/wp\/v2\/dai_event\/4843\/revisions"}],"wp:attachment":[{"href":"https:\/\/dai-heidelberg.de\/en\/wp-json\/wp\/v2\/media?parent=4843"}],"wp:term":[{"taxonomy":"post_tag","embeddable":true,"href":"https:\/\/dai-heidelberg.de\/en\/wp-json\/wp\/v2\/tags?post=4843"},{"taxonomy":"dai_event_category","embeddable":true,"href":"https:\/\/dai-heidelberg.de\/en\/wp-json\/wp\/v2\/dai_event_category?post=4843"},{"taxonomy":"dai_event_type","embeddable":true,"href":"https:\/\/dai-heidelberg.de\/en\/wp-json\/wp\/v2\/dai_event_type?post=4843"},{"taxonomy":"dai_event_location","embeddable":true,"href":"https:\/\/dai-heidelberg.de\/en\/wp-json\/wp\/v2\/dai_event_location?post=4843"}],"curies":[{"name":"wp","href":"https:\/\/api.w.org\/{rel}","templated":true}]}}

<p>Spätestens seitdem der Fall Terri Schiavo durch die Presse ging, hat die Diskussion um die Würde des Menschen eine interessante Wendung genommen.<br />
Ist es ethisch akzeptabel, einen Unterschied zu machen zwischen wertvollem und wertlosem, höherem und niedrigerem Leben? Die Konsequenz dieser Unterscheidung wäre, dass es wertloses Leben gebe, dessen Vernichtung oder Beeinträchtigung erlaubt sei. Seit der Antike hat die Frage nach der Würde der Kreatur im allgemeinen und der Pflanze im speziellen Philosophen, wie Platon und Kant, immer wieder beschäftigt. Dr. Nicole Karafyllis fügt dieser ethischen Problematik eine weitere, naturwissenschaftliche Komponente hinzu. Sie vergleicht den vegetativen Zustand eines Wachkoma-Patienten mit demjenigen einer Pflanze. </p>
<p>Dr. rer. nat. Karafyllis, geboren 1970, studierte Biologie und Philosophie. Seit 1998 ist sie wissenschaftliche Mitarbeiterin der Johann Wolfgang Goethe-Universität Frankfurt am Main. Ihr Arbeitsschwerpunkte sind unter anderem Ethik der Biotechniken, Umweltethik und -ökonomie sowie Kulturphilosophie, insbesondere der Pflanzen. Sie ist Verfasserin zahlreicher Werke, darunter Nachwachsende Rohstoffe &#8211; Technikbewertung zwischen den Leitbildern Wachstum und Nachhaltigkeit, für das sie den Preis der Franzke´schen Stiftung erhielt.</p>

<p>Spätestens seitdem der Fall Terri Schiavo durch die Presse ging, hat die Diskussion um die Würde des Menschen eine interessante&nbsp;&hellip;</p>

Die Würde des Pflanzlichen in uns - Im Rahmen der dai-Reihe Würde

<!-- This site is optimized with the Yoast SEO plugin v27.4 - https://yoast.com/product/yoast-seo-wordpress/ -->
<title>Hat die Pflanze eine Seele? - Deutsch-Amerikanisches Institut. Haus der Kultur.</title>
<meta name="robots" content="index, follow, max-snippet:-1, max-image-preview:large, max-video-preview:-1" />
<link rel="canonical" href="https://dai-heidelberg.de/en/events/hat-die-pflanze-eine-seele-4843/" />
<meta property="og:locale" content="en_US" />
<meta property="og:type" content="article" />
<meta property="og:title" content="Hat die Pflanze eine Seele? - Deutsch-Amerikanisches Institut. Haus der Kultur." />
<meta property="og:description" content="Spätestens seitdem der Fall Terri Schiavo durch die Presse ging, hat die Diskussion um die Würde des Menschen eine interessante&nbsp;&hellip;" />
<meta property="og:url" content="https://dai-heidelberg.de/en/events/hat-die-pflanze-eine-seele-4843/" />
<meta property="og:site_name" content="DAI English" />
<script type="application/ld+json" class="yoast-schema-graph">{"@context":"https:\/\/schema.org","@graph":[{"@type":"WebPage","@id":"https:\/\/dai-heidelberg.de\/en\/events\/hat-die-pflanze-eine-seele-4843\/","url":"https:\/\/dai-heidelberg.de\/en\/events\/hat-die-pflanze-eine-seele-4843\/","name":"Hat die Pflanze eine Seele? - Deutsch-Amerikanisches Institut. Haus der Kultur.","isPartOf":{"@id":"https:\/\/dai-heidelberg.de\/en\/#website"},"datePublished":"2005-09-27T13:30:28+00:00","breadcrumb":{"@id":"https:\/\/dai-heidelberg.de\/en\/events\/hat-die-pflanze-eine-seele-4843\/#breadcrumb"},"inLanguage":"en-US","potentialAction":[{"@type":"ReadAction","target":["https:\/\/dai-heidelberg.de\/en\/events\/hat-die-pflanze-eine-seele-4843\/"]}]},{"@type":"BreadcrumbList","@id":"https:\/\/dai-heidelberg.de\/en\/events\/hat-die-pflanze-eine-seele-4843\/#breadcrumb","itemListElement":[{"@type":"ListItem","position":1,"name":"Home","item":"https:\/\/dai-heidelberg.de\/en\/"},{"@type":"ListItem","position":2,"name":"Events","item":"https:\/\/dai-heidelberg.de\/en\/events\/"},{"@type":"ListItem","position":3,"name":"Hat die Pflanze eine Seele?"}]},{"@type":"WebSite","@id":"https:\/\/dai-heidelberg.de\/en\/#website","url":"https:\/\/dai-heidelberg.de\/en\/","name":"DAI English","description":"Deutsch-Amerikanisches Institut. Haus der Kultur.","potentialAction":[{"@type":"SearchAction","target":{"@type":"EntryPoint","urlTemplate":"https:\/\/dai-heidelberg.de\/en\/?s={search_term_string}"},"query-input":{"@type":"PropertyValueSpecification","valueRequired":true,"valueName":"search_term_string"}}],"inLanguage":"en-US"}]}</script>
<!-- / Yoast SEO plugin. -->

Spätestens seitdem der Fall Terri Schiavo durch die Presse ging, hat die Diskussion um die Würde des Menschen eine interessante&nbsp;&hellip;
