{"id":4481,"date":"2006-09-07T13:06:13","date_gmt":"2006-09-07T11:06:13","guid":{"rendered":"http:\/\/dai-heidelberg.de\/de\/veranstaltungen\/kids-in-wonderland-5\/"},"modified":"2006-09-07T13:06:13","modified_gmt":"2006-09-07T11:06:13","slug":"kids-in-wonderland-5","status":"publish","type":"dai_event","link":"https:\/\/dai-heidelberg.de\/en\/events\/kids-in-wonderland-5-4481\/","title":{"rendered":"Kids in Wonderland"},"content":{"rendered":"<p>Gudrun Mebs hat viele einpr\u00e4gsame und anr\u00fchrende Kindergestalten geschaffen. Allen voran den frechen und doch liebenswerten kleinen Frieder und seine pfiffige<br \/>\nOma, die immer f\u00fcr ihn da und f\u00fcr jeden Quatsch zu haben ist. Oder die kleine Lisa, das \u00bbSonntagskind\u00ab, das im Heim aufw\u00e4chst und sich nichts sehnlicher w\u00fcnscht, als von Wochenend-Pateneltern von den grauen \u00bbHeimsonntagen<br \/>\n\u00ab erl\u00f6st zu werden. Die Geschichten lassen einen Tr\u00e4nen lachen, k\u00f6nnen aber auch ber\u00fchren und die jungen Leser zum Nachdenken bewegen. Gudrun Mebs erz\u00e4hlt ihre Geschichten mit viel Charme und geht sehr gut auf ihre kleinen Zuh\u00f6rer ein. Sie versteht es, sich in die kindliche Welt hineinzudenken und Moral zu vermitteln, ohne den Zeigefinger zu heben. In den lebhaften Erz\u00e4hlstunden sucht die Autorin das Gespr\u00e4ch mit den Kindern, animiert sie zum Mitmachen und Miterz\u00e4hlen.<br \/>\nGudrun Mebs absolvierte zun\u00e4chst eine Schauspielausbildung.<br \/>\nSeit 1980 schreibt sie f\u00fcr Kinder. F\u00fcr ihre H\u00f6rspiele und Kinderb\u00fccher hat sie mehrfach Auszeichnungen bekommen.<\/p>\n","protected":false},"excerpt":{"rendered":"<p>Gudrun Mebs hat viele einpr\u00e4gsame und anr\u00fchrende Kindergestalten geschaffen. Allen voran den frechen und doch liebenswerten kleinen Frieder und seine&nbsp;&hellip;<\/p>\n","protected":false},"featured_media":0,"template":"","meta":{"footnotes":""},"tags":[],"dai_event_category":[6],"dai_event_type":[],"dai_event_location":[31],"class_list":["post-4481","dai_event","type-dai_event","status-publish","hentry","dai_event_category-cultural-events","dai_event_location-dai-grosser-saal"],"better_featured_image":null,"post-meta-fields":{"dai_event_datetime":["2006-10-14 15:00:00"],"dai_event_artist":["Gudrun Mebs"]},"yoast_head":"<!-- This site is optimized with the Yoast SEO plugin v27.4 - https:\/\/yoast.com\/product\/yoast-seo-wordpress\/ -->\n<title>Kids in Wonderland - Deutsch-Amerikanisches Institut. Haus der Kultur.<\/title>\n<meta name=\"robots\" content=\"index, follow, max-snippet:-1, max-image-preview:large, max-video-preview:-1\" \/>\n<link rel=\"canonical\" href=\"https:\/\/dai-heidelberg.de\/en\/events\/kids-in-wonderland-5-4481\/\" \/>\n<meta property=\"og:locale\" content=\"en_US\" \/>\n<meta property=\"og:type\" content=\"article\" \/>\n<meta property=\"og:title\" content=\"Kids in Wonderland - Deutsch-Amerikanisches Institut. Haus der Kultur.\" \/>\n<meta property=\"og:description\" content=\"Gudrun Mebs hat viele einpr\u00e4gsame und anr\u00fchrende Kindergestalten geschaffen. Allen voran den frechen und doch liebenswerten kleinen Frieder und seine&nbsp;&hellip;\" \/>\n<meta property=\"og:url\" content=\"https:\/\/dai-heidelberg.de\/en\/events\/kids-in-wonderland-5-4481\/\" \/>\n<meta property=\"og:site_name\" content=\"DAI English\" \/>\n<script type=\"application\/ld+json\" class=\"yoast-schema-graph\">{\"@context\":\"https:\\\/\\\/schema.org\",\"@graph\":[{\"@type\":\"WebPage\",\"@id\":\"https:\\\/\\\/dai-heidelberg.de\\\/en\\\/events\\\/kids-in-wonderland-5-4481\\\/\",\"url\":\"https:\\\/\\\/dai-heidelberg.de\\\/en\\\/events\\\/kids-in-wonderland-5-4481\\\/\",\"name\":\"Kids in Wonderland - Deutsch-Amerikanisches Institut. Haus der Kultur.\",\"isPartOf\":{\"@id\":\"https:\\\/\\\/dai-heidelberg.de\\\/en\\\/#website\"},\"datePublished\":\"2006-09-07T11:06:13+00:00\",\"breadcrumb\":{\"@id\":\"https:\\\/\\\/dai-heidelberg.de\\\/en\\\/events\\\/kids-in-wonderland-5-4481\\\/#breadcrumb\"},\"inLanguage\":\"en-US\",\"potentialAction\":[{\"@type\":\"ReadAction\",\"target\":[\"https:\\\/\\\/dai-heidelberg.de\\\/en\\\/events\\\/kids-in-wonderland-5-4481\\\/\"]}]},{\"@type\":\"BreadcrumbList\",\"@id\":\"https:\\\/\\\/dai-heidelberg.de\\\/en\\\/events\\\/kids-in-wonderland-5-4481\\\/#breadcrumb\",\"itemListElement\":[{\"@type\":\"ListItem\",\"position\":1,\"name\":\"Home\",\"item\":\"https:\\\/\\\/dai-heidelberg.de\\\/en\\\/\"},{\"@type\":\"ListItem\",\"position\":2,\"name\":\"Events\",\"item\":\"https:\\\/\\\/dai-heidelberg.de\\\/en\\\/events\\\/\"},{\"@type\":\"ListItem\",\"position\":3,\"name\":\"Kids in Wonderland\"}]},{\"@type\":\"WebSite\",\"@id\":\"https:\\\/\\\/dai-heidelberg.de\\\/en\\\/#website\",\"url\":\"https:\\\/\\\/dai-heidelberg.de\\\/en\\\/\",\"name\":\"DAI English\",\"description\":\"Deutsch-Amerikanisches Institut. Haus der Kultur.\",\"potentialAction\":[{\"@type\":\"SearchAction\",\"target\":{\"@type\":\"EntryPoint\",\"urlTemplate\":\"https:\\\/\\\/dai-heidelberg.de\\\/en\\\/?s={search_term_string}\"},\"query-input\":{\"@type\":\"PropertyValueSpecification\",\"valueRequired\":true,\"valueName\":\"search_term_string\"}}],\"inLanguage\":\"en-US\"}]}<\/script>\n<!-- \/ Yoast SEO plugin. -->","yoast_head_json":{"title":"Kids in Wonderland - Deutsch-Amerikanisches Institut. Haus der Kultur.","robots":{"index":"index","follow":"follow","max-snippet":"max-snippet:-1","max-image-preview":"max-image-preview:large","max-video-preview":"max-video-preview:-1"},"canonical":"https:\/\/dai-heidelberg.de\/en\/events\/kids-in-wonderland-5-4481\/","og_locale":"en_US","og_type":"article","og_title":"Kids in Wonderland - Deutsch-Amerikanisches Institut. Haus der Kultur.","og_description":"Gudrun Mebs hat viele einpr\u00e4gsame und anr\u00fchrende Kindergestalten geschaffen. Allen voran den frechen und doch liebenswerten kleinen Frieder und seine&nbsp;&hellip;","og_url":"https:\/\/dai-heidelberg.de\/en\/events\/kids-in-wonderland-5-4481\/","og_site_name":"DAI English","schema":{"@context":"https:\/\/schema.org","@graph":[{"@type":"WebPage","@id":"https:\/\/dai-heidelberg.de\/en\/events\/kids-in-wonderland-5-4481\/","url":"https:\/\/dai-heidelberg.de\/en\/events\/kids-in-wonderland-5-4481\/","name":"Kids in Wonderland - Deutsch-Amerikanisches Institut. Haus der Kultur.","isPartOf":{"@id":"https:\/\/dai-heidelberg.de\/en\/#website"},"datePublished":"2006-09-07T11:06:13+00:00","breadcrumb":{"@id":"https:\/\/dai-heidelberg.de\/en\/events\/kids-in-wonderland-5-4481\/#breadcrumb"},"inLanguage":"en-US","potentialAction":[{"@type":"ReadAction","target":["https:\/\/dai-heidelberg.de\/en\/events\/kids-in-wonderland-5-4481\/"]}]},{"@type":"BreadcrumbList","@id":"https:\/\/dai-heidelberg.de\/en\/events\/kids-in-wonderland-5-4481\/#breadcrumb","itemListElement":[{"@type":"ListItem","position":1,"name":"Home","item":"https:\/\/dai-heidelberg.de\/en\/"},{"@type":"ListItem","position":2,"name":"Events","item":"https:\/\/dai-heidelberg.de\/en\/events\/"},{"@type":"ListItem","position":3,"name":"Kids in Wonderland"}]},{"@type":"WebSite","@id":"https:\/\/dai-heidelberg.de\/en\/#website","url":"https:\/\/dai-heidelberg.de\/en\/","name":"DAI English","description":"Deutsch-Amerikanisches Institut. Haus der Kultur.","potentialAction":[{"@type":"SearchAction","target":{"@type":"EntryPoint","urlTemplate":"https:\/\/dai-heidelberg.de\/en\/?s={search_term_string}"},"query-input":{"@type":"PropertyValueSpecification","valueRequired":true,"valueName":"search_term_string"}}],"inLanguage":"en-US"}]}},"_links":{"self":[{"href":"https:\/\/dai-heidelberg.de\/en\/wp-json\/wp\/v2\/dai_event\/4481","targetHints":{"allow":["GET"]}}],"collection":[{"href":"https:\/\/dai-heidelberg.de\/en\/wp-json\/wp\/v2\/dai_event"}],"about":[{"href":"https:\/\/dai-heidelberg.de\/en\/wp-json\/wp\/v2\/types\/dai_event"}],"version-history":[{"count":0,"href":"https:\/\/dai-heidelberg.de\/en\/wp-json\/wp\/v2\/dai_event\/4481\/revisions"}],"wp:attachment":[{"href":"https:\/\/dai-heidelberg.de\/en\/wp-json\/wp\/v2\/media?parent=4481"}],"wp:term":[{"taxonomy":"post_tag","embeddable":true,"href":"https:\/\/dai-heidelberg.de\/en\/wp-json\/wp\/v2\/tags?post=4481"},{"taxonomy":"dai_event_category","embeddable":true,"href":"https:\/\/dai-heidelberg.de\/en\/wp-json\/wp\/v2\/dai_event_category?post=4481"},{"taxonomy":"dai_event_type","embeddable":true,"href":"https:\/\/dai-heidelberg.de\/en\/wp-json\/wp\/v2\/dai_event_type?post=4481"},{"taxonomy":"dai_event_location","embeddable":true,"href":"https:\/\/dai-heidelberg.de\/en\/wp-json\/wp\/v2\/dai_event_location?post=4481"}],"curies":[{"name":"wp","href":"https:\/\/api.w.org\/{rel}","templated":true}]}}

<p>Gudrun Mebs hat viele einprägsame und anrührende Kindergestalten geschaffen. Allen voran den frechen und doch liebenswerten kleinen Frieder und seine pfiffige<br />
Oma, die immer für ihn da und für jeden Quatsch zu haben ist. Oder die kleine Lisa, das »Sonntagskind«, das im Heim aufwächst und sich nichts sehnlicher wünscht, als von Wochenend-Pateneltern von den grauen »Heimsonntagen<br />
« erlöst zu werden. Die Geschichten lassen einen Tränen lachen, können aber auch berühren und die jungen Leser zum Nachdenken bewegen. Gudrun Mebs erzählt ihre Geschichten mit viel Charme und geht sehr gut auf ihre kleinen Zuhörer ein. Sie versteht es, sich in die kindliche Welt hineinzudenken und Moral zu vermitteln, ohne den Zeigefinger zu heben. In den lebhaften Erzählstunden sucht die Autorin das Gespräch mit den Kindern, animiert sie zum Mitmachen und Miterzählen.<br />
Gudrun Mebs absolvierte zunächst eine Schauspielausbildung.<br />
Seit 1980 schreibt sie für Kinder. Für ihre Hörspiele und Kinderbücher hat sie mehrfach Auszeichnungen bekommen.</p>

<p>Gudrun Mebs hat viele einprägsame und anrührende Kindergestalten geschaffen. Allen voran den frechen und doch liebenswerten kleinen Frieder und seine&nbsp;&hellip;</p>

<!-- This site is optimized with the Yoast SEO plugin v27.4 - https://yoast.com/product/yoast-seo-wordpress/ -->
<title>Kids in Wonderland - Deutsch-Amerikanisches Institut. Haus der Kultur.</title>
<meta name="robots" content="index, follow, max-snippet:-1, max-image-preview:large, max-video-preview:-1" />
<link rel="canonical" href="https://dai-heidelberg.de/en/events/kids-in-wonderland-5-4481/" />
<meta property="og:locale" content="en_US" />
<meta property="og:type" content="article" />
<meta property="og:title" content="Kids in Wonderland - Deutsch-Amerikanisches Institut. Haus der Kultur." />
<meta property="og:description" content="Gudrun Mebs hat viele einprägsame und anrührende Kindergestalten geschaffen. Allen voran den frechen und doch liebenswerten kleinen Frieder und seine&nbsp;&hellip;" />
<meta property="og:url" content="https://dai-heidelberg.de/en/events/kids-in-wonderland-5-4481/" />
<meta property="og:site_name" content="DAI English" />
<script type="application/ld+json" class="yoast-schema-graph">{"@context":"https:\/\/schema.org","@graph":[{"@type":"WebPage","@id":"https:\/\/dai-heidelberg.de\/en\/events\/kids-in-wonderland-5-4481\/","url":"https:\/\/dai-heidelberg.de\/en\/events\/kids-in-wonderland-5-4481\/","name":"Kids in Wonderland - Deutsch-Amerikanisches Institut. Haus der Kultur.","isPartOf":{"@id":"https:\/\/dai-heidelberg.de\/en\/#website"},"datePublished":"2006-09-07T11:06:13+00:00","breadcrumb":{"@id":"https:\/\/dai-heidelberg.de\/en\/events\/kids-in-wonderland-5-4481\/#breadcrumb"},"inLanguage":"en-US","potentialAction":[{"@type":"ReadAction","target":["https:\/\/dai-heidelberg.de\/en\/events\/kids-in-wonderland-5-4481\/"]}]},{"@type":"BreadcrumbList","@id":"https:\/\/dai-heidelberg.de\/en\/events\/kids-in-wonderland-5-4481\/#breadcrumb","itemListElement":[{"@type":"ListItem","position":1,"name":"Home","item":"https:\/\/dai-heidelberg.de\/en\/"},{"@type":"ListItem","position":2,"name":"Events","item":"https:\/\/dai-heidelberg.de\/en\/events\/"},{"@type":"ListItem","position":3,"name":"Kids in Wonderland"}]},{"@type":"WebSite","@id":"https:\/\/dai-heidelberg.de\/en\/#website","url":"https:\/\/dai-heidelberg.de\/en\/","name":"DAI English","description":"Deutsch-Amerikanisches Institut. Haus der Kultur.","potentialAction":[{"@type":"SearchAction","target":{"@type":"EntryPoint","urlTemplate":"https:\/\/dai-heidelberg.de\/en\/?s={search_term_string}"},"query-input":{"@type":"PropertyValueSpecification","valueRequired":true,"valueName":"search_term_string"}}],"inLanguage":"en-US"}]}</script>
<!-- / Yoast SEO plugin. -->

Gudrun Mebs hat viele einprägsame und anrührende Kindergestalten geschaffen. Allen voran den frechen und doch liebenswerten kleinen Frieder und seine&nbsp;&hellip;
