{"id":3062,"date":"2008-12-15T15:36:39","date_gmt":"2008-12-15T14:36:39","guid":{"rendered":"http:\/\/dai-heidelberg.de\/de\/veranstaltungen\/auge-und-wort\/"},"modified":"2008-12-15T15:36:39","modified_gmt":"2008-12-15T14:36:39","slug":"auge-und-wort","status":"publish","type":"dai_event","link":"https:\/\/dai-heidelberg.de\/en\/events\/auge-und-wort-3062\/","title":{"rendered":"Auge und Wort"},"content":{"rendered":"<p>Pablo Picasso und Max Ernst z\u00e4hlten zu seinen Gespr\u00e4chspartnern, als Lektor lernte er Samuel Beckett und Marguerite Duras kennen. Nachzulesen in der neuen zehnb\u00e4ndigen Ausgabe der Werke von Werner Spies, die just im Berlin Verlag erschien.<\/p>\n<p>Kaum ein zweiter d\u00fcrfte den deutschen Kunstbetrieb in den letzten 40 Jahren so gepr\u00e4gt haben wie Werner Spies: mit seinen Ausstellungen, die weltweit Aufsehen erregten, mit seinen Artikeln, die er als Kulturkorrespondent von Paris aus in der FAZ erscheinen lie?. Seine Ernennung &#8211; als erster Deutscher &#8211; zum Direktor des Centre Georges Pompidou wurde in den franz\u00f6sischen Medien so hei? diskutiert wie seine Ausstellungen \u00fcber den Bildhauer Picasso und den Surrealismus.<\/p>\n<p>\u00bbEr erm\u00f6glicht dem Schauenden einen neuen Blick, so dass er sehen lernt &#8211; und schlie?lich versteht\u00ab, hat Ulrich Wickert einmal \u00fcber ihn gesagt.<\/p>\n<p>Jetzt, anl\u00e4sslich der Ver\u00f6ffentlichung seiner Gesammelten Werke, spricht Werner Spies mit Felicitas von Lovenberg \u00fcber ein Leben, in dem sich die Kunst des 20. Jahrhunderts spiegelt.<\/p>\n","protected":false},"excerpt":{"rendered":"<p>Pablo Picasso und Max Ernst z\u00e4hlten zu seinen Gespr\u00e4chspartnern, als Lektor lernte er Samuel Beckett und Marguerite Duras kennen. Nachzulesen&nbsp;&hellip;<\/p>\n","protected":false},"featured_media":0,"template":"","meta":{"footnotes":""},"tags":[],"dai_event_category":[6],"dai_event_type":[12],"dai_event_location":[31],"class_list":["post-3062","dai_event","type-dai_event","status-publish","hentry","dai_event_category-cultural-events","dai_event_type-in-dialogue","dai_event_location-dai-grosser-saal"],"better_featured_image":null,"post-meta-fields":{"dai_event_datetime":["2009-01-25 17:00:00"],"dai_event_featured":["1"],"dai_event_subtext":["In der Reihe KULTUR IN VERANTWORTUNG"],"dai_event_artist":["Prof. Werner Spies, Felicitas von Lovenberg"],"dai_event_ticket_price_boxoffice_standard":["10.00"],"dai_event_ticket_price_boxoffice_reduced":["5.00"],"dai_event_ticket_price_boxoffice_member":["5.00"]},"yoast_head":"<!-- This site is optimized with the Yoast SEO plugin v27.4 - https:\/\/yoast.com\/product\/yoast-seo-wordpress\/ -->\n<title>Auge und Wort - Deutsch-Amerikanisches Institut. Haus der Kultur.<\/title>\n<meta name=\"robots\" content=\"index, follow, max-snippet:-1, max-image-preview:large, max-video-preview:-1\" \/>\n<link rel=\"canonical\" href=\"https:\/\/dai-heidelberg.de\/en\/events\/auge-und-wort-3062\/\" \/>\n<meta property=\"og:locale\" content=\"en_US\" \/>\n<meta property=\"og:type\" content=\"article\" \/>\n<meta property=\"og:title\" content=\"Auge und Wort - Deutsch-Amerikanisches Institut. Haus der Kultur.\" \/>\n<meta property=\"og:description\" content=\"Pablo Picasso und Max Ernst z\u00e4hlten zu seinen Gespr\u00e4chspartnern, als Lektor lernte er Samuel Beckett und Marguerite Duras kennen. Nachzulesen&nbsp;&hellip;\" \/>\n<meta property=\"og:url\" content=\"https:\/\/dai-heidelberg.de\/en\/events\/auge-und-wort-3062\/\" \/>\n<meta property=\"og:site_name\" content=\"DAI English\" \/>\n<script type=\"application\/ld+json\" class=\"yoast-schema-graph\">{\"@context\":\"https:\\\/\\\/schema.org\",\"@graph\":[{\"@type\":\"WebPage\",\"@id\":\"https:\\\/\\\/dai-heidelberg.de\\\/en\\\/events\\\/auge-und-wort-3062\\\/\",\"url\":\"https:\\\/\\\/dai-heidelberg.de\\\/en\\\/events\\\/auge-und-wort-3062\\\/\",\"name\":\"Auge und Wort - Deutsch-Amerikanisches Institut. Haus der Kultur.\",\"isPartOf\":{\"@id\":\"https:\\\/\\\/dai-heidelberg.de\\\/en\\\/#website\"},\"datePublished\":\"2008-12-15T14:36:39+00:00\",\"breadcrumb\":{\"@id\":\"https:\\\/\\\/dai-heidelberg.de\\\/en\\\/events\\\/auge-und-wort-3062\\\/#breadcrumb\"},\"inLanguage\":\"en-US\",\"potentialAction\":[{\"@type\":\"ReadAction\",\"target\":[\"https:\\\/\\\/dai-heidelberg.de\\\/en\\\/events\\\/auge-und-wort-3062\\\/\"]}]},{\"@type\":\"BreadcrumbList\",\"@id\":\"https:\\\/\\\/dai-heidelberg.de\\\/en\\\/events\\\/auge-und-wort-3062\\\/#breadcrumb\",\"itemListElement\":[{\"@type\":\"ListItem\",\"position\":1,\"name\":\"Home\",\"item\":\"https:\\\/\\\/dai-heidelberg.de\\\/en\\\/\"},{\"@type\":\"ListItem\",\"position\":2,\"name\":\"Events\",\"item\":\"https:\\\/\\\/dai-heidelberg.de\\\/en\\\/events\\\/\"},{\"@type\":\"ListItem\",\"position\":3,\"name\":\"Auge und Wort\"}]},{\"@type\":\"WebSite\",\"@id\":\"https:\\\/\\\/dai-heidelberg.de\\\/en\\\/#website\",\"url\":\"https:\\\/\\\/dai-heidelberg.de\\\/en\\\/\",\"name\":\"DAI English\",\"description\":\"Deutsch-Amerikanisches Institut. Haus der Kultur.\",\"potentialAction\":[{\"@type\":\"SearchAction\",\"target\":{\"@type\":\"EntryPoint\",\"urlTemplate\":\"https:\\\/\\\/dai-heidelberg.de\\\/en\\\/?s={search_term_string}\"},\"query-input\":{\"@type\":\"PropertyValueSpecification\",\"valueRequired\":true,\"valueName\":\"search_term_string\"}}],\"inLanguage\":\"en-US\"}]}<\/script>\n<!-- \/ Yoast SEO plugin. -->","yoast_head_json":{"title":"Auge und Wort - Deutsch-Amerikanisches Institut. Haus der Kultur.","robots":{"index":"index","follow":"follow","max-snippet":"max-snippet:-1","max-image-preview":"max-image-preview:large","max-video-preview":"max-video-preview:-1"},"canonical":"https:\/\/dai-heidelberg.de\/en\/events\/auge-und-wort-3062\/","og_locale":"en_US","og_type":"article","og_title":"Auge und Wort - Deutsch-Amerikanisches Institut. Haus der Kultur.","og_description":"Pablo Picasso und Max Ernst z\u00e4hlten zu seinen Gespr\u00e4chspartnern, als Lektor lernte er Samuel Beckett und Marguerite Duras kennen. Nachzulesen&nbsp;&hellip;","og_url":"https:\/\/dai-heidelberg.de\/en\/events\/auge-und-wort-3062\/","og_site_name":"DAI English","schema":{"@context":"https:\/\/schema.org","@graph":[{"@type":"WebPage","@id":"https:\/\/dai-heidelberg.de\/en\/events\/auge-und-wort-3062\/","url":"https:\/\/dai-heidelberg.de\/en\/events\/auge-und-wort-3062\/","name":"Auge und Wort - Deutsch-Amerikanisches Institut. Haus der Kultur.","isPartOf":{"@id":"https:\/\/dai-heidelberg.de\/en\/#website"},"datePublished":"2008-12-15T14:36:39+00:00","breadcrumb":{"@id":"https:\/\/dai-heidelberg.de\/en\/events\/auge-und-wort-3062\/#breadcrumb"},"inLanguage":"en-US","potentialAction":[{"@type":"ReadAction","target":["https:\/\/dai-heidelberg.de\/en\/events\/auge-und-wort-3062\/"]}]},{"@type":"BreadcrumbList","@id":"https:\/\/dai-heidelberg.de\/en\/events\/auge-und-wort-3062\/#breadcrumb","itemListElement":[{"@type":"ListItem","position":1,"name":"Home","item":"https:\/\/dai-heidelberg.de\/en\/"},{"@type":"ListItem","position":2,"name":"Events","item":"https:\/\/dai-heidelberg.de\/en\/events\/"},{"@type":"ListItem","position":3,"name":"Auge und Wort"}]},{"@type":"WebSite","@id":"https:\/\/dai-heidelberg.de\/en\/#website","url":"https:\/\/dai-heidelberg.de\/en\/","name":"DAI English","description":"Deutsch-Amerikanisches Institut. Haus der Kultur.","potentialAction":[{"@type":"SearchAction","target":{"@type":"EntryPoint","urlTemplate":"https:\/\/dai-heidelberg.de\/en\/?s={search_term_string}"},"query-input":{"@type":"PropertyValueSpecification","valueRequired":true,"valueName":"search_term_string"}}],"inLanguage":"en-US"}]}},"_links":{"self":[{"href":"https:\/\/dai-heidelberg.de\/en\/wp-json\/wp\/v2\/dai_event\/3062","targetHints":{"allow":["GET"]}}],"collection":[{"href":"https:\/\/dai-heidelberg.de\/en\/wp-json\/wp\/v2\/dai_event"}],"about":[{"href":"https:\/\/dai-heidelberg.de\/en\/wp-json\/wp\/v2\/types\/dai_event"}],"version-history":[{"count":0,"href":"https:\/\/dai-heidelberg.de\/en\/wp-json\/wp\/v2\/dai_event\/3062\/revisions"}],"wp:attachment":[{"href":"https:\/\/dai-heidelberg.de\/en\/wp-json\/wp\/v2\/media?parent=3062"}],"wp:term":[{"taxonomy":"post_tag","embeddable":true,"href":"https:\/\/dai-heidelberg.de\/en\/wp-json\/wp\/v2\/tags?post=3062"},{"taxonomy":"dai_event_category","embeddable":true,"href":"https:\/\/dai-heidelberg.de\/en\/wp-json\/wp\/v2\/dai_event_category?post=3062"},{"taxonomy":"dai_event_type","embeddable":true,"href":"https:\/\/dai-heidelberg.de\/en\/wp-json\/wp\/v2\/dai_event_type?post=3062"},{"taxonomy":"dai_event_location","embeddable":true,"href":"https:\/\/dai-heidelberg.de\/en\/wp-json\/wp\/v2\/dai_event_location?post=3062"}],"curies":[{"name":"wp","href":"https:\/\/api.w.org\/{rel}","templated":true}]}}

<p>Pablo Picasso und Max Ernst zählten zu seinen Gesprächspartnern, als Lektor lernte er Samuel Beckett und Marguerite Duras kennen. Nachzulesen in der neuen zehnbändigen Ausgabe der Werke von Werner Spies, die just im Berlin Verlag erschien.</p>
<p>Kaum ein zweiter dürfte den deutschen Kunstbetrieb in den letzten 40 Jahren so geprägt haben wie Werner Spies: mit seinen Ausstellungen, die weltweit Aufsehen erregten, mit seinen Artikeln, die er als Kulturkorrespondent von Paris aus in der FAZ erscheinen lie?. Seine Ernennung &#8211; als erster Deutscher &#8211; zum Direktor des Centre Georges Pompidou wurde in den französischen Medien so hei? diskutiert wie seine Ausstellungen über den Bildhauer Picasso und den Surrealismus.</p>
<p>»Er ermöglicht dem Schauenden einen neuen Blick, so dass er sehen lernt &#8211; und schlie?lich versteht«, hat Ulrich Wickert einmal über ihn gesagt.</p>
<p>Jetzt, anlässlich der Veröffentlichung seiner Gesammelten Werke, spricht Werner Spies mit Felicitas von Lovenberg über ein Leben, in dem sich die Kunst des 20. Jahrhunderts spiegelt.</p>

<p>Pablo Picasso und Max Ernst zählten zu seinen Gesprächspartnern, als Lektor lernte er Samuel Beckett und Marguerite Duras kennen. Nachzulesen&nbsp;&hellip;</p>

<!-- This site is optimized with the Yoast SEO plugin v27.4 - https://yoast.com/product/yoast-seo-wordpress/ -->
<title>Auge und Wort - Deutsch-Amerikanisches Institut. Haus der Kultur.</title>
<meta name="robots" content="index, follow, max-snippet:-1, max-image-preview:large, max-video-preview:-1" />
<link rel="canonical" href="https://dai-heidelberg.de/en/events/auge-und-wort-3062/" />
<meta property="og:locale" content="en_US" />
<meta property="og:type" content="article" />
<meta property="og:title" content="Auge und Wort - Deutsch-Amerikanisches Institut. Haus der Kultur." />
<meta property="og:description" content="Pablo Picasso und Max Ernst zählten zu seinen Gesprächspartnern, als Lektor lernte er Samuel Beckett und Marguerite Duras kennen. Nachzulesen&nbsp;&hellip;" />
<meta property="og:url" content="https://dai-heidelberg.de/en/events/auge-und-wort-3062/" />
<meta property="og:site_name" content="DAI English" />
<script type="application/ld+json" class="yoast-schema-graph">{"@context":"https:\/\/schema.org","@graph":[{"@type":"WebPage","@id":"https:\/\/dai-heidelberg.de\/en\/events\/auge-und-wort-3062\/","url":"https:\/\/dai-heidelberg.de\/en\/events\/auge-und-wort-3062\/","name":"Auge und Wort - Deutsch-Amerikanisches Institut. Haus der Kultur.","isPartOf":{"@id":"https:\/\/dai-heidelberg.de\/en\/#website"},"datePublished":"2008-12-15T14:36:39+00:00","breadcrumb":{"@id":"https:\/\/dai-heidelberg.de\/en\/events\/auge-und-wort-3062\/#breadcrumb"},"inLanguage":"en-US","potentialAction":[{"@type":"ReadAction","target":["https:\/\/dai-heidelberg.de\/en\/events\/auge-und-wort-3062\/"]}]},{"@type":"BreadcrumbList","@id":"https:\/\/dai-heidelberg.de\/en\/events\/auge-und-wort-3062\/#breadcrumb","itemListElement":[{"@type":"ListItem","position":1,"name":"Home","item":"https:\/\/dai-heidelberg.de\/en\/"},{"@type":"ListItem","position":2,"name":"Events","item":"https:\/\/dai-heidelberg.de\/en\/events\/"},{"@type":"ListItem","position":3,"name":"Auge und Wort"}]},{"@type":"WebSite","@id":"https:\/\/dai-heidelberg.de\/en\/#website","url":"https:\/\/dai-heidelberg.de\/en\/","name":"DAI English","description":"Deutsch-Amerikanisches Institut. Haus der Kultur.","potentialAction":[{"@type":"SearchAction","target":{"@type":"EntryPoint","urlTemplate":"https:\/\/dai-heidelberg.de\/en\/?s={search_term_string}"},"query-input":{"@type":"PropertyValueSpecification","valueRequired":true,"valueName":"search_term_string"}}],"inLanguage":"en-US"}]}</script>
<!-- / Yoast SEO plugin. -->

Pablo Picasso und Max Ernst zählten zu seinen Gesprächspartnern, als Lektor lernte er Samuel Beckett und Marguerite Duras kennen. Nachzulesen&nbsp;&hellip;
