{"id":2398,"date":"2010-03-26T11:57:50","date_gmt":"2010-03-26T10:57:50","guid":{"rendered":"http:\/\/dai-heidelberg.de\/de\/veranstaltungen\/galapagos-big-band-featuring-dave-liebman\/"},"modified":"2010-03-26T11:57:50","modified_gmt":"2010-03-26T10:57:50","slug":"galapagos-big-band-featuring-dave-liebman","status":"publish","type":"dai_event","link":"https:\/\/dai-heidelberg.de\/en\/events\/galapagos-big-band-featuring-dave-liebman-2398\/","title":{"rendered":"Galapagos Big Band Featuring Dave Liebman"},"content":{"rendered":"<p>Die Galapagos Big Band feiert 2010 ein Jubil\u00e4um. Vor 35<br \/>\nJahren von Rainer Maertens gegr\u00fcndet, pr\u00e4sentiert sich die<br \/>\nBand seit dieser Zeit mit ihrem gro?orchestralen Jazz im<br \/>\nIn- und Ausland. Bei vielen Konzerten der Band spielten die<br \/>\nunterschiedlichsten Gast-Solisten eine gro?e Rolle: Ack van<br \/>\nRooyen, Nils Landgren, Benny Golson, Tony Lakatos u.v.a.<\/p>\n<p>In diesem Jubil\u00e4umsjahr pr\u00e4sentiert sich nun Galapagos<br \/>\nzusammen mit dem weltber\u00fchmten Jazzsaxofonisten Dave<br \/>\nLiebman. Ein grandioses Ereignis, nicht nur f\u00fcr die Band,<br \/>\nsondern sicher auch f\u00fcr viele interessierte Musikliebhaber.<\/p>\n<p>Dave Liebman, dem man nachsagt, das musikalische Erbe<br \/>\nvon John Coltrane weiterzuf\u00fchren, ist mittlerweile seit \u00fcber<br \/>\n40 Jahren in Sachen Jazz unterwegs. Er spielte mit vielen<br \/>\nGr\u00f6?en der Jazzszene wie Miles Davis, Chick Corea oder<br \/>\nElvin Jones.<\/p>\n<p>Heute pr\u00e4sentiert die Band interessante neue Arrangements<br \/>\nsowie St\u00fccke der Dave Liebman Big Band.<\/p>\n","protected":false},"excerpt":{"rendered":"<p>Die Galapagos Big Band feiert 2010 ein Jubil\u00e4um. Vor 35 Jahren von Rainer Maertens gegr\u00fcndet, pr\u00e4sentiert sich die Band seit&nbsp;&hellip;<\/p>\n","protected":false},"featured_media":0,"template":"","meta":{"footnotes":""},"tags":[],"dai_event_category":[6],"dai_event_type":[16],"dai_event_location":[31],"class_list":["post-2398","dai_event","type-dai_event","status-publish","hentry","dai_event_category-cultural-events","dai_event_type-concert","dai_event_location-dai-grosser-saal"],"better_featured_image":null,"post-meta-fields":{"dai_event_datetime":["2010-05-03 20:00:00"],"dai_event_featured":["1"],"dai_event_subtext":["zum 35. Jubil\u00e4um"],"dai_event_ticket_price_boxoffice_standard":["15.00"],"dai_event_ticket_price_boxoffice_reduced":["12.00"],"dai_event_ticket_price_boxoffice_member":["10.00"]},"yoast_head":"<!-- This site is optimized with the Yoast SEO plugin v27.4 - https:\/\/yoast.com\/product\/yoast-seo-wordpress\/ -->\n<title>Galapagos Big Band Featuring Dave Liebman - Deutsch-Amerikanisches Institut. Haus der Kultur.<\/title>\n<meta name=\"robots\" content=\"index, follow, max-snippet:-1, max-image-preview:large, max-video-preview:-1\" \/>\n<link rel=\"canonical\" href=\"https:\/\/dai-heidelberg.de\/en\/events\/galapagos-big-band-featuring-dave-liebman-2398\/\" \/>\n<meta property=\"og:locale\" content=\"en_US\" \/>\n<meta property=\"og:type\" content=\"article\" \/>\n<meta property=\"og:title\" content=\"Galapagos Big Band Featuring Dave Liebman - Deutsch-Amerikanisches Institut. Haus der Kultur.\" \/>\n<meta property=\"og:description\" content=\"Die Galapagos Big Band feiert 2010 ein Jubil\u00e4um. Vor 35 Jahren von Rainer Maertens gegr\u00fcndet, pr\u00e4sentiert sich die Band seit&nbsp;&hellip;\" \/>\n<meta property=\"og:url\" content=\"https:\/\/dai-heidelberg.de\/en\/events\/galapagos-big-band-featuring-dave-liebman-2398\/\" \/>\n<meta property=\"og:site_name\" content=\"DAI English\" \/>\n<script type=\"application\/ld+json\" class=\"yoast-schema-graph\">{\"@context\":\"https:\\\/\\\/schema.org\",\"@graph\":[{\"@type\":\"WebPage\",\"@id\":\"https:\\\/\\\/dai-heidelberg.de\\\/en\\\/events\\\/galapagos-big-band-featuring-dave-liebman-2398\\\/\",\"url\":\"https:\\\/\\\/dai-heidelberg.de\\\/en\\\/events\\\/galapagos-big-band-featuring-dave-liebman-2398\\\/\",\"name\":\"Galapagos Big Band Featuring Dave Liebman - Deutsch-Amerikanisches Institut. Haus der Kultur.\",\"isPartOf\":{\"@id\":\"https:\\\/\\\/dai-heidelberg.de\\\/en\\\/#website\"},\"datePublished\":\"2010-03-26T10:57:50+00:00\",\"breadcrumb\":{\"@id\":\"https:\\\/\\\/dai-heidelberg.de\\\/en\\\/events\\\/galapagos-big-band-featuring-dave-liebman-2398\\\/#breadcrumb\"},\"inLanguage\":\"en-US\",\"potentialAction\":[{\"@type\":\"ReadAction\",\"target\":[\"https:\\\/\\\/dai-heidelberg.de\\\/en\\\/events\\\/galapagos-big-band-featuring-dave-liebman-2398\\\/\"]}]},{\"@type\":\"BreadcrumbList\",\"@id\":\"https:\\\/\\\/dai-heidelberg.de\\\/en\\\/events\\\/galapagos-big-band-featuring-dave-liebman-2398\\\/#breadcrumb\",\"itemListElement\":[{\"@type\":\"ListItem\",\"position\":1,\"name\":\"Home\",\"item\":\"https:\\\/\\\/dai-heidelberg.de\\\/en\\\/\"},{\"@type\":\"ListItem\",\"position\":2,\"name\":\"Events\",\"item\":\"https:\\\/\\\/dai-heidelberg.de\\\/en\\\/events\\\/\"},{\"@type\":\"ListItem\",\"position\":3,\"name\":\"Galapagos Big Band Featuring Dave Liebman\"}]},{\"@type\":\"WebSite\",\"@id\":\"https:\\\/\\\/dai-heidelberg.de\\\/en\\\/#website\",\"url\":\"https:\\\/\\\/dai-heidelberg.de\\\/en\\\/\",\"name\":\"DAI English\",\"description\":\"Deutsch-Amerikanisches Institut. Haus der Kultur.\",\"potentialAction\":[{\"@type\":\"SearchAction\",\"target\":{\"@type\":\"EntryPoint\",\"urlTemplate\":\"https:\\\/\\\/dai-heidelberg.de\\\/en\\\/?s={search_term_string}\"},\"query-input\":{\"@type\":\"PropertyValueSpecification\",\"valueRequired\":true,\"valueName\":\"search_term_string\"}}],\"inLanguage\":\"en-US\"}]}<\/script>\n<!-- \/ Yoast SEO plugin. -->","yoast_head_json":{"title":"Galapagos Big Band Featuring Dave Liebman - Deutsch-Amerikanisches Institut. Haus der Kultur.","robots":{"index":"index","follow":"follow","max-snippet":"max-snippet:-1","max-image-preview":"max-image-preview:large","max-video-preview":"max-video-preview:-1"},"canonical":"https:\/\/dai-heidelberg.de\/en\/events\/galapagos-big-band-featuring-dave-liebman-2398\/","og_locale":"en_US","og_type":"article","og_title":"Galapagos Big Band Featuring Dave Liebman - Deutsch-Amerikanisches Institut. Haus der Kultur.","og_description":"Die Galapagos Big Band feiert 2010 ein Jubil\u00e4um. Vor 35 Jahren von Rainer Maertens gegr\u00fcndet, pr\u00e4sentiert sich die Band seit&nbsp;&hellip;","og_url":"https:\/\/dai-heidelberg.de\/en\/events\/galapagos-big-band-featuring-dave-liebman-2398\/","og_site_name":"DAI English","schema":{"@context":"https:\/\/schema.org","@graph":[{"@type":"WebPage","@id":"https:\/\/dai-heidelberg.de\/en\/events\/galapagos-big-band-featuring-dave-liebman-2398\/","url":"https:\/\/dai-heidelberg.de\/en\/events\/galapagos-big-band-featuring-dave-liebman-2398\/","name":"Galapagos Big Band Featuring Dave Liebman - Deutsch-Amerikanisches Institut. Haus der Kultur.","isPartOf":{"@id":"https:\/\/dai-heidelberg.de\/en\/#website"},"datePublished":"2010-03-26T10:57:50+00:00","breadcrumb":{"@id":"https:\/\/dai-heidelberg.de\/en\/events\/galapagos-big-band-featuring-dave-liebman-2398\/#breadcrumb"},"inLanguage":"en-US","potentialAction":[{"@type":"ReadAction","target":["https:\/\/dai-heidelberg.de\/en\/events\/galapagos-big-band-featuring-dave-liebman-2398\/"]}]},{"@type":"BreadcrumbList","@id":"https:\/\/dai-heidelberg.de\/en\/events\/galapagos-big-band-featuring-dave-liebman-2398\/#breadcrumb","itemListElement":[{"@type":"ListItem","position":1,"name":"Home","item":"https:\/\/dai-heidelberg.de\/en\/"},{"@type":"ListItem","position":2,"name":"Events","item":"https:\/\/dai-heidelberg.de\/en\/events\/"},{"@type":"ListItem","position":3,"name":"Galapagos Big Band Featuring Dave Liebman"}]},{"@type":"WebSite","@id":"https:\/\/dai-heidelberg.de\/en\/#website","url":"https:\/\/dai-heidelberg.de\/en\/","name":"DAI English","description":"Deutsch-Amerikanisches Institut. Haus der Kultur.","potentialAction":[{"@type":"SearchAction","target":{"@type":"EntryPoint","urlTemplate":"https:\/\/dai-heidelberg.de\/en\/?s={search_term_string}"},"query-input":{"@type":"PropertyValueSpecification","valueRequired":true,"valueName":"search_term_string"}}],"inLanguage":"en-US"}]}},"_links":{"self":[{"href":"https:\/\/dai-heidelberg.de\/en\/wp-json\/wp\/v2\/dai_event\/2398","targetHints":{"allow":["GET"]}}],"collection":[{"href":"https:\/\/dai-heidelberg.de\/en\/wp-json\/wp\/v2\/dai_event"}],"about":[{"href":"https:\/\/dai-heidelberg.de\/en\/wp-json\/wp\/v2\/types\/dai_event"}],"version-history":[{"count":0,"href":"https:\/\/dai-heidelberg.de\/en\/wp-json\/wp\/v2\/dai_event\/2398\/revisions"}],"wp:attachment":[{"href":"https:\/\/dai-heidelberg.de\/en\/wp-json\/wp\/v2\/media?parent=2398"}],"wp:term":[{"taxonomy":"post_tag","embeddable":true,"href":"https:\/\/dai-heidelberg.de\/en\/wp-json\/wp\/v2\/tags?post=2398"},{"taxonomy":"dai_event_category","embeddable":true,"href":"https:\/\/dai-heidelberg.de\/en\/wp-json\/wp\/v2\/dai_event_category?post=2398"},{"taxonomy":"dai_event_type","embeddable":true,"href":"https:\/\/dai-heidelberg.de\/en\/wp-json\/wp\/v2\/dai_event_type?post=2398"},{"taxonomy":"dai_event_location","embeddable":true,"href":"https:\/\/dai-heidelberg.de\/en\/wp-json\/wp\/v2\/dai_event_location?post=2398"}],"curies":[{"name":"wp","href":"https:\/\/api.w.org\/{rel}","templated":true}]}}

<p>Die Galapagos Big Band feiert 2010 ein Jubiläum. Vor 35<br />
Jahren von Rainer Maertens gegründet, präsentiert sich die<br />
Band seit dieser Zeit mit ihrem gro?orchestralen Jazz im<br />
In- und Ausland. Bei vielen Konzerten der Band spielten die<br />
unterschiedlichsten Gast-Solisten eine gro?e Rolle: Ack van<br />
Rooyen, Nils Landgren, Benny Golson, Tony Lakatos u.v.a.</p>
<p>In diesem Jubiläumsjahr präsentiert sich nun Galapagos<br />
zusammen mit dem weltberühmten Jazzsaxofonisten Dave<br />
Liebman. Ein grandioses Ereignis, nicht nur für die Band,<br />
sondern sicher auch für viele interessierte Musikliebhaber.</p>
<p>Dave Liebman, dem man nachsagt, das musikalische Erbe<br />
von John Coltrane weiterzuführen, ist mittlerweile seit über<br />
40 Jahren in Sachen Jazz unterwegs. Er spielte mit vielen<br />
Grö?en der Jazzszene wie Miles Davis, Chick Corea oder<br />
Elvin Jones.</p>
<p>Heute präsentiert die Band interessante neue Arrangements<br />
sowie Stücke der Dave Liebman Big Band.</p>

<p>Die Galapagos Big Band feiert 2010 ein Jubiläum. Vor 35 Jahren von Rainer Maertens gegründet, präsentiert sich die Band seit&nbsp;&hellip;</p>

zum 35. Jubiläum

<!-- This site is optimized with the Yoast SEO plugin v27.4 - https://yoast.com/product/yoast-seo-wordpress/ -->
<title>Galapagos Big Band Featuring Dave Liebman - Deutsch-Amerikanisches Institut. Haus der Kultur.</title>
<meta name="robots" content="index, follow, max-snippet:-1, max-image-preview:large, max-video-preview:-1" />
<link rel="canonical" href="https://dai-heidelberg.de/en/events/galapagos-big-band-featuring-dave-liebman-2398/" />
<meta property="og:locale" content="en_US" />
<meta property="og:type" content="article" />
<meta property="og:title" content="Galapagos Big Band Featuring Dave Liebman - Deutsch-Amerikanisches Institut. Haus der Kultur." />
<meta property="og:description" content="Die Galapagos Big Band feiert 2010 ein Jubiläum. Vor 35 Jahren von Rainer Maertens gegründet, präsentiert sich die Band seit&nbsp;&hellip;" />
<meta property="og:url" content="https://dai-heidelberg.de/en/events/galapagos-big-band-featuring-dave-liebman-2398/" />
<meta property="og:site_name" content="DAI English" />
<script type="application/ld+json" class="yoast-schema-graph">{"@context":"https:\/\/schema.org","@graph":[{"@type":"WebPage","@id":"https:\/\/dai-heidelberg.de\/en\/events\/galapagos-big-band-featuring-dave-liebman-2398\/","url":"https:\/\/dai-heidelberg.de\/en\/events\/galapagos-big-band-featuring-dave-liebman-2398\/","name":"Galapagos Big Band Featuring Dave Liebman - Deutsch-Amerikanisches Institut. Haus der Kultur.","isPartOf":{"@id":"https:\/\/dai-heidelberg.de\/en\/#website"},"datePublished":"2010-03-26T10:57:50+00:00","breadcrumb":{"@id":"https:\/\/dai-heidelberg.de\/en\/events\/galapagos-big-band-featuring-dave-liebman-2398\/#breadcrumb"},"inLanguage":"en-US","potentialAction":[{"@type":"ReadAction","target":["https:\/\/dai-heidelberg.de\/en\/events\/galapagos-big-band-featuring-dave-liebman-2398\/"]}]},{"@type":"BreadcrumbList","@id":"https:\/\/dai-heidelberg.de\/en\/events\/galapagos-big-band-featuring-dave-liebman-2398\/#breadcrumb","itemListElement":[{"@type":"ListItem","position":1,"name":"Home","item":"https:\/\/dai-heidelberg.de\/en\/"},{"@type":"ListItem","position":2,"name":"Events","item":"https:\/\/dai-heidelberg.de\/en\/events\/"},{"@type":"ListItem","position":3,"name":"Galapagos Big Band Featuring Dave Liebman"}]},{"@type":"WebSite","@id":"https:\/\/dai-heidelberg.de\/en\/#website","url":"https:\/\/dai-heidelberg.de\/en\/","name":"DAI English","description":"Deutsch-Amerikanisches Institut. Haus der Kultur.","potentialAction":[{"@type":"SearchAction","target":{"@type":"EntryPoint","urlTemplate":"https:\/\/dai-heidelberg.de\/en\/?s={search_term_string}"},"query-input":{"@type":"PropertyValueSpecification","valueRequired":true,"valueName":"search_term_string"}}],"inLanguage":"en-US"}]}</script>
<!-- / Yoast SEO plugin. -->

Die Galapagos Big Band feiert 2010 ein Jubiläum. Vor 35 Jahren von Rainer Maertens gegründet, präsentiert sich die Band seit&nbsp;&hellip;
