{"id":15018,"date":"2017-07-05T12:07:34","date_gmt":"2017-07-05T10:07:34","guid":{"rendered":"http:\/\/dai-heidelberg.de\/en\/veranstaltungen\/europaeer-im-gespraech-6-15018\/"},"modified":"2017-07-05T12:07:34","modified_gmt":"2017-07-05T10:07:34","slug":"europaeer-im-gespraech-6","status":"publish","type":"dai_event","link":"https:\/\/dai-heidelberg.de\/en\/events\/europaeer-im-gespraech-6-15018\/","title":{"rendered":"Europ\u00e4er im Gespr\u00e4ch"},"content":{"rendered":"<p>Die <em>Europ\u00e4er im Gespr\u00e4ch<\/em> kn\u00fcpfen an die gro\u00dfe Salontradition in Deutschland an, um zu diskutieren, was als europ\u00e4ische Identit\u00e4t umschrieben werden kann.<\/p>\n<p>Fragen zu Europa, seine gegenw\u00e4rtige und vergangene Politik und Geschichte sowie seine Kultur sollen f\u00fcr Erfahrungs-, Wissens- und Erkenntnisvermittlung gestellt wie besprochen werden. Hierzu sind verschiedene Impulsgeber aus Kultur, Wissenschaft, Wirtschaft, Politik und Verwaltung geladen, um einen thematischen Beitrag zu gestalten. Eingeladen sind alle interessierten Europ\u00e4erinnen wie Europ\u00e4er aus Heidelberg und der Metropolregion.<\/p>\n","protected":false},"excerpt":{"rendered":"<p>Die Europ\u00e4er im Gespr\u00e4ch kn\u00fcpfen an die gro\u00dfe Salontradition in Deutschland an, um zu diskutieren, was als europ\u00e4ische Identit\u00e4t umschrieben&nbsp;&hellip;<\/p>\n","protected":false},"featured_media":15019,"template":"","meta":{"footnotes":""},"tags":[],"dai_event_category":[6],"dai_event_type":[12],"dai_event_location":[],"class_list":["post-15018","dai_event","type-dai_event","status-publish","has-post-thumbnail","hentry","dai_event_category-cultural-events","dai_event_type-in-dialogue"],"better_featured_image":{"id":15019,"alt_text":"","caption":"","description":"","media_type":"image","media_details":{"width":700,"height":312,"file":"2017\/07\/201704170424-Europaer-im-Gespraech-2.jpg","sizes":{"medium":{"file":"201704170424-Europaer-im-Gespraech-2-300x134.jpg","width":300,"height":134,"mime-type":"image\/jpeg","source_url":"https:\/\/dai-heidelberg.de\/en\/wp-content\/uploads\/sites\/5\/2017\/07\/201704170424-Europaer-im-Gespraech-2-300x134.jpg"},"thumbnail":{"file":"201704170424-Europaer-im-Gespraech-2-150x150.jpg","width":150,"height":150,"mime-type":"image\/jpeg","source_url":"https:\/\/dai-heidelberg.de\/en\/wp-content\/uploads\/sites\/5\/2017\/07\/201704170424-Europaer-im-Gespraech-2-150x150.jpg"},"dai-list":{"file":"201704170424-Europaer-im-Gespraech-2-140x140.jpg","width":140,"height":140,"mime-type":"image\/jpeg","source_url":"https:\/\/dai-heidelberg.de\/en\/wp-content\/uploads\/sites\/5\/2017\/07\/201704170424-Europaer-im-Gespraech-2-140x140.jpg"},"dai-selector":{"file":"201704170424-Europaer-im-Gespraech-2-240x170.jpg","width":240,"height":170,"mime-type":"image\/jpeg","source_url":"https:\/\/dai-heidelberg.de\/en\/wp-content\/uploads\/sites\/5\/2017\/07\/201704170424-Europaer-im-Gespraech-2-240x170.jpg"},"dai-hof":{"file":"201704170424-Europaer-im-Gespraech-2-240x192.jpg","width":240,"height":192,"mime-type":"image\/jpeg","source_url":"https:\/\/dai-heidelberg.de\/en\/wp-content\/uploads\/sites\/5\/2017\/07\/201704170424-Europaer-im-Gespraech-2-240x192.jpg"}},"image_meta":{"aperture":"0","credit":"","camera":"","caption":"","created_timestamp":"0","copyright":"","focal_length":"0","iso":"0","shutter_speed":"0","title":"","orientation":"0","keywords":[]}},"post":15018,"source_url":"https:\/\/dai-heidelberg.de\/en\/wp-content\/uploads\/sites\/5\/2017\/07\/201704170424-Europaer-im-Gespraech-2.jpg"},"post-meta-fields":{"dai_event_datetime":["2017-11-20 19:00"],"dai_event_featured":["0"],"dai_event_ticket_freeadmission":["1"],"dai_event_subtext":[""],"dai_event_artist":[""],"_thumbnail_id":["15019"],"_trash_the_other_posts":["0"]},"yoast_head":"<!-- This site is optimized with the Yoast SEO plugin v27.4 - https:\/\/yoast.com\/product\/yoast-seo-wordpress\/ -->\n<title>Europ\u00e4er im Gespr\u00e4ch - Deutsch-Amerikanisches Institut. Haus der Kultur.<\/title>\n<meta name=\"robots\" content=\"index, follow, max-snippet:-1, max-image-preview:large, max-video-preview:-1\" \/>\n<link rel=\"canonical\" href=\"https:\/\/dai-heidelberg.de\/en\/events\/europaeer-im-gespraech-6-15018\/\" \/>\n<meta property=\"og:locale\" content=\"en_US\" \/>\n<meta property=\"og:type\" content=\"article\" \/>\n<meta property=\"og:title\" content=\"Europ\u00e4er im Gespr\u00e4ch - Deutsch-Amerikanisches Institut. Haus der Kultur.\" \/>\n<meta property=\"og:description\" content=\"Die Europ\u00e4er im Gespr\u00e4ch kn\u00fcpfen an die gro\u00dfe Salontradition in Deutschland an, um zu diskutieren, was als europ\u00e4ische Identit\u00e4t umschrieben&nbsp;&hellip;\" \/>\n<meta property=\"og:url\" content=\"https:\/\/dai-heidelberg.de\/en\/events\/europaeer-im-gespraech-6-15018\/\" \/>\n<meta property=\"og:site_name\" content=\"DAI English\" \/>\n<meta property=\"og:image\" content=\"https:\/\/dai-heidelberg.de\/en\/wp-content\/uploads\/sites\/5\/2017\/07\/201704170424-Europaer-im-Gespraech-2.jpg\" \/>\n\t<meta property=\"og:image:width\" content=\"700\" \/>\n\t<meta property=\"og:image:height\" content=\"312\" \/>\n\t<meta property=\"og:image:type\" content=\"image\/jpeg\" \/>\n<script type=\"application\/ld+json\" class=\"yoast-schema-graph\">{\"@context\":\"https:\\\/\\\/schema.org\",\"@graph\":[{\"@type\":\"WebPage\",\"@id\":\"https:\\\/\\\/dai-heidelberg.de\\\/en\\\/events\\\/europaeer-im-gespraech-6-15018\\\/\",\"url\":\"https:\\\/\\\/dai-heidelberg.de\\\/en\\\/events\\\/europaeer-im-gespraech-6-15018\\\/\",\"name\":\"Europ\u00e4er im Gespr\u00e4ch - Deutsch-Amerikanisches Institut. Haus der Kultur.\",\"isPartOf\":{\"@id\":\"https:\\\/\\\/dai-heidelberg.de\\\/en\\\/#website\"},\"primaryImageOfPage\":{\"@id\":\"https:\\\/\\\/dai-heidelberg.de\\\/en\\\/events\\\/europaeer-im-gespraech-6-15018\\\/#primaryimage\"},\"image\":{\"@id\":\"https:\\\/\\\/dai-heidelberg.de\\\/en\\\/events\\\/europaeer-im-gespraech-6-15018\\\/#primaryimage\"},\"thumbnailUrl\":\"https:\\\/\\\/dai-heidelberg.de\\\/en\\\/wp-content\\\/uploads\\\/sites\\\/5\\\/2017\\\/07\\\/201704170424-Europaer-im-Gespraech-2.jpg\",\"datePublished\":\"2017-07-05T10:07:34+00:00\",\"breadcrumb\":{\"@id\":\"https:\\\/\\\/dai-heidelberg.de\\\/en\\\/events\\\/europaeer-im-gespraech-6-15018\\\/#breadcrumb\"},\"inLanguage\":\"en-US\",\"potentialAction\":[{\"@type\":\"ReadAction\",\"target\":[\"https:\\\/\\\/dai-heidelberg.de\\\/en\\\/events\\\/europaeer-im-gespraech-6-15018\\\/\"]}]},{\"@type\":\"ImageObject\",\"inLanguage\":\"en-US\",\"@id\":\"https:\\\/\\\/dai-heidelberg.de\\\/en\\\/events\\\/europaeer-im-gespraech-6-15018\\\/#primaryimage\",\"url\":\"https:\\\/\\\/dai-heidelberg.de\\\/en\\\/wp-content\\\/uploads\\\/sites\\\/5\\\/2017\\\/07\\\/201704170424-Europaer-im-Gespraech-2.jpg\",\"contentUrl\":\"https:\\\/\\\/dai-heidelberg.de\\\/en\\\/wp-content\\\/uploads\\\/sites\\\/5\\\/2017\\\/07\\\/201704170424-Europaer-im-Gespraech-2.jpg\",\"width\":700,\"height\":312},{\"@type\":\"BreadcrumbList\",\"@id\":\"https:\\\/\\\/dai-heidelberg.de\\\/en\\\/events\\\/europaeer-im-gespraech-6-15018\\\/#breadcrumb\",\"itemListElement\":[{\"@type\":\"ListItem\",\"position\":1,\"name\":\"Home\",\"item\":\"https:\\\/\\\/dai-heidelberg.de\\\/en\\\/\"},{\"@type\":\"ListItem\",\"position\":2,\"name\":\"Events\",\"item\":\"https:\\\/\\\/dai-heidelberg.de\\\/en\\\/events\\\/\"},{\"@type\":\"ListItem\",\"position\":3,\"name\":\"Europ\u00e4er im Gespr\u00e4ch\"}]},{\"@type\":\"WebSite\",\"@id\":\"https:\\\/\\\/dai-heidelberg.de\\\/en\\\/#website\",\"url\":\"https:\\\/\\\/dai-heidelberg.de\\\/en\\\/\",\"name\":\"DAI English\",\"description\":\"Deutsch-Amerikanisches Institut. Haus der Kultur.\",\"potentialAction\":[{\"@type\":\"SearchAction\",\"target\":{\"@type\":\"EntryPoint\",\"urlTemplate\":\"https:\\\/\\\/dai-heidelberg.de\\\/en\\\/?s={search_term_string}\"},\"query-input\":{\"@type\":\"PropertyValueSpecification\",\"valueRequired\":true,\"valueName\":\"search_term_string\"}}],\"inLanguage\":\"en-US\"}]}<\/script>\n<!-- \/ Yoast SEO plugin. -->","yoast_head_json":{"title":"Europ\u00e4er im Gespr\u00e4ch - Deutsch-Amerikanisches Institut. Haus der Kultur.","robots":{"index":"index","follow":"follow","max-snippet":"max-snippet:-1","max-image-preview":"max-image-preview:large","max-video-preview":"max-video-preview:-1"},"canonical":"https:\/\/dai-heidelberg.de\/en\/events\/europaeer-im-gespraech-6-15018\/","og_locale":"en_US","og_type":"article","og_title":"Europ\u00e4er im Gespr\u00e4ch - Deutsch-Amerikanisches Institut. Haus der Kultur.","og_description":"Die Europ\u00e4er im Gespr\u00e4ch kn\u00fcpfen an die gro\u00dfe Salontradition in Deutschland an, um zu diskutieren, was als europ\u00e4ische Identit\u00e4t umschrieben&nbsp;&hellip;","og_url":"https:\/\/dai-heidelberg.de\/en\/events\/europaeer-im-gespraech-6-15018\/","og_site_name":"DAI English","og_image":[{"width":700,"height":312,"url":"https:\/\/dai-heidelberg.de\/en\/wp-content\/uploads\/sites\/5\/2017\/07\/201704170424-Europaer-im-Gespraech-2.jpg","type":"image\/jpeg"}],"schema":{"@context":"https:\/\/schema.org","@graph":[{"@type":"WebPage","@id":"https:\/\/dai-heidelberg.de\/en\/events\/europaeer-im-gespraech-6-15018\/","url":"https:\/\/dai-heidelberg.de\/en\/events\/europaeer-im-gespraech-6-15018\/","name":"Europ\u00e4er im Gespr\u00e4ch - Deutsch-Amerikanisches Institut. Haus der Kultur.","isPartOf":{"@id":"https:\/\/dai-heidelberg.de\/en\/#website"},"primaryImageOfPage":{"@id":"https:\/\/dai-heidelberg.de\/en\/events\/europaeer-im-gespraech-6-15018\/#primaryimage"},"image":{"@id":"https:\/\/dai-heidelberg.de\/en\/events\/europaeer-im-gespraech-6-15018\/#primaryimage"},"thumbnailUrl":"https:\/\/dai-heidelberg.de\/en\/wp-content\/uploads\/sites\/5\/2017\/07\/201704170424-Europaer-im-Gespraech-2.jpg","datePublished":"2017-07-05T10:07:34+00:00","breadcrumb":{"@id":"https:\/\/dai-heidelberg.de\/en\/events\/europaeer-im-gespraech-6-15018\/#breadcrumb"},"inLanguage":"en-US","potentialAction":[{"@type":"ReadAction","target":["https:\/\/dai-heidelberg.de\/en\/events\/europaeer-im-gespraech-6-15018\/"]}]},{"@type":"ImageObject","inLanguage":"en-US","@id":"https:\/\/dai-heidelberg.de\/en\/events\/europaeer-im-gespraech-6-15018\/#primaryimage","url":"https:\/\/dai-heidelberg.de\/en\/wp-content\/uploads\/sites\/5\/2017\/07\/201704170424-Europaer-im-Gespraech-2.jpg","contentUrl":"https:\/\/dai-heidelberg.de\/en\/wp-content\/uploads\/sites\/5\/2017\/07\/201704170424-Europaer-im-Gespraech-2.jpg","width":700,"height":312},{"@type":"BreadcrumbList","@id":"https:\/\/dai-heidelberg.de\/en\/events\/europaeer-im-gespraech-6-15018\/#breadcrumb","itemListElement":[{"@type":"ListItem","position":1,"name":"Home","item":"https:\/\/dai-heidelberg.de\/en\/"},{"@type":"ListItem","position":2,"name":"Events","item":"https:\/\/dai-heidelberg.de\/en\/events\/"},{"@type":"ListItem","position":3,"name":"Europ\u00e4er im Gespr\u00e4ch"}]},{"@type":"WebSite","@id":"https:\/\/dai-heidelberg.de\/en\/#website","url":"https:\/\/dai-heidelberg.de\/en\/","name":"DAI English","description":"Deutsch-Amerikanisches Institut. Haus der Kultur.","potentialAction":[{"@type":"SearchAction","target":{"@type":"EntryPoint","urlTemplate":"https:\/\/dai-heidelberg.de\/en\/?s={search_term_string}"},"query-input":{"@type":"PropertyValueSpecification","valueRequired":true,"valueName":"search_term_string"}}],"inLanguage":"en-US"}]}},"_links":{"self":[{"href":"https:\/\/dai-heidelberg.de\/en\/wp-json\/wp\/v2\/dai_event\/15018","targetHints":{"allow":["GET"]}}],"collection":[{"href":"https:\/\/dai-heidelberg.de\/en\/wp-json\/wp\/v2\/dai_event"}],"about":[{"href":"https:\/\/dai-heidelberg.de\/en\/wp-json\/wp\/v2\/types\/dai_event"}],"version-history":[{"count":0,"href":"https:\/\/dai-heidelberg.de\/en\/wp-json\/wp\/v2\/dai_event\/15018\/revisions"}],"wp:featuredmedia":[{"embeddable":true,"href":"https:\/\/dai-heidelberg.de\/en\/wp-json\/wp\/v2\/media\/15019"}],"wp:attachment":[{"href":"https:\/\/dai-heidelberg.de\/en\/wp-json\/wp\/v2\/media?parent=15018"}],"wp:term":[{"taxonomy":"post_tag","embeddable":true,"href":"https:\/\/dai-heidelberg.de\/en\/wp-json\/wp\/v2\/tags?post=15018"},{"taxonomy":"dai_event_category","embeddable":true,"href":"https:\/\/dai-heidelberg.de\/en\/wp-json\/wp\/v2\/dai_event_category?post=15018"},{"taxonomy":"dai_event_type","embeddable":true,"href":"https:\/\/dai-heidelberg.de\/en\/wp-json\/wp\/v2\/dai_event_type?post=15018"},{"taxonomy":"dai_event_location","embeddable":true,"href":"https:\/\/dai-heidelberg.de\/en\/wp-json\/wp\/v2\/dai_event_location?post=15018"}],"curies":[{"name":"wp","href":"https:\/\/api.w.org\/{rel}","templated":true}]}}

Europäer im Gespräch

<p>Die <em>Europäer im Gespräch</em> knüpfen an die große Salontradition in Deutschland an, um zu diskutieren, was als europäische Identität umschrieben werden kann.</p>
<p>Fragen zu Europa, seine gegenwärtige und vergangene Politik und Geschichte sowie seine Kultur sollen für Erfahrungs-, Wissens- und Erkenntnisvermittlung gestellt wie besprochen werden. Hierzu sind verschiedene Impulsgeber aus Kultur, Wissenschaft, Wirtschaft, Politik und Verwaltung geladen, um einen thematischen Beitrag zu gestalten. Eingeladen sind alle interessierten Europäerinnen wie Europäer aus Heidelberg und der Metropolregion.</p>

<p>Die Europäer im Gespräch knüpfen an die große Salontradition in Deutschland an, um zu diskutieren, was als europäische Identität umschrieben&nbsp;&hellip;</p>

<!-- This site is optimized with the Yoast SEO plugin v27.4 - https://yoast.com/product/yoast-seo-wordpress/ -->
<title>Europäer im Gespräch - Deutsch-Amerikanisches Institut. Haus der Kultur.</title>
<meta name="robots" content="index, follow, max-snippet:-1, max-image-preview:large, max-video-preview:-1" />
<link rel="canonical" href="https://dai-heidelberg.de/en/events/europaeer-im-gespraech-6-15018/" />
<meta property="og:locale" content="en_US" />
<meta property="og:type" content="article" />
<meta property="og:title" content="Europäer im Gespräch - Deutsch-Amerikanisches Institut. Haus der Kultur." />
<meta property="og:description" content="Die Europäer im Gespräch knüpfen an die große Salontradition in Deutschland an, um zu diskutieren, was als europäische Identität umschrieben&nbsp;&hellip;" />
<meta property="og:url" content="https://dai-heidelberg.de/en/events/europaeer-im-gespraech-6-15018/" />
<meta property="og:site_name" content="DAI English" />
<meta property="og:image" content="https://dai-heidelberg.de/en/wp-content/uploads/sites/5/2017/07/201704170424-Europaer-im-Gespraech-2.jpg" />
	<meta property="og:image:width" content="700" />
	<meta property="og:image:height" content="312" />
	<meta property="og:image:type" content="image/jpeg" />
<script type="application/ld+json" class="yoast-schema-graph">{"@context":"https:\/\/schema.org","@graph":[{"@type":"WebPage","@id":"https:\/\/dai-heidelberg.de\/en\/events\/europaeer-im-gespraech-6-15018\/","url":"https:\/\/dai-heidelberg.de\/en\/events\/europaeer-im-gespraech-6-15018\/","name":"Europäer im Gespräch - Deutsch-Amerikanisches Institut. Haus der Kultur.","isPartOf":{"@id":"https:\/\/dai-heidelberg.de\/en\/#website"},"primaryImageOfPage":{"@id":"https:\/\/dai-heidelberg.de\/en\/events\/europaeer-im-gespraech-6-15018\/#primaryimage"},"image":{"@id":"https:\/\/dai-heidelberg.de\/en\/events\/europaeer-im-gespraech-6-15018\/#primaryimage"},"thumbnailUrl":"https:\/\/dai-heidelberg.de\/en\/wp-content\/uploads\/sites\/5\/2017\/07\/201704170424-Europaer-im-Gespraech-2.jpg","datePublished":"2017-07-05T10:07:34+00:00","breadcrumb":{"@id":"https:\/\/dai-heidelberg.de\/en\/events\/europaeer-im-gespraech-6-15018\/#breadcrumb"},"inLanguage":"en-US","potentialAction":[{"@type":"ReadAction","target":["https:\/\/dai-heidelberg.de\/en\/events\/europaeer-im-gespraech-6-15018\/"]}]},{"@type":"ImageObject","inLanguage":"en-US","@id":"https:\/\/dai-heidelberg.de\/en\/events\/europaeer-im-gespraech-6-15018\/#primaryimage","url":"https:\/\/dai-heidelberg.de\/en\/wp-content\/uploads\/sites\/5\/2017\/07\/201704170424-Europaer-im-Gespraech-2.jpg","contentUrl":"https:\/\/dai-heidelberg.de\/en\/wp-content\/uploads\/sites\/5\/2017\/07\/201704170424-Europaer-im-Gespraech-2.jpg","width":700,"height":312},{"@type":"BreadcrumbList","@id":"https:\/\/dai-heidelberg.de\/en\/events\/europaeer-im-gespraech-6-15018\/#breadcrumb","itemListElement":[{"@type":"ListItem","position":1,"name":"Home","item":"https:\/\/dai-heidelberg.de\/en\/"},{"@type":"ListItem","position":2,"name":"Events","item":"https:\/\/dai-heidelberg.de\/en\/events\/"},{"@type":"ListItem","position":3,"name":"Europäer im Gespräch"}]},{"@type":"WebSite","@id":"https:\/\/dai-heidelberg.de\/en\/#website","url":"https:\/\/dai-heidelberg.de\/en\/","name":"DAI English","description":"Deutsch-Amerikanisches Institut. Haus der Kultur.","potentialAction":[{"@type":"SearchAction","target":{"@type":"EntryPoint","urlTemplate":"https:\/\/dai-heidelberg.de\/en\/?s={search_term_string}"},"query-input":{"@type":"PropertyValueSpecification","valueRequired":true,"valueName":"search_term_string"}}],"inLanguage":"en-US"}]}</script>
<!-- / Yoast SEO plugin. -->

Europäer im Gespräch - Deutsch-Amerikanisches Institut. Haus der Kultur.

Die Europäer im Gespräch knüpfen an die große Salontradition in Deutschland an, um zu diskutieren, was als europäische Identität umschrieben&nbsp;&hellip;
