{"id":13765,"date":"2016-12-02T12:32:02","date_gmt":"2016-12-02T11:32:02","guid":{"rendered":"http:\/\/dai-heidelberg.de\/en\/veranstaltungen\/29-heidelberger-klavierwoche-13765\/"},"modified":"2018-05-09T09:44:53","modified_gmt":"2018-05-09T07:44:53","slug":"29-heidelberger-klavierwoche","status":"publish","type":"dai_event","link":"https:\/\/dai-heidelberg.de\/en\/events\/29-heidelberger-klavierwoche-13765\/","title":{"rendered":"29. Heidelberger Klavierwoche"},"content":{"rendered":"<p><strong>No translation for this content.<\/strong><\/p>\n<p class=\"p1\">Neil Tarabulsi ist 13 Jahre alt. Er wurde in Homs (Syrien) geboren, floh mit seiner Familie vor dem Krieg zun\u00e4chst in ein kleines Bergdorf und sp\u00e4ter nach Rum\u00e4nien. Bis Anfang 2016 hatte er keinerlei professionellen Unterricht.<\/p>\n<p class=\"p1\">Das Klavierspiel hat sich Neil auf einem kleinen Plastikpiano mithilfe von Youtube-Videos selbst beigebracht. Dank privater Unterst\u00fctzung kam er nach M\u00fcnchen und ist seit 2016 Student (erst Gast-, heute Jungstudent) an der Hochschule f\u00fcr Musik und Theater; die Aufnahmepr\u00fcfung bestand er nach einer nur wenige Monate dauernden Vorbereitungsphase. Mittlerweile sind die Medien auf seine Geschichte aufmerksam geworden und Neil wurde u. a. bei <i>titel, thesen, temperamente<\/i> (ARD) portr\u00e4tiert.<\/p>\n<p class=\"p1\">Neil Tarabulsi spielt Mozart, Beethoven und Mendelssohn.<\/p>\n<p class=\"p1\">Neil Tarabulsi wird unterst\u00fctzt von der <a href=\"http:\/\/www.forte-stiftung.de\/\" target=\"_blank\" rel=\"noopener\">Forte Stiftung.<\/a><\/p>\n","protected":false},"excerpt":{"rendered":"<p>No translation for this content. Neil Tarabulsi ist 13 Jahre alt. Er wurde in Homs (Syrien) geboren, floh mit seiner&nbsp;&hellip;<\/p>\n","protected":false},"featured_media":15963,"template":"","meta":{"footnotes":""},"tags":[],"dai_event_category":[6],"dai_event_type":[16],"dai_event_location":[],"class_list":["post-13765","dai_event","type-dai_event","status-publish","has-post-thumbnail","hentry","dai_event_category-cultural-events","dai_event_type-concert"],"better_featured_image":{"id":15963,"alt_text":"","caption":"","description":"","media_type":"image","media_details":{"width":700,"height":312,"file":"2017\/10\/20161200-Klavierwoche_c_smaehler.jpg","sizes":{"medium":{"file":"20161200-Klavierwoche_c_smaehler-300x134.jpg","width":300,"height":134,"mime-type":"image\/jpeg","source_url":"https:\/\/dai-heidelberg.de\/en\/wp-content\/uploads\/sites\/5\/2017\/10\/20161200-Klavierwoche_c_smaehler-300x134.jpg"},"thumbnail":{"file":"20161200-Klavierwoche_c_smaehler-150x150.jpg","width":150,"height":150,"mime-type":"image\/jpeg","source_url":"https:\/\/dai-heidelberg.de\/en\/wp-content\/uploads\/sites\/5\/2017\/10\/20161200-Klavierwoche_c_smaehler-150x150.jpg"},"dai-list":{"file":"20161200-Klavierwoche_c_smaehler-140x140.jpg","width":140,"height":140,"mime-type":"image\/jpeg","source_url":"https:\/\/dai-heidelberg.de\/en\/wp-content\/uploads\/sites\/5\/2017\/10\/20161200-Klavierwoche_c_smaehler-140x140.jpg"},"dai-selector":{"file":"20161200-Klavierwoche_c_smaehler-240x170.jpg","width":240,"height":170,"mime-type":"image\/jpeg","source_url":"https:\/\/dai-heidelberg.de\/en\/wp-content\/uploads\/sites\/5\/2017\/10\/20161200-Klavierwoche_c_smaehler-240x170.jpg"},"dai-hof":{"file":"20161200-Klavierwoche_c_smaehler-240x192.jpg","width":240,"height":192,"mime-type":"image\/jpeg","source_url":"https:\/\/dai-heidelberg.de\/en\/wp-content\/uploads\/sites\/5\/2017\/10\/20161200-Klavierwoche_c_smaehler-240x192.jpg"}},"image_meta":{"aperture":"0","credit":"","camera":"","caption":"","created_timestamp":"0","copyright":"","focal_length":"0","iso":"0","shutter_speed":"0","title":"","orientation":"0","keywords":[]}},"post":13765,"source_url":"https:\/\/dai-heidelberg.de\/en\/wp-content\/uploads\/sites\/5\/2017\/10\/20161200-Klavierwoche_c_smaehler.jpg"},"post-meta-fields":{"dai_event_datetime":["2017-01-02 20:00"],"dai_event_featured":["0"],"dai_event_ticket_freeadmission":["0"],"dai_event_ticket_price_presale_standard":["15"],"dai_event_ticket_price_presale_reduced":["12"],"dai_event_ticket_price_boxoffice_standard":["18"],"dai_event_ticket_price_boxoffice_reduced":["15"],"dai_event_subtext":["In Zusammenarbeit mit der Jahrhundertwende-Gesellschaft"],"dai_event_artist":["Neil Tarabulsi"],"_thumbnail_id":["15963"],"_trash_the_other_posts":["0"],"dai_event_ticket_link":["https:\/\/shop.reservix.de\/off\/login_check.php?id=36ae96de8dddc4df70dce3f39db2b886ff117b9261533f02fa35ea4a3191d65e3a64633f4652f2d1ba3a365eff82ca70&#038;vID=2736&#038;eventGrpID=215264&#038;eventID=940332"],"dai_event_notice":["Ausverkauft"]},"yoast_head":"<!-- This site is optimized with the Yoast SEO plugin v27.4 - https:\/\/yoast.com\/product\/yoast-seo-wordpress\/ -->\n<title>29. Heidelberger Klavierwoche - Deutsch-Amerikanisches Institut. Haus der Kultur.<\/title>\n<meta name=\"robots\" content=\"index, follow, max-snippet:-1, max-image-preview:large, max-video-preview:-1\" \/>\n<link rel=\"canonical\" href=\"https:\/\/dai-heidelberg.de\/en\/events\/29-heidelberger-klavierwoche-13765\/\" \/>\n<meta property=\"og:locale\" content=\"en_US\" \/>\n<meta property=\"og:type\" content=\"article\" \/>\n<meta property=\"og:title\" content=\"29. Heidelberger Klavierwoche - Deutsch-Amerikanisches Institut. Haus der Kultur.\" \/>\n<meta property=\"og:description\" content=\"No translation for this content. Neil Tarabulsi ist 13 Jahre alt. Er wurde in Homs (Syrien) geboren, floh mit seiner&nbsp;&hellip;\" \/>\n<meta property=\"og:url\" content=\"https:\/\/dai-heidelberg.de\/en\/events\/29-heidelberger-klavierwoche-13765\/\" \/>\n<meta property=\"og:site_name\" content=\"DAI English\" \/>\n<meta property=\"article:modified_time\" content=\"2018-05-09T07:44:53+00:00\" \/>\n<meta property=\"og:image\" content=\"https:\/\/dai-heidelberg.de\/en\/wp-content\/uploads\/sites\/5\/2017\/10\/20161200-Klavierwoche_c_smaehler.jpg\" \/>\n\t<meta property=\"og:image:width\" content=\"700\" \/>\n\t<meta property=\"og:image:height\" content=\"312\" \/>\n\t<meta property=\"og:image:type\" content=\"image\/jpeg\" \/>\n<script type=\"application\/ld+json\" class=\"yoast-schema-graph\">{\"@context\":\"https:\\\/\\\/schema.org\",\"@graph\":[{\"@type\":\"WebPage\",\"@id\":\"https:\\\/\\\/dai-heidelberg.de\\\/en\\\/events\\\/29-heidelberger-klavierwoche-13765\\\/\",\"url\":\"https:\\\/\\\/dai-heidelberg.de\\\/en\\\/events\\\/29-heidelberger-klavierwoche-13765\\\/\",\"name\":\"29. Heidelberger Klavierwoche - Deutsch-Amerikanisches Institut. Haus der Kultur.\",\"isPartOf\":{\"@id\":\"https:\\\/\\\/dai-heidelberg.de\\\/en\\\/#website\"},\"primaryImageOfPage\":{\"@id\":\"https:\\\/\\\/dai-heidelberg.de\\\/en\\\/events\\\/29-heidelberger-klavierwoche-13765\\\/#primaryimage\"},\"image\":{\"@id\":\"https:\\\/\\\/dai-heidelberg.de\\\/en\\\/events\\\/29-heidelberger-klavierwoche-13765\\\/#primaryimage\"},\"thumbnailUrl\":\"https:\\\/\\\/dai-heidelberg.de\\\/en\\\/wp-content\\\/uploads\\\/sites\\\/5\\\/2017\\\/10\\\/20161200-Klavierwoche_c_smaehler.jpg\",\"datePublished\":\"2016-12-02T11:32:02+00:00\",\"dateModified\":\"2018-05-09T07:44:53+00:00\",\"breadcrumb\":{\"@id\":\"https:\\\/\\\/dai-heidelberg.de\\\/en\\\/events\\\/29-heidelberger-klavierwoche-13765\\\/#breadcrumb\"},\"inLanguage\":\"en-US\",\"potentialAction\":[{\"@type\":\"ReadAction\",\"target\":[\"https:\\\/\\\/dai-heidelberg.de\\\/en\\\/events\\\/29-heidelberger-klavierwoche-13765\\\/\"]}]},{\"@type\":\"ImageObject\",\"inLanguage\":\"en-US\",\"@id\":\"https:\\\/\\\/dai-heidelberg.de\\\/en\\\/events\\\/29-heidelberger-klavierwoche-13765\\\/#primaryimage\",\"url\":\"https:\\\/\\\/dai-heidelberg.de\\\/en\\\/wp-content\\\/uploads\\\/sites\\\/5\\\/2017\\\/10\\\/20161200-Klavierwoche_c_smaehler.jpg\",\"contentUrl\":\"https:\\\/\\\/dai-heidelberg.de\\\/en\\\/wp-content\\\/uploads\\\/sites\\\/5\\\/2017\\\/10\\\/20161200-Klavierwoche_c_smaehler.jpg\",\"width\":700,\"height\":312},{\"@type\":\"BreadcrumbList\",\"@id\":\"https:\\\/\\\/dai-heidelberg.de\\\/en\\\/events\\\/29-heidelberger-klavierwoche-13765\\\/#breadcrumb\",\"itemListElement\":[{\"@type\":\"ListItem\",\"position\":1,\"name\":\"Home\",\"item\":\"https:\\\/\\\/dai-heidelberg.de\\\/en\\\/\"},{\"@type\":\"ListItem\",\"position\":2,\"name\":\"Events\",\"item\":\"https:\\\/\\\/dai-heidelberg.de\\\/en\\\/events\\\/\"},{\"@type\":\"ListItem\",\"position\":3,\"name\":\"29. Heidelberger Klavierwoche\"}]},{\"@type\":\"WebSite\",\"@id\":\"https:\\\/\\\/dai-heidelberg.de\\\/en\\\/#website\",\"url\":\"https:\\\/\\\/dai-heidelberg.de\\\/en\\\/\",\"name\":\"DAI English\",\"description\":\"Deutsch-Amerikanisches Institut. Haus der Kultur.\",\"potentialAction\":[{\"@type\":\"SearchAction\",\"target\":{\"@type\":\"EntryPoint\",\"urlTemplate\":\"https:\\\/\\\/dai-heidelberg.de\\\/en\\\/?s={search_term_string}\"},\"query-input\":{\"@type\":\"PropertyValueSpecification\",\"valueRequired\":true,\"valueName\":\"search_term_string\"}}],\"inLanguage\":\"en-US\"}]}<\/script>\n<!-- \/ Yoast SEO plugin. -->","yoast_head_json":{"title":"29. Heidelberger Klavierwoche - Deutsch-Amerikanisches Institut. Haus der Kultur.","robots":{"index":"index","follow":"follow","max-snippet":"max-snippet:-1","max-image-preview":"max-image-preview:large","max-video-preview":"max-video-preview:-1"},"canonical":"https:\/\/dai-heidelberg.de\/en\/events\/29-heidelberger-klavierwoche-13765\/","og_locale":"en_US","og_type":"article","og_title":"29. Heidelberger Klavierwoche - Deutsch-Amerikanisches Institut. Haus der Kultur.","og_description":"No translation for this content. Neil Tarabulsi ist 13 Jahre alt. Er wurde in Homs (Syrien) geboren, floh mit seiner&nbsp;&hellip;","og_url":"https:\/\/dai-heidelberg.de\/en\/events\/29-heidelberger-klavierwoche-13765\/","og_site_name":"DAI English","article_modified_time":"2018-05-09T07:44:53+00:00","og_image":[{"width":700,"height":312,"url":"https:\/\/dai-heidelberg.de\/en\/wp-content\/uploads\/sites\/5\/2017\/10\/20161200-Klavierwoche_c_smaehler.jpg","type":"image\/jpeg"}],"schema":{"@context":"https:\/\/schema.org","@graph":[{"@type":"WebPage","@id":"https:\/\/dai-heidelberg.de\/en\/events\/29-heidelberger-klavierwoche-13765\/","url":"https:\/\/dai-heidelberg.de\/en\/events\/29-heidelberger-klavierwoche-13765\/","name":"29. Heidelberger Klavierwoche - Deutsch-Amerikanisches Institut. Haus der Kultur.","isPartOf":{"@id":"https:\/\/dai-heidelberg.de\/en\/#website"},"primaryImageOfPage":{"@id":"https:\/\/dai-heidelberg.de\/en\/events\/29-heidelberger-klavierwoche-13765\/#primaryimage"},"image":{"@id":"https:\/\/dai-heidelberg.de\/en\/events\/29-heidelberger-klavierwoche-13765\/#primaryimage"},"thumbnailUrl":"https:\/\/dai-heidelberg.de\/en\/wp-content\/uploads\/sites\/5\/2017\/10\/20161200-Klavierwoche_c_smaehler.jpg","datePublished":"2016-12-02T11:32:02+00:00","dateModified":"2018-05-09T07:44:53+00:00","breadcrumb":{"@id":"https:\/\/dai-heidelberg.de\/en\/events\/29-heidelberger-klavierwoche-13765\/#breadcrumb"},"inLanguage":"en-US","potentialAction":[{"@type":"ReadAction","target":["https:\/\/dai-heidelberg.de\/en\/events\/29-heidelberger-klavierwoche-13765\/"]}]},{"@type":"ImageObject","inLanguage":"en-US","@id":"https:\/\/dai-heidelberg.de\/en\/events\/29-heidelberger-klavierwoche-13765\/#primaryimage","url":"https:\/\/dai-heidelberg.de\/en\/wp-content\/uploads\/sites\/5\/2017\/10\/20161200-Klavierwoche_c_smaehler.jpg","contentUrl":"https:\/\/dai-heidelberg.de\/en\/wp-content\/uploads\/sites\/5\/2017\/10\/20161200-Klavierwoche_c_smaehler.jpg","width":700,"height":312},{"@type":"BreadcrumbList","@id":"https:\/\/dai-heidelberg.de\/en\/events\/29-heidelberger-klavierwoche-13765\/#breadcrumb","itemListElement":[{"@type":"ListItem","position":1,"name":"Home","item":"https:\/\/dai-heidelberg.de\/en\/"},{"@type":"ListItem","position":2,"name":"Events","item":"https:\/\/dai-heidelberg.de\/en\/events\/"},{"@type":"ListItem","position":3,"name":"29. Heidelberger Klavierwoche"}]},{"@type":"WebSite","@id":"https:\/\/dai-heidelberg.de\/en\/#website","url":"https:\/\/dai-heidelberg.de\/en\/","name":"DAI English","description":"Deutsch-Amerikanisches Institut. Haus der Kultur.","potentialAction":[{"@type":"SearchAction","target":{"@type":"EntryPoint","urlTemplate":"https:\/\/dai-heidelberg.de\/en\/?s={search_term_string}"},"query-input":{"@type":"PropertyValueSpecification","valueRequired":true,"valueName":"search_term_string"}}],"inLanguage":"en-US"}]}},"_links":{"self":[{"href":"https:\/\/dai-heidelberg.de\/en\/wp-json\/wp\/v2\/dai_event\/13765","targetHints":{"allow":["GET"]}}],"collection":[{"href":"https:\/\/dai-heidelberg.de\/en\/wp-json\/wp\/v2\/dai_event"}],"about":[{"href":"https:\/\/dai-heidelberg.de\/en\/wp-json\/wp\/v2\/types\/dai_event"}],"version-history":[{"count":4,"href":"https:\/\/dai-heidelberg.de\/en\/wp-json\/wp\/v2\/dai_event\/13765\/revisions"}],"predecessor-version":[{"id":15962,"href":"https:\/\/dai-heidelberg.de\/en\/wp-json\/wp\/v2\/dai_event\/13765\/revisions\/15962"}],"wp:featuredmedia":[{"embeddable":true,"href":"https:\/\/dai-heidelberg.de\/en\/wp-json\/wp\/v2\/media\/15963"}],"wp:attachment":[{"href":"https:\/\/dai-heidelberg.de\/en\/wp-json\/wp\/v2\/media?parent=13765"}],"wp:term":[{"taxonomy":"post_tag","embeddable":true,"href":"https:\/\/dai-heidelberg.de\/en\/wp-json\/wp\/v2\/tags?post=13765"},{"taxonomy":"dai_event_category","embeddable":true,"href":"https:\/\/dai-heidelberg.de\/en\/wp-json\/wp\/v2\/dai_event_category?post=13765"},{"taxonomy":"dai_event_type","embeddable":true,"href":"https:\/\/dai-heidelberg.de\/en\/wp-json\/wp\/v2\/dai_event_type?post=13765"},{"taxonomy":"dai_event_location","embeddable":true,"href":"https:\/\/dai-heidelberg.de\/en\/wp-json\/wp\/v2\/dai_event_location?post=13765"}],"curies":[{"name":"wp","href":"https:\/\/api.w.org\/{rel}","templated":true}]}}

<p><strong>No translation for this content.</strong></p>
<p class="p1">Neil Tarabulsi ist 13 Jahre alt. Er wurde in Homs (Syrien) geboren, floh mit seiner Familie vor dem Krieg zunächst in ein kleines Bergdorf und später nach Rumänien. Bis Anfang 2016 hatte er keinerlei professionellen Unterricht.</p>
<p class="p1">Das Klavierspiel hat sich Neil auf einem kleinen Plastikpiano mithilfe von Youtube-Videos selbst beigebracht. Dank privater Unterstützung kam er nach München und ist seit 2016 Student (erst Gast-, heute Jungstudent) an der Hochschule für Musik und Theater; die Aufnahmeprüfung bestand er nach einer nur wenige Monate dauernden Vorbereitungsphase. Mittlerweile sind die Medien auf seine Geschichte aufmerksam geworden und Neil wurde u. a. bei <i>titel, thesen, temperamente</i> (ARD) porträtiert.</p>
<p class="p1">Neil Tarabulsi spielt Mozart, Beethoven und Mendelssohn.</p>
<p class="p1">Neil Tarabulsi wird unterstützt von der <a href="http://www.forte-stiftung.de/" target="_blank" rel="noopener">Forte Stiftung.</a></p>
