{"id":13538,"date":"2016-08-25T14:10:45","date_gmt":"2016-08-25T12:10:45","guid":{"rendered":"http:\/\/dai-heidelberg.de\/en\/veranstaltungen\/thomas-buergenthal-13538\/"},"modified":"2016-08-26T14:19:23","modified_gmt":"2016-08-26T12:19:23","slug":"thomas-buergenthal","status":"publish","type":"dai_event","link":"https:\/\/dai-heidelberg.de\/en\/events\/thomas-buergenthal-13538\/","title":{"rendered":"Thomas Buergenthal"},"content":{"rendered":"<p>Der Titel von Thomas Buergenthals Biographie, <em>Ein Gl\u00fcckskind<\/em>, zeigt eine Geste an unvorstellbarer Gro\u00dfz\u00fcgigkeit und Zukunftswillen, denn sie l\u00e4sst erahnen, wie das Leben eines Nathan des Weisen im zwanzigsten Jahrhundert aussehen k\u00f6nnte: Dem Labyrinth des Schicksals eines j\u00fcdischen Kindes inmitten der Maschinerie der Nazis in Auschwitz entkommen, verl\u00e4sst er Deutschland 1951. In den USA beginnt sein zweites Leben.<\/p>\n<p>Fortan stellt Buergenthal seine ganze Kraft in den Dienst am V\u00f6lker- und Menschenrecht, um der immer drohenden Barbarei entgegenzuwirken. Er wird Richter am Internationalen Gerichtshof Den Haag und unter anderem Lobingier Professor f\u00fcr Vergleichendes Recht und Rechtsprechung der George Washington Universit\u00e4t.<\/p>\n<p>Seine Autobiographie ist ein Pl\u00e4doyer f\u00fcr Toleranz, Vernunft und gegen das Vergessen der Menschlichkeit.<\/p>\n<p>Moderation: N.N.<\/p>\n<p>In der Reihe<em> Vorbilder<\/em><\/p>\n<p><strong>Sprache:<\/strong> Englisch<\/p>\n","protected":false},"excerpt":{"rendered":"<p>Der Titel von Thomas Buergenthals Biographie, Ein Gl\u00fcckskind, zeigt eine Geste an unvorstellbarer Gro\u00dfz\u00fcgigkeit und Zukunftswillen, denn sie l\u00e4sst erahnen,&nbsp;&hellip;<\/p>\n","protected":false},"featured_media":0,"template":"","meta":{"footnotes":""},"tags":[],"dai_event_category":[6],"dai_event_type":[203,12],"dai_event_location":[],"class_list":["post-13538","dai_event","type-dai_event","status-publish","hentry","dai_event_category-cultural-events","dai_event_type-geist-heidelberg","dai_event_type-in-dialogue"],"better_featured_image":null,"post-meta-fields":{"dai_event_datetime":["2016-11-01 20:00"],"dai_event_featured":["0"],"dai_event_ticket_freeadmission":["0"],"dai_event_subtext":[""],"dai_event_artist":["My personal experience  and professional orientation"],"_trash_the_other_posts":["0"],"dai_event_ticket_price_presale_standard":["8"],"dai_event_ticket_price_presale_reduced":["5"],"dai_event_ticket_price_presale_member":["4"],"dai_event_ticket_price_boxoffice_standard":["10"],"dai_event_ticket_price_boxoffice_reduced":["7"],"dai_event_ticket_price_boxoffice_member":["6"],"dai_event_ticket_link":["https:\/\/shop.reservix.de\/off\/login_check.php?id=36ae96de8dddc4df70dce3f39db2b886ff117b9261533f02fa35ea4a3191d65e3a64633f4652f2d1ba3a365eff82ca70&#038;vID=2736&#038;eventGrpID=207790&#038;eventID=889135"]},"yoast_head":"<!-- This site is optimized with the Yoast SEO plugin v27.4 - https:\/\/yoast.com\/product\/yoast-seo-wordpress\/ -->\n<title>Thomas Buergenthal - Deutsch-Amerikanisches Institut. Haus der Kultur.<\/title>\n<meta name=\"robots\" content=\"index, follow, max-snippet:-1, max-image-preview:large, max-video-preview:-1\" \/>\n<link rel=\"canonical\" href=\"https:\/\/dai-heidelberg.de\/en\/events\/thomas-buergenthal-13538\/\" \/>\n<meta property=\"og:locale\" content=\"en_US\" \/>\n<meta property=\"og:type\" content=\"article\" \/>\n<meta property=\"og:title\" content=\"Thomas Buergenthal - Deutsch-Amerikanisches Institut. Haus der Kultur.\" \/>\n<meta property=\"og:description\" content=\"Der Titel von Thomas Buergenthals Biographie, Ein Gl\u00fcckskind, zeigt eine Geste an unvorstellbarer Gro\u00dfz\u00fcgigkeit und Zukunftswillen, denn sie l\u00e4sst erahnen,&nbsp;&hellip;\" \/>\n<meta property=\"og:url\" content=\"https:\/\/dai-heidelberg.de\/en\/events\/thomas-buergenthal-13538\/\" \/>\n<meta property=\"og:site_name\" content=\"DAI English\" \/>\n<meta property=\"article:modified_time\" content=\"2016-08-26T12:19:23+00:00\" \/>\n<script type=\"application\/ld+json\" class=\"yoast-schema-graph\">{\"@context\":\"https:\\\/\\\/schema.org\",\"@graph\":[{\"@type\":\"WebPage\",\"@id\":\"https:\\\/\\\/dai-heidelberg.de\\\/en\\\/events\\\/thomas-buergenthal-13538\\\/\",\"url\":\"https:\\\/\\\/dai-heidelberg.de\\\/en\\\/events\\\/thomas-buergenthal-13538\\\/\",\"name\":\"Thomas Buergenthal - Deutsch-Amerikanisches Institut. Haus der Kultur.\",\"isPartOf\":{\"@id\":\"https:\\\/\\\/dai-heidelberg.de\\\/en\\\/#website\"},\"datePublished\":\"2016-08-25T12:10:45+00:00\",\"dateModified\":\"2016-08-26T12:19:23+00:00\",\"breadcrumb\":{\"@id\":\"https:\\\/\\\/dai-heidelberg.de\\\/en\\\/events\\\/thomas-buergenthal-13538\\\/#breadcrumb\"},\"inLanguage\":\"en-US\",\"potentialAction\":[{\"@type\":\"ReadAction\",\"target\":[\"https:\\\/\\\/dai-heidelberg.de\\\/en\\\/events\\\/thomas-buergenthal-13538\\\/\"]}]},{\"@type\":\"BreadcrumbList\",\"@id\":\"https:\\\/\\\/dai-heidelberg.de\\\/en\\\/events\\\/thomas-buergenthal-13538\\\/#breadcrumb\",\"itemListElement\":[{\"@type\":\"ListItem\",\"position\":1,\"name\":\"Home\",\"item\":\"https:\\\/\\\/dai-heidelberg.de\\\/en\\\/\"},{\"@type\":\"ListItem\",\"position\":2,\"name\":\"Events\",\"item\":\"https:\\\/\\\/dai-heidelberg.de\\\/en\\\/events\\\/\"},{\"@type\":\"ListItem\",\"position\":3,\"name\":\"Thomas Buergenthal\"}]},{\"@type\":\"WebSite\",\"@id\":\"https:\\\/\\\/dai-heidelberg.de\\\/en\\\/#website\",\"url\":\"https:\\\/\\\/dai-heidelberg.de\\\/en\\\/\",\"name\":\"DAI English\",\"description\":\"Deutsch-Amerikanisches Institut. Haus der Kultur.\",\"potentialAction\":[{\"@type\":\"SearchAction\",\"target\":{\"@type\":\"EntryPoint\",\"urlTemplate\":\"https:\\\/\\\/dai-heidelberg.de\\\/en\\\/?s={search_term_string}\"},\"query-input\":{\"@type\":\"PropertyValueSpecification\",\"valueRequired\":true,\"valueName\":\"search_term_string\"}}],\"inLanguage\":\"en-US\"}]}<\/script>\n<!-- \/ Yoast SEO plugin. -->","yoast_head_json":{"title":"Thomas Buergenthal - Deutsch-Amerikanisches Institut. Haus der Kultur.","robots":{"index":"index","follow":"follow","max-snippet":"max-snippet:-1","max-image-preview":"max-image-preview:large","max-video-preview":"max-video-preview:-1"},"canonical":"https:\/\/dai-heidelberg.de\/en\/events\/thomas-buergenthal-13538\/","og_locale":"en_US","og_type":"article","og_title":"Thomas Buergenthal - Deutsch-Amerikanisches Institut. Haus der Kultur.","og_description":"Der Titel von Thomas Buergenthals Biographie, Ein Gl\u00fcckskind, zeigt eine Geste an unvorstellbarer Gro\u00dfz\u00fcgigkeit und Zukunftswillen, denn sie l\u00e4sst erahnen,&nbsp;&hellip;","og_url":"https:\/\/dai-heidelberg.de\/en\/events\/thomas-buergenthal-13538\/","og_site_name":"DAI English","article_modified_time":"2016-08-26T12:19:23+00:00","schema":{"@context":"https:\/\/schema.org","@graph":[{"@type":"WebPage","@id":"https:\/\/dai-heidelberg.de\/en\/events\/thomas-buergenthal-13538\/","url":"https:\/\/dai-heidelberg.de\/en\/events\/thomas-buergenthal-13538\/","name":"Thomas Buergenthal - Deutsch-Amerikanisches Institut. Haus der Kultur.","isPartOf":{"@id":"https:\/\/dai-heidelberg.de\/en\/#website"},"datePublished":"2016-08-25T12:10:45+00:00","dateModified":"2016-08-26T12:19:23+00:00","breadcrumb":{"@id":"https:\/\/dai-heidelberg.de\/en\/events\/thomas-buergenthal-13538\/#breadcrumb"},"inLanguage":"en-US","potentialAction":[{"@type":"ReadAction","target":["https:\/\/dai-heidelberg.de\/en\/events\/thomas-buergenthal-13538\/"]}]},{"@type":"BreadcrumbList","@id":"https:\/\/dai-heidelberg.de\/en\/events\/thomas-buergenthal-13538\/#breadcrumb","itemListElement":[{"@type":"ListItem","position":1,"name":"Home","item":"https:\/\/dai-heidelberg.de\/en\/"},{"@type":"ListItem","position":2,"name":"Events","item":"https:\/\/dai-heidelberg.de\/en\/events\/"},{"@type":"ListItem","position":3,"name":"Thomas Buergenthal"}]},{"@type":"WebSite","@id":"https:\/\/dai-heidelberg.de\/en\/#website","url":"https:\/\/dai-heidelberg.de\/en\/","name":"DAI English","description":"Deutsch-Amerikanisches Institut. Haus der Kultur.","potentialAction":[{"@type":"SearchAction","target":{"@type":"EntryPoint","urlTemplate":"https:\/\/dai-heidelberg.de\/en\/?s={search_term_string}"},"query-input":{"@type":"PropertyValueSpecification","valueRequired":true,"valueName":"search_term_string"}}],"inLanguage":"en-US"}]}},"_links":{"self":[{"href":"https:\/\/dai-heidelberg.de\/en\/wp-json\/wp\/v2\/dai_event\/13538","targetHints":{"allow":["GET"]}}],"collection":[{"href":"https:\/\/dai-heidelberg.de\/en\/wp-json\/wp\/v2\/dai_event"}],"about":[{"href":"https:\/\/dai-heidelberg.de\/en\/wp-json\/wp\/v2\/types\/dai_event"}],"version-history":[{"count":1,"href":"https:\/\/dai-heidelberg.de\/en\/wp-json\/wp\/v2\/dai_event\/13538\/revisions"}],"predecessor-version":[{"id":13547,"href":"https:\/\/dai-heidelberg.de\/en\/wp-json\/wp\/v2\/dai_event\/13538\/revisions\/13547"}],"wp:attachment":[{"href":"https:\/\/dai-heidelberg.de\/en\/wp-json\/wp\/v2\/media?parent=13538"}],"wp:term":[{"taxonomy":"post_tag","embeddable":true,"href":"https:\/\/dai-heidelberg.de\/en\/wp-json\/wp\/v2\/tags?post=13538"},{"taxonomy":"dai_event_category","embeddable":true,"href":"https:\/\/dai-heidelberg.de\/en\/wp-json\/wp\/v2\/dai_event_category?post=13538"},{"taxonomy":"dai_event_type","embeddable":true,"href":"https:\/\/dai-heidelberg.de\/en\/wp-json\/wp\/v2\/dai_event_type?post=13538"},{"taxonomy":"dai_event_location","embeddable":true,"href":"https:\/\/dai-heidelberg.de\/en\/wp-json\/wp\/v2\/dai_event_location?post=13538"}],"curies":[{"name":"wp","href":"https:\/\/api.w.org\/{rel}","templated":true}]}}

<p>Der Titel von Thomas Buergenthals Biographie, <em>Ein Glückskind</em>, zeigt eine Geste an unvorstellbarer Großzügigkeit und Zukunftswillen, denn sie lässt erahnen, wie das Leben eines Nathan des Weisen im zwanzigsten Jahrhundert aussehen könnte: Dem Labyrinth des Schicksals eines jüdischen Kindes inmitten der Maschinerie der Nazis in Auschwitz entkommen, verlässt er Deutschland 1951. In den USA beginnt sein zweites Leben.</p>
<p>Fortan stellt Buergenthal seine ganze Kraft in den Dienst am Völker- und Menschenrecht, um der immer drohenden Barbarei entgegenzuwirken. Er wird Richter am Internationalen Gerichtshof Den Haag und unter anderem Lobingier Professor für Vergleichendes Recht und Rechtsprechung der George Washington Universität.</p>
<p>Seine Autobiographie ist ein Plädoyer für Toleranz, Vernunft und gegen das Vergessen der Menschlichkeit.</p>
<p>Moderation: N.N.</p>
<p>In der Reihe<em> Vorbilder</em></p>
<p><strong>Sprache:</strong> Englisch</p>

<p>Der Titel von Thomas Buergenthals Biographie, Ein Glückskind, zeigt eine Geste an unvorstellbarer Großzügigkeit und Zukunftswillen, denn sie lässt erahnen,&nbsp;&hellip;</p>

<!-- This site is optimized with the Yoast SEO plugin v27.4 - https://yoast.com/product/yoast-seo-wordpress/ -->
<title>Thomas Buergenthal - Deutsch-Amerikanisches Institut. Haus der Kultur.</title>
<meta name="robots" content="index, follow, max-snippet:-1, max-image-preview:large, max-video-preview:-1" />
<link rel="canonical" href="https://dai-heidelberg.de/en/events/thomas-buergenthal-13538/" />
<meta property="og:locale" content="en_US" />
<meta property="og:type" content="article" />
<meta property="og:title" content="Thomas Buergenthal - Deutsch-Amerikanisches Institut. Haus der Kultur." />
<meta property="og:description" content="Der Titel von Thomas Buergenthals Biographie, Ein Glückskind, zeigt eine Geste an unvorstellbarer Großzügigkeit und Zukunftswillen, denn sie lässt erahnen,&nbsp;&hellip;" />
<meta property="og:url" content="https://dai-heidelberg.de/en/events/thomas-buergenthal-13538/" />
<meta property="og:site_name" content="DAI English" />
<meta property="article:modified_time" content="2016-08-26T12:19:23+00:00" />
<script type="application/ld+json" class="yoast-schema-graph">{"@context":"https:\/\/schema.org","@graph":[{"@type":"WebPage","@id":"https:\/\/dai-heidelberg.de\/en\/events\/thomas-buergenthal-13538\/","url":"https:\/\/dai-heidelberg.de\/en\/events\/thomas-buergenthal-13538\/","name":"Thomas Buergenthal - Deutsch-Amerikanisches Institut. Haus der Kultur.","isPartOf":{"@id":"https:\/\/dai-heidelberg.de\/en\/#website"},"datePublished":"2016-08-25T12:10:45+00:00","dateModified":"2016-08-26T12:19:23+00:00","breadcrumb":{"@id":"https:\/\/dai-heidelberg.de\/en\/events\/thomas-buergenthal-13538\/#breadcrumb"},"inLanguage":"en-US","potentialAction":[{"@type":"ReadAction","target":["https:\/\/dai-heidelberg.de\/en\/events\/thomas-buergenthal-13538\/"]}]},{"@type":"BreadcrumbList","@id":"https:\/\/dai-heidelberg.de\/en\/events\/thomas-buergenthal-13538\/#breadcrumb","itemListElement":[{"@type":"ListItem","position":1,"name":"Home","item":"https:\/\/dai-heidelberg.de\/en\/"},{"@type":"ListItem","position":2,"name":"Events","item":"https:\/\/dai-heidelberg.de\/en\/events\/"},{"@type":"ListItem","position":3,"name":"Thomas Buergenthal"}]},{"@type":"WebSite","@id":"https:\/\/dai-heidelberg.de\/en\/#website","url":"https:\/\/dai-heidelberg.de\/en\/","name":"DAI English","description":"Deutsch-Amerikanisches Institut. Haus der Kultur.","potentialAction":[{"@type":"SearchAction","target":{"@type":"EntryPoint","urlTemplate":"https:\/\/dai-heidelberg.de\/en\/?s={search_term_string}"},"query-input":{"@type":"PropertyValueSpecification","valueRequired":true,"valueName":"search_term_string"}}],"inLanguage":"en-US"}]}</script>
<!-- / Yoast SEO plugin. -->

Der Titel von Thomas Buergenthals Biographie, Ein Glückskind, zeigt eine Geste an unvorstellbarer Großzügigkeit und Zukunftswillen, denn sie lässt erahnen,&nbsp;&hellip;
