{"id":73330,"date":"2026-03-06T19:27:28","date_gmt":"2026-03-06T18:27:28","guid":{"rendered":"https:\/\/dai-heidelberg.de\/de\/?post_type=dai_event&#038;p=73330"},"modified":"2026-03-10T19:21:01","modified_gmt":"2026-03-10T18:21:01","slug":"musical-sunday-50","status":"publish","type":"dai_event","link":"https:\/\/dai-heidelberg.de\/de\/veranstaltungen\/musical-sunday-50-73330\/","title":{"rendered":"Musical Sunday"},"content":{"rendered":"<p>Der noch jungen Gattung des Streichquintetts wandte sich Mozart nach einem ersten Versuch aus den 1770er-Jahren erst in der Sp\u00e4tphase seines Schaffens intensiver zu. Die anspruchsvollen sp\u00e4ten Werke stellten einen H\u00f6hepunkt im kammermusikalischen Schaffen der Wiener Klassik dar und waren vorbildhaft f\u00fcr viele sp\u00e4tere Quintettkompositionen von Schubert bis Brahms. Lebensbejahende Kraft und bedr\u00fcckende Melancholie stehen sich in diesen Kompositionen ebenso gegen\u00fcber wie kontrapunktische Kunstfertigkeit und volkst\u00fcmliche Melodik.<\/p>\n<p>Zwei Enthusiasten der Musik tauchen mit dem Publikum tief und zugleich schwungvoll in die Werke ein: <strong>Marcus Imbsweiler<\/strong> ver\u00f6ffentlicht Romane, auch Erz\u00e4hlungen \u00fcber Komponisten.<strong> Timo Jouko Herrmann<\/strong> ist Komponist, Violinist und Gastdirigent der Heidelberger Sinfoniker.<\/p>\n","protected":false},"excerpt":{"rendered":"<p>Der noch jungen Gattung des Streichquintetts wandte sich Mozart nach einem ersten Versuch aus den 1770er-Jahren erst in der Sp\u00e4tphase&nbsp;&hellip;<\/p>\n","protected":false},"featured_media":73222,"template":"","meta":{"footnotes":""},"tags":[],"dai_event_category":[6],"dai_event_type":[12,229,17,322],"dai_event_location":[],"class_list":["post-73330","dai_event","type-dai_event","status-publish","has-post-thumbnail","hentry","dai_event_category-kulturveranstaltungen","dai_event_type-im-dialog","dai_event_type-literarisches-zentrum-heidelberg","dai_event_type-literatur","dai_event_type-musical-sunday"],"better_featured_image":{"id":73222,"alt_text":"","caption":"Foto: Sarina Chamatova","description":"","media_type":"image","media_details":{"width":820,"height":370,"file":"2026\/03\/260426_MuSu_c_Sarina-Chamatova.jpg","filesize":122407,"sizes":{"medium":{"file":"260426_MuSu_c_Sarina-Chamatova-300x135.jpg","width":300,"height":135,"mime-type":"image\/jpeg","filesize":10318,"source_url":"https:\/\/dai-heidelberg.de\/de\/wp-content\/uploads\/sites\/2\/2026\/03\/260426_MuSu_c_Sarina-Chamatova-300x135.jpg"},"thumbnail":{"file":"260426_MuSu_c_Sarina-Chamatova-150x150.jpg","width":150,"height":150,"mime-type":"image\/jpeg","filesize":7108,"source_url":"https:\/\/dai-heidelberg.de\/de\/wp-content\/uploads\/sites\/2\/2026\/03\/260426_MuSu_c_Sarina-Chamatova-150x150.jpg"},"medium_large":{"file":"260426_MuSu_c_Sarina-Chamatova-768x347.jpg","width":768,"height":347,"mime-type":"image\/jpeg","filesize":51408,"source_url":"https:\/\/dai-heidelberg.de\/de\/wp-content\/uploads\/sites\/2\/2026\/03\/260426_MuSu_c_Sarina-Chamatova-768x347.jpg"},"dai-list":{"file":"260426_MuSu_c_Sarina-Chamatova-140x140.jpg","width":140,"height":140,"mime-type":"image\/jpeg","filesize":6462,"source_url":"https:\/\/dai-heidelberg.de\/de\/wp-content\/uploads\/sites\/2\/2026\/03\/260426_MuSu_c_Sarina-Chamatova-140x140.jpg"},"dai-selector":{"file":"260426_MuSu_c_Sarina-Chamatova-240x170.jpg","width":240,"height":170,"mime-type":"image\/jpeg","filesize":11783,"source_url":"https:\/\/dai-heidelberg.de\/de\/wp-content\/uploads\/sites\/2\/2026\/03\/260426_MuSu_c_Sarina-Chamatova-240x170.jpg"},"dai-hof":{"file":"260426_MuSu_c_Sarina-Chamatova-240x192.jpg","width":240,"height":192,"mime-type":"image\/jpeg","filesize":13000,"source_url":"https:\/\/dai-heidelberg.de\/de\/wp-content\/uploads\/sites\/2\/2026\/03\/260426_MuSu_c_Sarina-Chamatova-240x192.jpg"}},"image_meta":{"aperture":"0","credit":"","camera":"","caption":"","created_timestamp":"0","copyright":"","focal_length":"0","iso":"0","shutter_speed":"0","title":"","orientation":"0","keywords":[]}},"post":73219,"source_url":"https:\/\/dai-heidelberg.de\/de\/wp-content\/uploads\/sites\/2\/2026\/03\/260426_MuSu_c_Sarina-Chamatova.jpg"},"post-meta-fields":{"_edit_lock":["1773166816:10"],"_edit_last":["10"],"_thumbnail_id":["73222"],"dai_event_datetime":["2026-06-14 11:00"],"dai_event_status":["planned"],"dai_event_language":["de"],"dai_event_type":["at_location"],"dai_event_featured":["0"],"dai_event_artist":["Mozart, Streichquintette"],"dai_event_subtext":["Marcus Imbsweiler & Timo Jouko Herrmann"],"dai_event_ticket_freeadmission":["0"],"dai_autotranslate_should_translate":["1"],"dai_event_venus_id":["69ab1c999522e26c54802956"],"dai_event_venus_image_id":["69ab1c9a82c606e9ae98bab3"],"dai_event_venus_image_thumbnail_id":["73222"],"dai_event_venus_updated_at":["2026-04-30 11:10:54"],"dai_event_ticket_link":["https:\/\/dai-heidelberg.reservix.de\/p\/reservix\/group\/366714"],"dai_event_ticket_price_presale_standard":["11,90"],"dai_event_ticket_price_presale_reduced":["9,90"],"dai_event_ticket_price_presale_member":["6,90"]},"yoast_head":"<!-- This site is optimized with the Yoast SEO plugin v27.4 - https:\/\/yoast.com\/product\/yoast-seo-wordpress\/ -->\n<title>Veranstaltungen - Deutsch-Amerikanisches Institut. Haus der Kultur.<\/title>\n<meta name=\"robots\" content=\"index, follow, max-snippet:-1, max-image-preview:large, max-video-preview:-1\" \/>\n<link rel=\"canonical\" href=\"https:\/\/dai-heidelberg.de\/de\/?post_type=dai_event&p=73330\" \/>\n<meta property=\"og:locale\" content=\"de_DE\" \/>\n<meta property=\"og:type\" content=\"article\" \/>\n<meta property=\"og:title\" content=\"Veranstaltungen - Deutsch-Amerikanisches Institut. Haus der Kultur.\" \/>\n<meta property=\"og:description\" content=\"Der noch jungen Gattung des Streichquintetts wandte sich Mozart nach einem ersten Versuch aus den 1770er-Jahren erst in der Sp\u00e4tphase&nbsp;&hellip;\" \/>\n<meta property=\"og:url\" content=\"https:\/\/dai-heidelberg.de\/de\/?post_type=dai_event&amp;p=73330\" \/>\n<meta property=\"og:site_name\" content=\"DAI Deutsch\" \/>\n<meta property=\"article:modified_time\" content=\"2026-03-10T18:21:01+00:00\" \/>\n<meta name=\"twitter:label1\" content=\"Gesch\u00e4tzte Lesezeit\" \/>\n\t<meta name=\"twitter:data1\" content=\"1\u00a0Minute\" \/>\n<script type=\"application\/ld+json\" class=\"yoast-schema-graph\">{\"@context\":\"https:\\\/\\\/schema.org\",\"@graph\":[{\"@type\":\"WebPage\",\"@id\":\"https:\\\/\\\/dai-heidelberg.de\\\/de\\\/?post_type=dai_event&p=73330\",\"url\":\"https:\\\/\\\/dai-heidelberg.de\\\/de\\\/?post_type=dai_event&p=73330\",\"name\":\"Veranstaltungen - Deutsch-Amerikanisches Institut. Haus der Kultur.\",\"isPartOf\":{\"@id\":\"https:\\\/\\\/dai-heidelberg.de\\\/de\\\/#website\"},\"primaryImageOfPage\":{\"@id\":\"https:\\\/\\\/dai-heidelberg.de\\\/de\\\/?post_type=dai_event&p=73330#primaryimage\"},\"image\":{\"@id\":\"https:\\\/\\\/dai-heidelberg.de\\\/de\\\/?post_type=dai_event&p=73330#primaryimage\"},\"thumbnailUrl\":\"https:\\\/\\\/dai-heidelberg.de\\\/de\\\/wp-content\\\/uploads\\\/sites\\\/2\\\/2026\\\/03\\\/260426_MuSu_c_Sarina-Chamatova.jpg\",\"datePublished\":\"2026-03-06T18:27:28+00:00\",\"dateModified\":\"2026-03-10T18:21:01+00:00\",\"breadcrumb\":{\"@id\":\"https:\\\/\\\/dai-heidelberg.de\\\/de\\\/?post_type=dai_event&p=73330#breadcrumb\"},\"inLanguage\":\"de\",\"potentialAction\":[{\"@type\":\"ReadAction\",\"target\":[\"https:\\\/\\\/dai-heidelberg.de\\\/de\\\/?post_type=dai_event&p=73330\"]}]},{\"@type\":\"ImageObject\",\"inLanguage\":\"de\",\"@id\":\"https:\\\/\\\/dai-heidelberg.de\\\/de\\\/?post_type=dai_event&p=73330#primaryimage\",\"url\":\"https:\\\/\\\/dai-heidelberg.de\\\/de\\\/wp-content\\\/uploads\\\/sites\\\/2\\\/2026\\\/03\\\/260426_MuSu_c_Sarina-Chamatova.jpg\",\"contentUrl\":\"https:\\\/\\\/dai-heidelberg.de\\\/de\\\/wp-content\\\/uploads\\\/sites\\\/2\\\/2026\\\/03\\\/260426_MuSu_c_Sarina-Chamatova.jpg\",\"width\":820,\"height\":370,\"caption\":\"Foto: Sarina Chamatova\"},{\"@type\":\"BreadcrumbList\",\"@id\":\"https:\\\/\\\/dai-heidelberg.de\\\/de\\\/?post_type=dai_event&p=73330#breadcrumb\",\"itemListElement\":[{\"@type\":\"ListItem\",\"position\":1,\"name\":\"Startseite\",\"item\":\"https:\\\/\\\/dai-heidelberg.de\\\/de\\\/\"},{\"@type\":\"ListItem\",\"position\":2,\"name\":\"Veranstaltungen\",\"item\":\"https:\\\/\\\/dai-heidelberg.de\\\/de\\\/veranstaltungen\\\/\"},{\"@type\":\"ListItem\",\"position\":3,\"name\":\"Musical Sunday\"}]},{\"@type\":\"WebSite\",\"@id\":\"https:\\\/\\\/dai-heidelberg.de\\\/de\\\/#website\",\"url\":\"https:\\\/\\\/dai-heidelberg.de\\\/de\\\/\",\"name\":\"DAI Deutsch\",\"description\":\"Deutsch-Amerikanisches Institut. Haus der Kultur.\",\"potentialAction\":[{\"@type\":\"SearchAction\",\"target\":{\"@type\":\"EntryPoint\",\"urlTemplate\":\"https:\\\/\\\/dai-heidelberg.de\\\/de\\\/?s={search_term_string}\"},\"query-input\":{\"@type\":\"PropertyValueSpecification\",\"valueRequired\":true,\"valueName\":\"search_term_string\"}}],\"inLanguage\":\"de\"}]}<\/script>\n<!-- \/ Yoast SEO plugin. -->","yoast_head_json":{"title":"Veranstaltungen - Deutsch-Amerikanisches Institut. Haus der Kultur.","robots":{"index":"index","follow":"follow","max-snippet":"max-snippet:-1","max-image-preview":"max-image-preview:large","max-video-preview":"max-video-preview:-1"},"canonical":"https:\/\/dai-heidelberg.de\/de\/?post_type=dai_event&p=73330","og_locale":"de_DE","og_type":"article","og_title":"Veranstaltungen - Deutsch-Amerikanisches Institut. Haus der Kultur.","og_description":"Der noch jungen Gattung des Streichquintetts wandte sich Mozart nach einem ersten Versuch aus den 1770er-Jahren erst in der Sp\u00e4tphase&nbsp;&hellip;","og_url":"https:\/\/dai-heidelberg.de\/de\/?post_type=dai_event&p=73330","og_site_name":"DAI Deutsch","article_modified_time":"2026-03-10T18:21:01+00:00","twitter_misc":{"Gesch\u00e4tzte Lesezeit":"1\u00a0Minute"},"schema":{"@context":"https:\/\/schema.org","@graph":[{"@type":"WebPage","@id":"https:\/\/dai-heidelberg.de\/de\/?post_type=dai_event&p=73330","url":"https:\/\/dai-heidelberg.de\/de\/?post_type=dai_event&p=73330","name":"Veranstaltungen - Deutsch-Amerikanisches Institut. Haus der Kultur.","isPartOf":{"@id":"https:\/\/dai-heidelberg.de\/de\/#website"},"primaryImageOfPage":{"@id":"https:\/\/dai-heidelberg.de\/de\/?post_type=dai_event&p=73330#primaryimage"},"image":{"@id":"https:\/\/dai-heidelberg.de\/de\/?post_type=dai_event&p=73330#primaryimage"},"thumbnailUrl":"https:\/\/dai-heidelberg.de\/de\/wp-content\/uploads\/sites\/2\/2026\/03\/260426_MuSu_c_Sarina-Chamatova.jpg","datePublished":"2026-03-06T18:27:28+00:00","dateModified":"2026-03-10T18:21:01+00:00","breadcrumb":{"@id":"https:\/\/dai-heidelberg.de\/de\/?post_type=dai_event&p=73330#breadcrumb"},"inLanguage":"de","potentialAction":[{"@type":"ReadAction","target":["https:\/\/dai-heidelberg.de\/de\/?post_type=dai_event&p=73330"]}]},{"@type":"ImageObject","inLanguage":"de","@id":"https:\/\/dai-heidelberg.de\/de\/?post_type=dai_event&p=73330#primaryimage","url":"https:\/\/dai-heidelberg.de\/de\/wp-content\/uploads\/sites\/2\/2026\/03\/260426_MuSu_c_Sarina-Chamatova.jpg","contentUrl":"https:\/\/dai-heidelberg.de\/de\/wp-content\/uploads\/sites\/2\/2026\/03\/260426_MuSu_c_Sarina-Chamatova.jpg","width":820,"height":370,"caption":"Foto: Sarina Chamatova"},{"@type":"BreadcrumbList","@id":"https:\/\/dai-heidelberg.de\/de\/?post_type=dai_event&p=73330#breadcrumb","itemListElement":[{"@type":"ListItem","position":1,"name":"Startseite","item":"https:\/\/dai-heidelberg.de\/de\/"},{"@type":"ListItem","position":2,"name":"Veranstaltungen","item":"https:\/\/dai-heidelberg.de\/de\/veranstaltungen\/"},{"@type":"ListItem","position":3,"name":"Musical Sunday"}]},{"@type":"WebSite","@id":"https:\/\/dai-heidelberg.de\/de\/#website","url":"https:\/\/dai-heidelberg.de\/de\/","name":"DAI Deutsch","description":"Deutsch-Amerikanisches Institut. Haus der Kultur.","potentialAction":[{"@type":"SearchAction","target":{"@type":"EntryPoint","urlTemplate":"https:\/\/dai-heidelberg.de\/de\/?s={search_term_string}"},"query-input":{"@type":"PropertyValueSpecification","valueRequired":true,"valueName":"search_term_string"}}],"inLanguage":"de"}]}},"_links":{"self":[{"href":"https:\/\/dai-heidelberg.de\/de\/wp-json\/wp\/v2\/dai_event\/73330","targetHints":{"allow":["GET"]}}],"collection":[{"href":"https:\/\/dai-heidelberg.de\/de\/wp-json\/wp\/v2\/dai_event"}],"about":[{"href":"https:\/\/dai-heidelberg.de\/de\/wp-json\/wp\/v2\/types\/dai_event"}],"version-history":[{"count":1,"href":"https:\/\/dai-heidelberg.de\/de\/wp-json\/wp\/v2\/dai_event\/73330\/revisions"}],"predecessor-version":[{"id":73331,"href":"https:\/\/dai-heidelberg.de\/de\/wp-json\/wp\/v2\/dai_event\/73330\/revisions\/73331"}],"wp:featuredmedia":[{"embeddable":true,"href":"https:\/\/dai-heidelberg.de\/de\/wp-json\/wp\/v2\/media\/73222"}],"wp:attachment":[{"href":"https:\/\/dai-heidelberg.de\/de\/wp-json\/wp\/v2\/media?parent=73330"}],"wp:term":[{"taxonomy":"post_tag","embeddable":true,"href":"https:\/\/dai-heidelberg.de\/de\/wp-json\/wp\/v2\/tags?post=73330"},{"taxonomy":"dai_event_category","embeddable":true,"href":"https:\/\/dai-heidelberg.de\/de\/wp-json\/wp\/v2\/dai_event_category?post=73330"},{"taxonomy":"dai_event_type","embeddable":true,"href":"https:\/\/dai-heidelberg.de\/de\/wp-json\/wp\/v2\/dai_event_type?post=73330"},{"taxonomy":"dai_event_location","embeddable":true,"href":"https:\/\/dai-heidelberg.de\/de\/wp-json\/wp\/v2\/dai_event_location?post=73330"}],"curies":[{"name":"wp","href":"https:\/\/api.w.org\/{rel}","templated":true}]}}

<p>Der noch jungen Gattung des Streichquintetts wandte sich Mozart nach einem ersten Versuch aus den 1770er-Jahren erst in der Spätphase seines Schaffens intensiver zu. Die anspruchsvollen späten Werke stellten einen Höhepunkt im kammermusikalischen Schaffen der Wiener Klassik dar und waren vorbildhaft für viele spätere Quintettkompositionen von Schubert bis Brahms. Lebensbejahende Kraft und bedrückende Melancholie stehen sich in diesen Kompositionen ebenso gegenüber wie kontrapunktische Kunstfertigkeit und volkstümliche Melodik.</p>
<p>Zwei Enthusiasten der Musik tauchen mit dem Publikum tief und zugleich schwungvoll in die Werke ein: <strong>Marcus Imbsweiler</strong> veröffentlicht Romane, auch Erzählungen über Komponisten.<strong> Timo Jouko Herrmann</strong> ist Komponist, Violinist und Gastdirigent der Heidelberger Sinfoniker.</p>

<p>Der noch jungen Gattung des Streichquintetts wandte sich Mozart nach einem ersten Versuch aus den 1770er-Jahren erst in der Spätphase&nbsp;&hellip;</p>

<!-- This site is optimized with the Yoast SEO plugin v27.4 - https://yoast.com/product/yoast-seo-wordpress/ -->
<title>Veranstaltungen - Deutsch-Amerikanisches Institut. Haus der Kultur.</title>
<meta name="robots" content="index, follow, max-snippet:-1, max-image-preview:large, max-video-preview:-1" />
<link rel="canonical" href="https://dai-heidelberg.de/de/?post_type=dai_event&p=73330" />
<meta property="og:locale" content="de_DE" />
<meta property="og:type" content="article" />
<meta property="og:title" content="Veranstaltungen - Deutsch-Amerikanisches Institut. Haus der Kultur." />
<meta property="og:description" content="Der noch jungen Gattung des Streichquintetts wandte sich Mozart nach einem ersten Versuch aus den 1770er-Jahren erst in der Spätphase&nbsp;&hellip;" />
<meta property="og:url" content="https://dai-heidelberg.de/de/?post_type=dai_event&amp;p=73330" />
<meta property="og:site_name" content="DAI Deutsch" />
<meta property="article:modified_time" content="2026-03-10T18:21:01+00:00" />
<meta name="twitter:label1" content="Geschätzte Lesezeit" />
	<meta name="twitter:data1" content="1 Minute" />
<script type="application/ld+json" class="yoast-schema-graph">{"@context":"https:\/\/schema.org","@graph":[{"@type":"WebPage","@id":"https:\/\/dai-heidelberg.de\/de\/?post_type=dai_event&p=73330","url":"https:\/\/dai-heidelberg.de\/de\/?post_type=dai_event&p=73330","name":"Veranstaltungen - Deutsch-Amerikanisches Institut. Haus der Kultur.","isPartOf":{"@id":"https:\/\/dai-heidelberg.de\/de\/#website"},"primaryImageOfPage":{"@id":"https:\/\/dai-heidelberg.de\/de\/?post_type=dai_event&p=73330#primaryimage"},"image":{"@id":"https:\/\/dai-heidelberg.de\/de\/?post_type=dai_event&p=73330#primaryimage"},"thumbnailUrl":"https:\/\/dai-heidelberg.de\/de\/wp-content\/uploads\/sites\/2\/2026\/03\/260426_MuSu_c_Sarina-Chamatova.jpg","datePublished":"2026-03-06T18:27:28+00:00","dateModified":"2026-03-10T18:21:01+00:00","breadcrumb":{"@id":"https:\/\/dai-heidelberg.de\/de\/?post_type=dai_event&p=73330#breadcrumb"},"inLanguage":"de","potentialAction":[{"@type":"ReadAction","target":["https:\/\/dai-heidelberg.de\/de\/?post_type=dai_event&p=73330"]}]},{"@type":"ImageObject","inLanguage":"de","@id":"https:\/\/dai-heidelberg.de\/de\/?post_type=dai_event&p=73330#primaryimage","url":"https:\/\/dai-heidelberg.de\/de\/wp-content\/uploads\/sites\/2\/2026\/03\/260426_MuSu_c_Sarina-Chamatova.jpg","contentUrl":"https:\/\/dai-heidelberg.de\/de\/wp-content\/uploads\/sites\/2\/2026\/03\/260426_MuSu_c_Sarina-Chamatova.jpg","width":820,"height":370,"caption":"Foto: Sarina Chamatova"},{"@type":"BreadcrumbList","@id":"https:\/\/dai-heidelberg.de\/de\/?post_type=dai_event&p=73330#breadcrumb","itemListElement":[{"@type":"ListItem","position":1,"name":"Startseite","item":"https:\/\/dai-heidelberg.de\/de\/"},{"@type":"ListItem","position":2,"name":"Veranstaltungen","item":"https:\/\/dai-heidelberg.de\/de\/veranstaltungen\/"},{"@type":"ListItem","position":3,"name":"Musical Sunday"}]},{"@type":"WebSite","@id":"https:\/\/dai-heidelberg.de\/de\/#website","url":"https:\/\/dai-heidelberg.de\/de\/","name":"DAI Deutsch","description":"Deutsch-Amerikanisches Institut. Haus der Kultur.","potentialAction":[{"@type":"SearchAction","target":{"@type":"EntryPoint","urlTemplate":"https:\/\/dai-heidelberg.de\/de\/?s={search_term_string}"},"query-input":{"@type":"PropertyValueSpecification","valueRequired":true,"valueName":"search_term_string"}}],"inLanguage":"de"}]}</script>
<!-- / Yoast SEO plugin. -->

Der noch jungen Gattung des Streichquintetts wandte sich Mozart nach einem ersten Versuch aus den 1770er-Jahren erst in der Spätphase&nbsp;&hellip;
