{"id":71275,"date":"2025-10-22T14:17:33","date_gmt":"2025-10-22T12:17:33","guid":{"rendered":"https:\/\/dai-heidelberg.de\/de\/?post_type=dai_event&#038;p=71275"},"modified":"2026-03-26T14:15:31","modified_gmt":"2026-03-26T13:15:31","slug":"katrin-schaudig-katrin-simonsen-2","status":"publish","type":"dai_event","link":"https:\/\/dai-heidelberg.de\/de\/veranstaltungen\/katrin-schaudig-katrin-simonsen-2-71275\/","title":{"rendered":"Katrin Schaudig &amp; Katrin Simonsen"},"content":{"rendered":"<p>Die weibliche Lebensmitte hat es in sich: Stimmungstiefs, Gelenkschmerzen, Schlafst\u00f6rungen, Gewichts\u00adzunahme, Hitzewallungen. Wenn die Hormone verr\u00fccktspielen, beginnt f\u00fcr Frauen eine oft leidvolle, obgleich ganz nat\u00fcrliche Lebensphase.<\/p>\n<p>Katrin Schaudig und Katrin Simonsen beantworten die wichtigsten Fragen zu den Wechseljahren. Sie gehen auf die Vielzahl der Symptome ein, erkl\u00e4ren biologische Zusammenh\u00e4nge, erl\u00e4utern Therapiem\u00f6glichkeiten. Ein wissenschaftlich profunder und unterhaltsamer Abend mit zwei charmanten Expertinnen.<\/p>\n<p><strong>Dr. Katrin Schaudig<\/strong> ist Frauen\u00e4rztin und spezialisiert auf Hormonst\u00f6rungen. Sie ist Pr\u00e4sidentin der Deutschen Menopausegesellschaft.<\/p>\n<p><strong>Katrin Simonsen<\/strong> hat Journalistik und Psychologie studiert. Sie hat den Podcast Hormongesteuert zu\u00adsam\u00ad\u00admen mit Katrin Schaudig ins Leben gerufen.<\/p>\n<p><strong>Einf\u00fchrung:<\/strong> Dr. Sema Kolay, Gyn\u00e4kologin mit Schwerpunkt Endokrinologie und Reproduktionsmedizin .<\/p>\n","protected":false},"excerpt":{"rendered":"<p>Die weibliche Lebensmitte hat es in sich: Stimmungstiefs, Gelenkschmerzen, Schlafst\u00f6rungen, Gewichts\u00adzunahme, Hitzewallungen. Wenn die Hormone verr\u00fccktspielen, beginnt f\u00fcr Frauen eine&nbsp;&hellip;<\/p>\n","protected":false},"featured_media":0,"template":"","meta":{"footnotes":""},"tags":[],"dai_event_category":[6],"dai_event_type":[209,12],"dai_event_location":[],"class_list":["post-71275","dai_event","type-dai_event","status-publish","hentry","dai_event_category-kulturveranstaltungen","dai_event_type-geist-heidelberg","dai_event_type-im-dialog"],"better_featured_image":null,"post-meta-fields":{"dai_event_datetime":["2025-11-23 17:00"],"dai_event_featured":["0"],"dai_event_artist":["Hot Stuff"],"dai_event_subtext":["Der Kompass f\u00fcr den hormonellen Ausnahmezustand"],"dai_event_ticket_freeadmission":["0"],"dai_autotranslate_should_translate":["1"],"dai_event_ticket_link":["https:\/\/shop.reservix.de\/?id=36ae96de8dddc4df70dce3f39db2b886ff117b9261533f02fa35ea4a3191d65e3a64633f4652f2d1ba3a365eff82ca70&vID=2736&eventGrpID=513224&eventID=2444969"],"dai_event_ticket_price_presale_standard":["11,90"],"dai_event_ticket_price_presale_reduced":["9,90"],"dai_event_ticket_price_presale_member":["6,90"],"_dp_original":["69855"],"_edit_lock":["1774530804:10"],"_edit_last":["10"],"dai_event_status":["planned"],"dai_event_language":["de"],"dai_event_type":["at_location"],"dai_event_notice":["Vorverkauf beendet"],"dai_event_content_notice":["Vorverkauf beendet. Restkarten an der Abendkasse."],"dai_event_venus_id":["69c5317173cf357701fa93df"],"dai_event_venus_updated_at":["2026-03-26 13:15:30"]},"yoast_head":"<!-- This site is optimized with the Yoast SEO plugin v27.4 - https:\/\/yoast.com\/product\/yoast-seo-wordpress\/ -->\n<title>Veranstaltungen - Deutsch-Amerikanisches Institut. Haus der Kultur.<\/title>\n<meta name=\"robots\" content=\"index, follow, max-snippet:-1, max-image-preview:large, max-video-preview:-1\" \/>\n<link rel=\"canonical\" href=\"https:\/\/dai-heidelberg.de\/de\/?post_type=dai_event&p=71275\" \/>\n<meta property=\"og:locale\" content=\"de_DE\" \/>\n<meta property=\"og:type\" content=\"article\" \/>\n<meta property=\"og:title\" content=\"Veranstaltungen - Deutsch-Amerikanisches Institut. Haus der Kultur.\" \/>\n<meta property=\"og:description\" content=\"Die weibliche Lebensmitte hat es in sich: Stimmungstiefs, Gelenkschmerzen, Schlafst\u00f6rungen, Gewichts\u00adzunahme, Hitzewallungen. Wenn die Hormone verr\u00fccktspielen, beginnt f\u00fcr Frauen eine&nbsp;&hellip;\" \/>\n<meta property=\"og:url\" content=\"https:\/\/dai-heidelberg.de\/de\/?post_type=dai_event&amp;p=71275\" \/>\n<meta property=\"og:site_name\" content=\"DAI Deutsch\" \/>\n<meta property=\"article:modified_time\" content=\"2026-03-26T13:15:31+00:00\" \/>\n<meta property=\"og:image\" content=\"https:\/\/dai-heidelberg.de\/de\/wp-content\/uploads\/sites\/2\/2025\/07\/251024_Schaudig-und-Simonsen_c_MDR_Aktuell_Isabel_Gruhle_lizenziert_durch_MDR_Media_2025.jpg\" \/>\n\t<meta property=\"og:image:width\" content=\"820\" \/>\n\t<meta property=\"og:image:height\" content=\"370\" \/>\n\t<meta property=\"og:image:type\" content=\"image\/jpeg\" \/>\n<meta name=\"twitter:label1\" content=\"Gesch\u00e4tzte Lesezeit\" \/>\n\t<meta name=\"twitter:data1\" content=\"1\u00a0Minute\" \/>\n<script type=\"application\/ld+json\" class=\"yoast-schema-graph\">{\"@context\":\"https:\\\/\\\/schema.org\",\"@graph\":[{\"@type\":\"WebPage\",\"@id\":\"https:\\\/\\\/dai-heidelberg.de\\\/de\\\/?post_type=dai_event&p=71275\",\"url\":\"https:\\\/\\\/dai-heidelberg.de\\\/de\\\/?post_type=dai_event&p=71275\",\"name\":\"Veranstaltungen - Deutsch-Amerikanisches Institut. Haus der Kultur.\",\"isPartOf\":{\"@id\":\"https:\\\/\\\/dai-heidelberg.de\\\/de\\\/#website\"},\"datePublished\":\"2025-10-22T12:17:33+00:00\",\"dateModified\":\"2026-03-26T13:15:31+00:00\",\"breadcrumb\":{\"@id\":\"https:\\\/\\\/dai-heidelberg.de\\\/de\\\/?post_type=dai_event&p=71275#breadcrumb\"},\"inLanguage\":\"de\",\"potentialAction\":[{\"@type\":\"ReadAction\",\"target\":[\"https:\\\/\\\/dai-heidelberg.de\\\/de\\\/?post_type=dai_event&p=71275\"]}]},{\"@type\":\"BreadcrumbList\",\"@id\":\"https:\\\/\\\/dai-heidelberg.de\\\/de\\\/?post_type=dai_event&p=71275#breadcrumb\",\"itemListElement\":[{\"@type\":\"ListItem\",\"position\":1,\"name\":\"Startseite\",\"item\":\"https:\\\/\\\/dai-heidelberg.de\\\/de\\\/\"},{\"@type\":\"ListItem\",\"position\":2,\"name\":\"Veranstaltungen\",\"item\":\"https:\\\/\\\/dai-heidelberg.de\\\/de\\\/veranstaltungen\\\/\"},{\"@type\":\"ListItem\",\"position\":3,\"name\":\"Katrin Schaudig &amp; Katrin Simonsen\"}]},{\"@type\":\"WebSite\",\"@id\":\"https:\\\/\\\/dai-heidelberg.de\\\/de\\\/#website\",\"url\":\"https:\\\/\\\/dai-heidelberg.de\\\/de\\\/\",\"name\":\"DAI Deutsch\",\"description\":\"Deutsch-Amerikanisches Institut. Haus der Kultur.\",\"potentialAction\":[{\"@type\":\"SearchAction\",\"target\":{\"@type\":\"EntryPoint\",\"urlTemplate\":\"https:\\\/\\\/dai-heidelberg.de\\\/de\\\/?s={search_term_string}\"},\"query-input\":{\"@type\":\"PropertyValueSpecification\",\"valueRequired\":true,\"valueName\":\"search_term_string\"}}],\"inLanguage\":\"de\"}]}<\/script>\n<!-- \/ Yoast SEO plugin. -->","yoast_head_json":{"title":"Veranstaltungen - Deutsch-Amerikanisches Institut. Haus der Kultur.","robots":{"index":"index","follow":"follow","max-snippet":"max-snippet:-1","max-image-preview":"max-image-preview:large","max-video-preview":"max-video-preview:-1"},"canonical":"https:\/\/dai-heidelberg.de\/de\/?post_type=dai_event&p=71275","og_locale":"de_DE","og_type":"article","og_title":"Veranstaltungen - Deutsch-Amerikanisches Institut. Haus der Kultur.","og_description":"Die weibliche Lebensmitte hat es in sich: Stimmungstiefs, Gelenkschmerzen, Schlafst\u00f6rungen, Gewichts\u00adzunahme, Hitzewallungen. Wenn die Hormone verr\u00fccktspielen, beginnt f\u00fcr Frauen eine&nbsp;&hellip;","og_url":"https:\/\/dai-heidelberg.de\/de\/?post_type=dai_event&p=71275","og_site_name":"DAI Deutsch","article_modified_time":"2026-03-26T13:15:31+00:00","og_image":[{"width":820,"height":370,"url":"https:\/\/dai-heidelberg.de\/de\/wp-content\/uploads\/sites\/2\/2025\/07\/251024_Schaudig-und-Simonsen_c_MDR_Aktuell_Isabel_Gruhle_lizenziert_durch_MDR_Media_2025.jpg","type":"image\/jpeg"}],"twitter_misc":{"Gesch\u00e4tzte Lesezeit":"1\u00a0Minute"},"schema":{"@context":"https:\/\/schema.org","@graph":[{"@type":"WebPage","@id":"https:\/\/dai-heidelberg.de\/de\/?post_type=dai_event&p=71275","url":"https:\/\/dai-heidelberg.de\/de\/?post_type=dai_event&p=71275","name":"Veranstaltungen - Deutsch-Amerikanisches Institut. Haus der Kultur.","isPartOf":{"@id":"https:\/\/dai-heidelberg.de\/de\/#website"},"datePublished":"2025-10-22T12:17:33+00:00","dateModified":"2026-03-26T13:15:31+00:00","breadcrumb":{"@id":"https:\/\/dai-heidelberg.de\/de\/?post_type=dai_event&p=71275#breadcrumb"},"inLanguage":"de","potentialAction":[{"@type":"ReadAction","target":["https:\/\/dai-heidelberg.de\/de\/?post_type=dai_event&p=71275"]}]},{"@type":"BreadcrumbList","@id":"https:\/\/dai-heidelberg.de\/de\/?post_type=dai_event&p=71275#breadcrumb","itemListElement":[{"@type":"ListItem","position":1,"name":"Startseite","item":"https:\/\/dai-heidelberg.de\/de\/"},{"@type":"ListItem","position":2,"name":"Veranstaltungen","item":"https:\/\/dai-heidelberg.de\/de\/veranstaltungen\/"},{"@type":"ListItem","position":3,"name":"Katrin Schaudig &amp; Katrin Simonsen"}]},{"@type":"WebSite","@id":"https:\/\/dai-heidelberg.de\/de\/#website","url":"https:\/\/dai-heidelberg.de\/de\/","name":"DAI Deutsch","description":"Deutsch-Amerikanisches Institut. Haus der Kultur.","potentialAction":[{"@type":"SearchAction","target":{"@type":"EntryPoint","urlTemplate":"https:\/\/dai-heidelberg.de\/de\/?s={search_term_string}"},"query-input":{"@type":"PropertyValueSpecification","valueRequired":true,"valueName":"search_term_string"}}],"inLanguage":"de"}]}},"_links":{"self":[{"href":"https:\/\/dai-heidelberg.de\/de\/wp-json\/wp\/v2\/dai_event\/71275","targetHints":{"allow":["GET"]}}],"collection":[{"href":"https:\/\/dai-heidelberg.de\/de\/wp-json\/wp\/v2\/dai_event"}],"about":[{"href":"https:\/\/dai-heidelberg.de\/de\/wp-json\/wp\/v2\/types\/dai_event"}],"version-history":[{"count":1,"href":"https:\/\/dai-heidelberg.de\/de\/wp-json\/wp\/v2\/dai_event\/71275\/revisions"}],"predecessor-version":[{"id":71276,"href":"https:\/\/dai-heidelberg.de\/de\/wp-json\/wp\/v2\/dai_event\/71275\/revisions\/71276"}],"wp:attachment":[{"href":"https:\/\/dai-heidelberg.de\/de\/wp-json\/wp\/v2\/media?parent=71275"}],"wp:term":[{"taxonomy":"post_tag","embeddable":true,"href":"https:\/\/dai-heidelberg.de\/de\/wp-json\/wp\/v2\/tags?post=71275"},{"taxonomy":"dai_event_category","embeddable":true,"href":"https:\/\/dai-heidelberg.de\/de\/wp-json\/wp\/v2\/dai_event_category?post=71275"},{"taxonomy":"dai_event_type","embeddable":true,"href":"https:\/\/dai-heidelberg.de\/de\/wp-json\/wp\/v2\/dai_event_type?post=71275"},{"taxonomy":"dai_event_location","embeddable":true,"href":"https:\/\/dai-heidelberg.de\/de\/wp-json\/wp\/v2\/dai_event_location?post=71275"}],"curies":[{"name":"wp","href":"https:\/\/api.w.org\/{rel}","templated":true}]}}

<p>Die weibliche Lebensmitte hat es in sich: Stimmungstiefs, Gelenkschmerzen, Schlafstörungen, Gewichts­zunahme, Hitzewallungen. Wenn die Hormone verrücktspielen, beginnt für Frauen eine oft leidvolle, obgleich ganz natürliche Lebensphase.</p>
<p>Katrin Schaudig und Katrin Simonsen beantworten die wichtigsten Fragen zu den Wechseljahren. Sie gehen auf die Vielzahl der Symptome ein, erklären biologische Zusammenhänge, erläutern Therapiemöglichkeiten. Ein wissenschaftlich profunder und unterhaltsamer Abend mit zwei charmanten Expertinnen.</p>
<p><strong>Dr. Katrin Schaudig</strong> ist Frauenärztin und spezialisiert auf Hormonstörungen. Sie ist Präsidentin der Deutschen Menopausegesellschaft.</p>
<p><strong>Katrin Simonsen</strong> hat Journalistik und Psychologie studiert. Sie hat den Podcast Hormongesteuert zu­sam­­men mit Katrin Schaudig ins Leben gerufen.</p>
<p><strong>Einführung:</strong> Dr. Sema Kolay, Gynäkologin mit Schwerpunkt Endokrinologie und Reproduktionsmedizin .</p>

<p>Die weibliche Lebensmitte hat es in sich: Stimmungstiefs, Gelenkschmerzen, Schlafstörungen, Gewichts­zunahme, Hitzewallungen. Wenn die Hormone verrücktspielen, beginnt für Frauen eine&nbsp;&hellip;</p>

Der Kompass für den hormonellen Ausnahmezustand

<!-- This site is optimized with the Yoast SEO plugin v27.4 - https://yoast.com/product/yoast-seo-wordpress/ -->
<title>Veranstaltungen - Deutsch-Amerikanisches Institut. Haus der Kultur.</title>
<meta name="robots" content="index, follow, max-snippet:-1, max-image-preview:large, max-video-preview:-1" />
<link rel="canonical" href="https://dai-heidelberg.de/de/?post_type=dai_event&p=71275" />
<meta property="og:locale" content="de_DE" />
<meta property="og:type" content="article" />
<meta property="og:title" content="Veranstaltungen - Deutsch-Amerikanisches Institut. Haus der Kultur." />
<meta property="og:description" content="Die weibliche Lebensmitte hat es in sich: Stimmungstiefs, Gelenkschmerzen, Schlafstörungen, Gewichts­zunahme, Hitzewallungen. Wenn die Hormone verrücktspielen, beginnt für Frauen eine&nbsp;&hellip;" />
<meta property="og:url" content="https://dai-heidelberg.de/de/?post_type=dai_event&amp;p=71275" />
<meta property="og:site_name" content="DAI Deutsch" />
<meta property="article:modified_time" content="2026-03-26T13:15:31+00:00" />
<meta property="og:image" content="https://dai-heidelberg.de/de/wp-content/uploads/sites/2/2025/07/251024_Schaudig-und-Simonsen_c_MDR_Aktuell_Isabel_Gruhle_lizenziert_durch_MDR_Media_2025.jpg" />
	<meta property="og:image:width" content="820" />
	<meta property="og:image:height" content="370" />
	<meta property="og:image:type" content="image/jpeg" />
<meta name="twitter:label1" content="Geschätzte Lesezeit" />
	<meta name="twitter:data1" content="1 Minute" />
<script type="application/ld+json" class="yoast-schema-graph">{"@context":"https:\/\/schema.org","@graph":[{"@type":"WebPage","@id":"https:\/\/dai-heidelberg.de\/de\/?post_type=dai_event&p=71275","url":"https:\/\/dai-heidelberg.de\/de\/?post_type=dai_event&p=71275","name":"Veranstaltungen - Deutsch-Amerikanisches Institut. Haus der Kultur.","isPartOf":{"@id":"https:\/\/dai-heidelberg.de\/de\/#website"},"datePublished":"2025-10-22T12:17:33+00:00","dateModified":"2026-03-26T13:15:31+00:00","breadcrumb":{"@id":"https:\/\/dai-heidelberg.de\/de\/?post_type=dai_event&p=71275#breadcrumb"},"inLanguage":"de","potentialAction":[{"@type":"ReadAction","target":["https:\/\/dai-heidelberg.de\/de\/?post_type=dai_event&p=71275"]}]},{"@type":"BreadcrumbList","@id":"https:\/\/dai-heidelberg.de\/de\/?post_type=dai_event&p=71275#breadcrumb","itemListElement":[{"@type":"ListItem","position":1,"name":"Startseite","item":"https:\/\/dai-heidelberg.de\/de\/"},{"@type":"ListItem","position":2,"name":"Veranstaltungen","item":"https:\/\/dai-heidelberg.de\/de\/veranstaltungen\/"},{"@type":"ListItem","position":3,"name":"Katrin Schaudig &amp; Katrin Simonsen"}]},{"@type":"WebSite","@id":"https:\/\/dai-heidelberg.de\/de\/#website","url":"https:\/\/dai-heidelberg.de\/de\/","name":"DAI Deutsch","description":"Deutsch-Amerikanisches Institut. Haus der Kultur.","potentialAction":[{"@type":"SearchAction","target":{"@type":"EntryPoint","urlTemplate":"https:\/\/dai-heidelberg.de\/de\/?s={search_term_string}"},"query-input":{"@type":"PropertyValueSpecification","valueRequired":true,"valueName":"search_term_string"}}],"inLanguage":"de"}]}</script>
<!-- / Yoast SEO plugin. -->

Die weibliche Lebensmitte hat es in sich: Stimmungstiefs, Gelenkschmerzen, Schlafstörungen, Gewichts­zunahme, Hitzewallungen. Wenn die Hormone verrücktspielen, beginnt für Frauen eine&nbsp;&hellip;
