{"id":69172,"date":"2025-05-23T14:37:01","date_gmt":"2025-05-23T12:37:01","guid":{"rendered":"https:\/\/dai-heidelberg.de\/de\/?post_type=dai_event&#038;p=69172"},"modified":"2025-06-03T14:24:20","modified_gmt":"2025-06-03T12:24:20","slug":"a-midsummer-nights-dream","status":"publish","type":"dai_event","link":"https:\/\/dai-heidelberg.de\/de\/veranstaltungen\/a-midsummer-nights-dream-69172\/","title":{"rendered":"A Midsummer Night\u2019s Dream"},"content":{"rendered":"<p>Wir feiern das Ende des Schuljahres und des Sommersemesters mit einem au\u00dfergew\u00f6hnlichen Jugendkonzert, das in diesem Jahr erstmalig vom DAI in Kooperation mit dem Studierendenrat der Universit\u00e4t Heidelberg veranstaltet wird. Eingeladen sind Sch\u00fclerInnen und Studierende sowie ihre Familien und alle Musikbegeisterten, die Lust auf einen geselligen Abend mit klassischer und zeitgen\u00f6ssischer Musik und vielem mehr haben. Das Programm wird am Abend selbst bekannt gegeben.<\/p>\n","protected":false},"excerpt":{"rendered":"<p>Wir feiern das Ende des Schuljahres und des Sommersemesters mit einem au\u00dfergew\u00f6hnlichen Jugendkonzert, das in diesem Jahr erstmalig vom DAI&nbsp;&hellip;<\/p>\n","protected":false},"featured_media":69173,"template":"","meta":{"footnotes":""},"tags":[],"dai_event_category":[6],"dai_event_type":[16,210],"dai_event_location":[],"class_list":["post-69172","dai_event","type-dai_event","status-publish","has-post-thumbnail","hentry","dai_event_category-kulturveranstaltungen","dai_event_type-konzert","dai_event_type-performance"],"better_featured_image":{"id":69173,"alt_text":"","caption":"Foto: Adobe Stock","description":"","media_type":"image","media_details":{"width":820,"height":370,"file":"2025\/05\/250725-A-Midsummer-Nights-Dream_c_Adobe-Stock.jpg","filesize":95418,"sizes":{"medium":{"file":"250725-A-Midsummer-Nights-Dream_c_Adobe-Stock-300x135.jpg","width":300,"height":135,"mime-type":"image\/jpeg","filesize":10751,"source_url":"https:\/\/dai-heidelberg.de\/de\/wp-content\/uploads\/sites\/2\/2025\/05\/250725-A-Midsummer-Nights-Dream_c_Adobe-Stock-300x135.jpg"},"thumbnail":{"file":"250725-A-Midsummer-Nights-Dream_c_Adobe-Stock-150x150.jpg","width":150,"height":150,"mime-type":"image\/jpeg","filesize":6791,"source_url":"https:\/\/dai-heidelberg.de\/de\/wp-content\/uploads\/sites\/2\/2025\/05\/250725-A-Midsummer-Nights-Dream_c_Adobe-Stock-150x150.jpg"},"medium_large":{"file":"250725-A-Midsummer-Nights-Dream_c_Adobe-Stock-768x347.jpg","width":768,"height":347,"mime-type":"image\/jpeg","filesize":44731,"source_url":"https:\/\/dai-heidelberg.de\/de\/wp-content\/uploads\/sites\/2\/2025\/05\/250725-A-Midsummer-Nights-Dream_c_Adobe-Stock-768x347.jpg"},"dai-list":{"file":"250725-A-Midsummer-Nights-Dream_c_Adobe-Stock-140x140.jpg","width":140,"height":140,"mime-type":"image\/jpeg","filesize":6198,"source_url":"https:\/\/dai-heidelberg.de\/de\/wp-content\/uploads\/sites\/2\/2025\/05\/250725-A-Midsummer-Nights-Dream_c_Adobe-Stock-140x140.jpg"},"dai-selector":{"file":"250725-A-Midsummer-Nights-Dream_c_Adobe-Stock-240x170.jpg","width":240,"height":170,"mime-type":"image\/jpeg","filesize":10456,"source_url":"https:\/\/dai-heidelberg.de\/de\/wp-content\/uploads\/sites\/2\/2025\/05\/250725-A-Midsummer-Nights-Dream_c_Adobe-Stock-240x170.jpg"},"dai-hof":{"file":"250725-A-Midsummer-Nights-Dream_c_Adobe-Stock-240x192.jpg","width":240,"height":192,"mime-type":"image\/jpeg","filesize":11324,"source_url":"https:\/\/dai-heidelberg.de\/de\/wp-content\/uploads\/sites\/2\/2025\/05\/250725-A-Midsummer-Nights-Dream_c_Adobe-Stock-240x192.jpg"}},"image_meta":{"aperture":"0","credit":"","camera":"","caption":"","created_timestamp":"0","copyright":"","focal_length":"0","iso":"0","shutter_speed":"0","title":"","orientation":"0","keywords":[]}},"post":69172,"source_url":"https:\/\/dai-heidelberg.de\/de\/wp-content\/uploads\/sites\/2\/2025\/05\/250725-A-Midsummer-Nights-Dream_c_Adobe-Stock.jpg"},"post-meta-fields":{"_edit_lock":["1748953326:10"],"_edit_last":["10"],"_thumbnail_id":["69173"],"dai_event_datetime":["2025-07-25 18:30"],"dai_event_featured":["0"],"dai_event_artist":["Klassische und zeitgen\u00f6ssische Musik und Dialog mit jungen Talenten aus der Region"],"dai_event_ticket_freeadmission":["0"],"dai_autotranslate_should_translate":["1"],"dai_event_notice":["Entf\u00e4llt"],"dai_event_content_notice":["Die Veranstaltung muss aus organisatorischen Gr\u00fcnden leider entfallen."]},"yoast_head":"<!-- This site is optimized with the Yoast SEO plugin v27.4 - https:\/\/yoast.com\/product\/yoast-seo-wordpress\/ -->\n<title>Veranstaltungen - Deutsch-Amerikanisches Institut. Haus der Kultur.<\/title>\n<meta name=\"robots\" content=\"index, follow, max-snippet:-1, max-image-preview:large, max-video-preview:-1\" \/>\n<link rel=\"canonical\" href=\"https:\/\/dai-heidelberg.de\/de\/?post_type=dai_event&p=69172\" \/>\n<meta property=\"og:locale\" content=\"de_DE\" \/>\n<meta property=\"og:type\" content=\"article\" \/>\n<meta property=\"og:title\" content=\"Veranstaltungen - Deutsch-Amerikanisches Institut. Haus der Kultur.\" \/>\n<meta property=\"og:description\" content=\"Wir feiern das Ende des Schuljahres und des Sommersemesters mit einem au\u00dfergew\u00f6hnlichen Jugendkonzert, das in diesem Jahr erstmalig vom DAI&nbsp;&hellip;\" \/>\n<meta property=\"og:url\" content=\"https:\/\/dai-heidelberg.de\/de\/?post_type=dai_event&amp;p=69172\" \/>\n<meta property=\"og:site_name\" content=\"DAI Deutsch\" \/>\n<meta property=\"article:modified_time\" content=\"2025-06-03T12:24:20+00:00\" \/>\n<script type=\"application\/ld+json\" class=\"yoast-schema-graph\">{\"@context\":\"https:\\\/\\\/schema.org\",\"@graph\":[{\"@type\":\"WebPage\",\"@id\":\"https:\\\/\\\/dai-heidelberg.de\\\/de\\\/?post_type=dai_event&p=69172\",\"url\":\"https:\\\/\\\/dai-heidelberg.de\\\/de\\\/?post_type=dai_event&p=69172\",\"name\":\"Veranstaltungen - Deutsch-Amerikanisches Institut. Haus der Kultur.\",\"isPartOf\":{\"@id\":\"https:\\\/\\\/dai-heidelberg.de\\\/de\\\/#website\"},\"primaryImageOfPage\":{\"@id\":\"https:\\\/\\\/dai-heidelberg.de\\\/de\\\/?post_type=dai_event&p=69172#primaryimage\"},\"image\":{\"@id\":\"https:\\\/\\\/dai-heidelberg.de\\\/de\\\/?post_type=dai_event&p=69172#primaryimage\"},\"thumbnailUrl\":\"https:\\\/\\\/dai-heidelberg.de\\\/de\\\/wp-content\\\/uploads\\\/sites\\\/2\\\/2025\\\/05\\\/250725-A-Midsummer-Nights-Dream_c_Adobe-Stock.jpg\",\"datePublished\":\"2025-05-23T12:37:01+00:00\",\"dateModified\":\"2025-06-03T12:24:20+00:00\",\"breadcrumb\":{\"@id\":\"https:\\\/\\\/dai-heidelberg.de\\\/de\\\/?post_type=dai_event&p=69172#breadcrumb\"},\"inLanguage\":\"de\",\"potentialAction\":[{\"@type\":\"ReadAction\",\"target\":[\"https:\\\/\\\/dai-heidelberg.de\\\/de\\\/?post_type=dai_event&p=69172\"]}]},{\"@type\":\"ImageObject\",\"inLanguage\":\"de\",\"@id\":\"https:\\\/\\\/dai-heidelberg.de\\\/de\\\/?post_type=dai_event&p=69172#primaryimage\",\"url\":\"https:\\\/\\\/dai-heidelberg.de\\\/de\\\/wp-content\\\/uploads\\\/sites\\\/2\\\/2025\\\/05\\\/250725-A-Midsummer-Nights-Dream_c_Adobe-Stock.jpg\",\"contentUrl\":\"https:\\\/\\\/dai-heidelberg.de\\\/de\\\/wp-content\\\/uploads\\\/sites\\\/2\\\/2025\\\/05\\\/250725-A-Midsummer-Nights-Dream_c_Adobe-Stock.jpg\",\"width\":820,\"height\":370,\"caption\":\"Foto: Adobe Stock\"},{\"@type\":\"BreadcrumbList\",\"@id\":\"https:\\\/\\\/dai-heidelberg.de\\\/de\\\/?post_type=dai_event&p=69172#breadcrumb\",\"itemListElement\":[{\"@type\":\"ListItem\",\"position\":1,\"name\":\"Startseite\",\"item\":\"https:\\\/\\\/dai-heidelberg.de\\\/de\\\/\"},{\"@type\":\"ListItem\",\"position\":2,\"name\":\"Veranstaltungen\",\"item\":\"https:\\\/\\\/dai-heidelberg.de\\\/de\\\/veranstaltungen\\\/\"},{\"@type\":\"ListItem\",\"position\":3,\"name\":\"A Midsummer Night\u2019s Dream\"}]},{\"@type\":\"WebSite\",\"@id\":\"https:\\\/\\\/dai-heidelberg.de\\\/de\\\/#website\",\"url\":\"https:\\\/\\\/dai-heidelberg.de\\\/de\\\/\",\"name\":\"DAI Deutsch\",\"description\":\"Deutsch-Amerikanisches Institut. Haus der Kultur.\",\"potentialAction\":[{\"@type\":\"SearchAction\",\"target\":{\"@type\":\"EntryPoint\",\"urlTemplate\":\"https:\\\/\\\/dai-heidelberg.de\\\/de\\\/?s={search_term_string}\"},\"query-input\":{\"@type\":\"PropertyValueSpecification\",\"valueRequired\":true,\"valueName\":\"search_term_string\"}}],\"inLanguage\":\"de\"}]}<\/script>\n<!-- \/ Yoast SEO plugin. -->","yoast_head_json":{"title":"Veranstaltungen - Deutsch-Amerikanisches Institut. Haus der Kultur.","robots":{"index":"index","follow":"follow","max-snippet":"max-snippet:-1","max-image-preview":"max-image-preview:large","max-video-preview":"max-video-preview:-1"},"canonical":"https:\/\/dai-heidelberg.de\/de\/?post_type=dai_event&p=69172","og_locale":"de_DE","og_type":"article","og_title":"Veranstaltungen - Deutsch-Amerikanisches Institut. Haus der Kultur.","og_description":"Wir feiern das Ende des Schuljahres und des Sommersemesters mit einem au\u00dfergew\u00f6hnlichen Jugendkonzert, das in diesem Jahr erstmalig vom DAI&nbsp;&hellip;","og_url":"https:\/\/dai-heidelberg.de\/de\/?post_type=dai_event&p=69172","og_site_name":"DAI Deutsch","article_modified_time":"2025-06-03T12:24:20+00:00","schema":{"@context":"https:\/\/schema.org","@graph":[{"@type":"WebPage","@id":"https:\/\/dai-heidelberg.de\/de\/?post_type=dai_event&p=69172","url":"https:\/\/dai-heidelberg.de\/de\/?post_type=dai_event&p=69172","name":"Veranstaltungen - Deutsch-Amerikanisches Institut. Haus der Kultur.","isPartOf":{"@id":"https:\/\/dai-heidelberg.de\/de\/#website"},"primaryImageOfPage":{"@id":"https:\/\/dai-heidelberg.de\/de\/?post_type=dai_event&p=69172#primaryimage"},"image":{"@id":"https:\/\/dai-heidelberg.de\/de\/?post_type=dai_event&p=69172#primaryimage"},"thumbnailUrl":"https:\/\/dai-heidelberg.de\/de\/wp-content\/uploads\/sites\/2\/2025\/05\/250725-A-Midsummer-Nights-Dream_c_Adobe-Stock.jpg","datePublished":"2025-05-23T12:37:01+00:00","dateModified":"2025-06-03T12:24:20+00:00","breadcrumb":{"@id":"https:\/\/dai-heidelberg.de\/de\/?post_type=dai_event&p=69172#breadcrumb"},"inLanguage":"de","potentialAction":[{"@type":"ReadAction","target":["https:\/\/dai-heidelberg.de\/de\/?post_type=dai_event&p=69172"]}]},{"@type":"ImageObject","inLanguage":"de","@id":"https:\/\/dai-heidelberg.de\/de\/?post_type=dai_event&p=69172#primaryimage","url":"https:\/\/dai-heidelberg.de\/de\/wp-content\/uploads\/sites\/2\/2025\/05\/250725-A-Midsummer-Nights-Dream_c_Adobe-Stock.jpg","contentUrl":"https:\/\/dai-heidelberg.de\/de\/wp-content\/uploads\/sites\/2\/2025\/05\/250725-A-Midsummer-Nights-Dream_c_Adobe-Stock.jpg","width":820,"height":370,"caption":"Foto: Adobe Stock"},{"@type":"BreadcrumbList","@id":"https:\/\/dai-heidelberg.de\/de\/?post_type=dai_event&p=69172#breadcrumb","itemListElement":[{"@type":"ListItem","position":1,"name":"Startseite","item":"https:\/\/dai-heidelberg.de\/de\/"},{"@type":"ListItem","position":2,"name":"Veranstaltungen","item":"https:\/\/dai-heidelberg.de\/de\/veranstaltungen\/"},{"@type":"ListItem","position":3,"name":"A Midsummer Night\u2019s Dream"}]},{"@type":"WebSite","@id":"https:\/\/dai-heidelberg.de\/de\/#website","url":"https:\/\/dai-heidelberg.de\/de\/","name":"DAI Deutsch","description":"Deutsch-Amerikanisches Institut. Haus der Kultur.","potentialAction":[{"@type":"SearchAction","target":{"@type":"EntryPoint","urlTemplate":"https:\/\/dai-heidelberg.de\/de\/?s={search_term_string}"},"query-input":{"@type":"PropertyValueSpecification","valueRequired":true,"valueName":"search_term_string"}}],"inLanguage":"de"}]}},"_links":{"self":[{"href":"https:\/\/dai-heidelberg.de\/de\/wp-json\/wp\/v2\/dai_event\/69172","targetHints":{"allow":["GET"]}}],"collection":[{"href":"https:\/\/dai-heidelberg.de\/de\/wp-json\/wp\/v2\/dai_event"}],"about":[{"href":"https:\/\/dai-heidelberg.de\/de\/wp-json\/wp\/v2\/types\/dai_event"}],"version-history":[{"count":2,"href":"https:\/\/dai-heidelberg.de\/de\/wp-json\/wp\/v2\/dai_event\/69172\/revisions"}],"predecessor-version":[{"id":69176,"href":"https:\/\/dai-heidelberg.de\/de\/wp-json\/wp\/v2\/dai_event\/69172\/revisions\/69176"}],"wp:featuredmedia":[{"embeddable":true,"href":"https:\/\/dai-heidelberg.de\/de\/wp-json\/wp\/v2\/media\/69173"}],"wp:attachment":[{"href":"https:\/\/dai-heidelberg.de\/de\/wp-json\/wp\/v2\/media?parent=69172"}],"wp:term":[{"taxonomy":"post_tag","embeddable":true,"href":"https:\/\/dai-heidelberg.de\/de\/wp-json\/wp\/v2\/tags?post=69172"},{"taxonomy":"dai_event_category","embeddable":true,"href":"https:\/\/dai-heidelberg.de\/de\/wp-json\/wp\/v2\/dai_event_category?post=69172"},{"taxonomy":"dai_event_type","embeddable":true,"href":"https:\/\/dai-heidelberg.de\/de\/wp-json\/wp\/v2\/dai_event_type?post=69172"},{"taxonomy":"dai_event_location","embeddable":true,"href":"https:\/\/dai-heidelberg.de\/de\/wp-json\/wp\/v2\/dai_event_location?post=69172"}],"curies":[{"name":"wp","href":"https:\/\/api.w.org\/{rel}","templated":true}]}}

<p>Wir feiern das Ende des Schuljahres und des Sommersemesters mit einem außergewöhnlichen Jugendkonzert, das in diesem Jahr erstmalig vom DAI in Kooperation mit dem Studierendenrat der Universität Heidelberg veranstaltet wird. Eingeladen sind SchülerInnen und Studierende sowie ihre Familien und alle Musikbegeisterten, die Lust auf einen geselligen Abend mit klassischer und zeitgenössischer Musik und vielem mehr haben. Das Programm wird am Abend selbst bekannt gegeben.</p>

<p>Wir feiern das Ende des Schuljahres und des Sommersemesters mit einem außergewöhnlichen Jugendkonzert, das in diesem Jahr erstmalig vom DAI&nbsp;&hellip;</p>

Klassische und zeitgenössische Musik und Dialog mit jungen Talenten aus der Region

Entfällt

Die Veranstaltung muss aus organisatorischen Gründen leider entfallen.

<!-- This site is optimized with the Yoast SEO plugin v27.4 - https://yoast.com/product/yoast-seo-wordpress/ -->
<title>Veranstaltungen - Deutsch-Amerikanisches Institut. Haus der Kultur.</title>
<meta name="robots" content="index, follow, max-snippet:-1, max-image-preview:large, max-video-preview:-1" />
<link rel="canonical" href="https://dai-heidelberg.de/de/?post_type=dai_event&p=69172" />
<meta property="og:locale" content="de_DE" />
<meta property="og:type" content="article" />
<meta property="og:title" content="Veranstaltungen - Deutsch-Amerikanisches Institut. Haus der Kultur." />
<meta property="og:description" content="Wir feiern das Ende des Schuljahres und des Sommersemesters mit einem außergewöhnlichen Jugendkonzert, das in diesem Jahr erstmalig vom DAI&nbsp;&hellip;" />
<meta property="og:url" content="https://dai-heidelberg.de/de/?post_type=dai_event&amp;p=69172" />
<meta property="og:site_name" content="DAI Deutsch" />
<meta property="article:modified_time" content="2025-06-03T12:24:20+00:00" />
<script type="application/ld+json" class="yoast-schema-graph">{"@context":"https:\/\/schema.org","@graph":[{"@type":"WebPage","@id":"https:\/\/dai-heidelberg.de\/de\/?post_type=dai_event&p=69172","url":"https:\/\/dai-heidelberg.de\/de\/?post_type=dai_event&p=69172","name":"Veranstaltungen - Deutsch-Amerikanisches Institut. Haus der Kultur.","isPartOf":{"@id":"https:\/\/dai-heidelberg.de\/de\/#website"},"primaryImageOfPage":{"@id":"https:\/\/dai-heidelberg.de\/de\/?post_type=dai_event&p=69172#primaryimage"},"image":{"@id":"https:\/\/dai-heidelberg.de\/de\/?post_type=dai_event&p=69172#primaryimage"},"thumbnailUrl":"https:\/\/dai-heidelberg.de\/de\/wp-content\/uploads\/sites\/2\/2025\/05\/250725-A-Midsummer-Nights-Dream_c_Adobe-Stock.jpg","datePublished":"2025-05-23T12:37:01+00:00","dateModified":"2025-06-03T12:24:20+00:00","breadcrumb":{"@id":"https:\/\/dai-heidelberg.de\/de\/?post_type=dai_event&p=69172#breadcrumb"},"inLanguage":"de","potentialAction":[{"@type":"ReadAction","target":["https:\/\/dai-heidelberg.de\/de\/?post_type=dai_event&p=69172"]}]},{"@type":"ImageObject","inLanguage":"de","@id":"https:\/\/dai-heidelberg.de\/de\/?post_type=dai_event&p=69172#primaryimage","url":"https:\/\/dai-heidelberg.de\/de\/wp-content\/uploads\/sites\/2\/2025\/05\/250725-A-Midsummer-Nights-Dream_c_Adobe-Stock.jpg","contentUrl":"https:\/\/dai-heidelberg.de\/de\/wp-content\/uploads\/sites\/2\/2025\/05\/250725-A-Midsummer-Nights-Dream_c_Adobe-Stock.jpg","width":820,"height":370,"caption":"Foto: Adobe Stock"},{"@type":"BreadcrumbList","@id":"https:\/\/dai-heidelberg.de\/de\/?post_type=dai_event&p=69172#breadcrumb","itemListElement":[{"@type":"ListItem","position":1,"name":"Startseite","item":"https:\/\/dai-heidelberg.de\/de\/"},{"@type":"ListItem","position":2,"name":"Veranstaltungen","item":"https:\/\/dai-heidelberg.de\/de\/veranstaltungen\/"},{"@type":"ListItem","position":3,"name":"A Midsummer Night’s Dream"}]},{"@type":"WebSite","@id":"https:\/\/dai-heidelberg.de\/de\/#website","url":"https:\/\/dai-heidelberg.de\/de\/","name":"DAI Deutsch","description":"Deutsch-Amerikanisches Institut. Haus der Kultur.","potentialAction":[{"@type":"SearchAction","target":{"@type":"EntryPoint","urlTemplate":"https:\/\/dai-heidelberg.de\/de\/?s={search_term_string}"},"query-input":{"@type":"PropertyValueSpecification","valueRequired":true,"valueName":"search_term_string"}}],"inLanguage":"de"}]}</script>
<!-- / Yoast SEO plugin. -->

Wir feiern das Ende des Schuljahres und des Sommersemesters mit einem außergewöhnlichen Jugendkonzert, das in diesem Jahr erstmalig vom DAI&nbsp;&hellip;
