{"id":66043,"date":"2024-12-05T16:27:15","date_gmt":"2024-12-05T15:27:15","guid":{"rendered":"https:\/\/dai-heidelberg.de\/de\/?post_type=dai_event&#038;p=66043"},"modified":"2025-04-08T17:24:48","modified_gmt":"2025-04-08T15:24:48","slug":"rene-aguigah","status":"publish","type":"dai_event","link":"https:\/\/dai-heidelberg.de\/de\/veranstaltungen\/rene-aguigah-66043\/","title":{"rendered":"Ren\u00e9 Aguigah"},"content":{"rendered":"<p>James Baldwin geh\u00f6rt zu den wichtigsten Schriftstellern des 20. Jahrhunderts. Schon zu Lebzeiten machten ihn seine Romane wie <em>Another Country<\/em> sowie der Essay <em>The Fire Next Time<\/em> ber\u00fchmt und brachten ihn auf die Coverseite des Time Magazine. Baldwin war schwarz und schwul, die Gesellschaft, in der er lebte, rassistisch und schwulenfeindlich. Aus dieser Spannung ist ein einzigartiges Werk entstanden, das die Tore weit aufgesto\u00dfen hat, durch die Generationen von AktivistInnen nach ihm gegangen sind.<br \/>\nDer Journalist Ren\u00e9 Aguigah skizziert das Leben Baldwins und begibt sich auf die Suche nach dem, was Baldwin uns heute mitzuteilen hat. Er fragt nach dem Verh\u00e4ltnis zwischen seinem K\u00fcnstlertum und Aktivismus, der Spannung zwischen Literatur und Politik, seinem Eintreten f\u00fcr Minderheiten und seinen universalistischen \u00dcberzeugungen.<\/p>\n<p><strong>Ren\u00e9 Aguigah<\/strong> leitet das Ressort Literatur von Deutschlandfunk und Deutschlandfunk Kultur. Nach einem Studium der Geschichte, Philosophie und Journalistik arbeitete er zun\u00e4chst als Redakteur f\u00fcr den WDR-H\u00f6rfunk, sp\u00e4ter f\u00fcr die Zeitschrift Literaturen. Er war unter anderem Mitglied der Jury des Preises der Leipziger Buchmesse sowie Fellow am Thomas Mann House, Los Angeles. Das Portr\u00e4t zu James Baldwin (2024) ist sein j\u00fcngstes Buch.<\/p>\n","protected":false},"excerpt":{"rendered":"<p>James Baldwin geh\u00f6rt zu den wichtigsten Schriftstellern des 20. Jahrhunderts. Schon zu Lebzeiten machten ihn seine Romane wie Another Country&nbsp;&hellip;<\/p>\n","protected":false},"featured_media":68704,"template":"","meta":{"footnotes":""},"tags":[],"dai_event_category":[6],"dai_event_type":[229,17],"dai_event_location":[],"class_list":["post-66043","dai_event","type-dai_event","status-publish","has-post-thumbnail","hentry","dai_event_category-kulturveranstaltungen","dai_event_type-literarisches-zentrum-heidelberg","dai_event_type-literatur"],"better_featured_image":{"id":68704,"alt_text":"","caption":"Foto: Sarina Chamatova","description":"","media_type":"image","media_details":{"width":820,"height":370,"file":"2024\/12\/250319_Aguigah_sc_02.jpg","filesize":67430,"sizes":{"medium":{"file":"250319_Aguigah_sc_02-300x135.jpg","width":300,"height":135,"mime-type":"image\/jpeg","filesize":7425,"source_url":"https:\/\/dai-heidelberg.de\/de\/wp-content\/uploads\/sites\/2\/2024\/12\/250319_Aguigah_sc_02-300x135.jpg"},"thumbnail":{"file":"250319_Aguigah_sc_02-150x150.jpg","width":150,"height":150,"mime-type":"image\/jpeg","filesize":6174,"source_url":"https:\/\/dai-heidelberg.de\/de\/wp-content\/uploads\/sites\/2\/2024\/12\/250319_Aguigah_sc_02-150x150.jpg"},"medium_large":{"file":"250319_Aguigah_sc_02-768x347.jpg","width":768,"height":347,"mime-type":"image\/jpeg","filesize":32526,"source_url":"https:\/\/dai-heidelberg.de\/de\/wp-content\/uploads\/sites\/2\/2024\/12\/250319_Aguigah_sc_02-768x347.jpg"},"dai-list":{"file":"250319_Aguigah_sc_02-140x140.jpg","width":140,"height":140,"mime-type":"image\/jpeg","filesize":5703,"source_url":"https:\/\/dai-heidelberg.de\/de\/wp-content\/uploads\/sites\/2\/2024\/12\/250319_Aguigah_sc_02-140x140.jpg"},"dai-selector":{"file":"250319_Aguigah_sc_02-240x170.jpg","width":240,"height":170,"mime-type":"image\/jpeg","filesize":8649,"source_url":"https:\/\/dai-heidelberg.de\/de\/wp-content\/uploads\/sites\/2\/2024\/12\/250319_Aguigah_sc_02-240x170.jpg"},"dai-hof":{"file":"250319_Aguigah_sc_02-240x192.jpg","width":240,"height":192,"mime-type":"image\/jpeg","filesize":9640,"source_url":"https:\/\/dai-heidelberg.de\/de\/wp-content\/uploads\/sites\/2\/2024\/12\/250319_Aguigah_sc_02-240x192.jpg"}},"image_meta":{"aperture":"0","credit":"","camera":"","caption":"","created_timestamp":"0","copyright":"","focal_length":"0","iso":"0","shutter_speed":"0","title":"","orientation":"0","keywords":[]}},"post":66043,"source_url":"https:\/\/dai-heidelberg.de\/de\/wp-content\/uploads\/sites\/2\/2024\/12\/250319_Aguigah_sc_02.jpg"},"post-meta-fields":{"_edit_lock":["1744125835:10"],"_edit_last":["10"],"dai_event_datetime":["2025-03-19 20:00"],"dai_event_featured":["0"],"dai_event_artist":["James Baldwin"],"dai_event_subtext":["Der Zeuge. Ein Portr\u00e4t."],"dai_event_ticket_freeadmission":["0"],"dai_autotranslate_should_translate":["1"],"dai_event_ticket_link":["https:\/\/shop.reservix.de\/?id=36ae96de8dddc4df70dce3f39db2b886ff117b9261533f02fa35ea4a3191d65e3a64633f4652f2d1ba3a365eff82ca70&vID=2736&eventGrpID=491091"],"dai_event_ticket_price_presale_standard":["11,90"],"dai_event_ticket_price_presale_reduced":["9,90"],"dai_event_ticket_price_presale_member":["6,90"],"_thumbnail_id":["68704"]},"yoast_head":"<!-- This site is optimized with the Yoast SEO plugin v27.4 - https:\/\/yoast.com\/product\/yoast-seo-wordpress\/ -->\n<title>Veranstaltungen - Deutsch-Amerikanisches Institut. Haus der Kultur.<\/title>\n<meta name=\"robots\" content=\"index, follow, max-snippet:-1, max-image-preview:large, max-video-preview:-1\" \/>\n<link rel=\"canonical\" href=\"https:\/\/dai-heidelberg.de\/de\/?post_type=dai_event&p=66043\" \/>\n<meta property=\"og:locale\" content=\"de_DE\" \/>\n<meta property=\"og:type\" content=\"article\" \/>\n<meta property=\"og:title\" content=\"Veranstaltungen - Deutsch-Amerikanisches Institut. Haus der Kultur.\" \/>\n<meta property=\"og:description\" content=\"James Baldwin geh\u00f6rt zu den wichtigsten Schriftstellern des 20. Jahrhunderts. Schon zu Lebzeiten machten ihn seine Romane wie Another Country&nbsp;&hellip;\" \/>\n<meta property=\"og:url\" content=\"https:\/\/dai-heidelberg.de\/de\/?post_type=dai_event&amp;p=66043\" \/>\n<meta property=\"og:site_name\" content=\"DAI Deutsch\" \/>\n<meta property=\"article:modified_time\" content=\"2025-04-08T15:24:48+00:00\" \/>\n<meta name=\"twitter:label1\" content=\"Gesch\u00e4tzte Lesezeit\" \/>\n\t<meta name=\"twitter:data1\" content=\"1\u00a0Minute\" \/>\n<script type=\"application\/ld+json\" class=\"yoast-schema-graph\">{\"@context\":\"https:\\\/\\\/schema.org\",\"@graph\":[{\"@type\":\"WebPage\",\"@id\":\"https:\\\/\\\/dai-heidelberg.de\\\/de\\\/?post_type=dai_event&p=66043\",\"url\":\"https:\\\/\\\/dai-heidelberg.de\\\/de\\\/?post_type=dai_event&p=66043\",\"name\":\"Veranstaltungen - Deutsch-Amerikanisches Institut. Haus der Kultur.\",\"isPartOf\":{\"@id\":\"https:\\\/\\\/dai-heidelberg.de\\\/de\\\/#website\"},\"primaryImageOfPage\":{\"@id\":\"https:\\\/\\\/dai-heidelberg.de\\\/de\\\/?post_type=dai_event&p=66043#primaryimage\"},\"image\":{\"@id\":\"https:\\\/\\\/dai-heidelberg.de\\\/de\\\/?post_type=dai_event&p=66043#primaryimage\"},\"thumbnailUrl\":\"https:\\\/\\\/dai-heidelberg.de\\\/de\\\/wp-content\\\/uploads\\\/sites\\\/2\\\/2024\\\/12\\\/250319_Aguigah_sc_02.jpg\",\"datePublished\":\"2024-12-05T15:27:15+00:00\",\"dateModified\":\"2025-04-08T15:24:48+00:00\",\"breadcrumb\":{\"@id\":\"https:\\\/\\\/dai-heidelberg.de\\\/de\\\/?post_type=dai_event&p=66043#breadcrumb\"},\"inLanguage\":\"de\",\"potentialAction\":[{\"@type\":\"ReadAction\",\"target\":[\"https:\\\/\\\/dai-heidelberg.de\\\/de\\\/?post_type=dai_event&p=66043\"]}]},{\"@type\":\"ImageObject\",\"inLanguage\":\"de\",\"@id\":\"https:\\\/\\\/dai-heidelberg.de\\\/de\\\/?post_type=dai_event&p=66043#primaryimage\",\"url\":\"https:\\\/\\\/dai-heidelberg.de\\\/de\\\/wp-content\\\/uploads\\\/sites\\\/2\\\/2024\\\/12\\\/250319_Aguigah_sc_02.jpg\",\"contentUrl\":\"https:\\\/\\\/dai-heidelberg.de\\\/de\\\/wp-content\\\/uploads\\\/sites\\\/2\\\/2024\\\/12\\\/250319_Aguigah_sc_02.jpg\",\"width\":820,\"height\":370,\"caption\":\"Foto: Sarina Chamatova\"},{\"@type\":\"BreadcrumbList\",\"@id\":\"https:\\\/\\\/dai-heidelberg.de\\\/de\\\/?post_type=dai_event&p=66043#breadcrumb\",\"itemListElement\":[{\"@type\":\"ListItem\",\"position\":1,\"name\":\"Startseite\",\"item\":\"https:\\\/\\\/dai-heidelberg.de\\\/de\\\/\"},{\"@type\":\"ListItem\",\"position\":2,\"name\":\"Veranstaltungen\",\"item\":\"https:\\\/\\\/dai-heidelberg.de\\\/de\\\/veranstaltungen\\\/\"},{\"@type\":\"ListItem\",\"position\":3,\"name\":\"Ren\u00e9 Aguigah\"}]},{\"@type\":\"WebSite\",\"@id\":\"https:\\\/\\\/dai-heidelberg.de\\\/de\\\/#website\",\"url\":\"https:\\\/\\\/dai-heidelberg.de\\\/de\\\/\",\"name\":\"DAI Deutsch\",\"description\":\"Deutsch-Amerikanisches Institut. Haus der Kultur.\",\"potentialAction\":[{\"@type\":\"SearchAction\",\"target\":{\"@type\":\"EntryPoint\",\"urlTemplate\":\"https:\\\/\\\/dai-heidelberg.de\\\/de\\\/?s={search_term_string}\"},\"query-input\":{\"@type\":\"PropertyValueSpecification\",\"valueRequired\":true,\"valueName\":\"search_term_string\"}}],\"inLanguage\":\"de\"}]}<\/script>\n<!-- \/ Yoast SEO plugin. -->","yoast_head_json":{"title":"Veranstaltungen - Deutsch-Amerikanisches Institut. Haus der Kultur.","robots":{"index":"index","follow":"follow","max-snippet":"max-snippet:-1","max-image-preview":"max-image-preview:large","max-video-preview":"max-video-preview:-1"},"canonical":"https:\/\/dai-heidelberg.de\/de\/?post_type=dai_event&p=66043","og_locale":"de_DE","og_type":"article","og_title":"Veranstaltungen - Deutsch-Amerikanisches Institut. Haus der Kultur.","og_description":"James Baldwin geh\u00f6rt zu den wichtigsten Schriftstellern des 20. Jahrhunderts. Schon zu Lebzeiten machten ihn seine Romane wie Another Country&nbsp;&hellip;","og_url":"https:\/\/dai-heidelberg.de\/de\/?post_type=dai_event&p=66043","og_site_name":"DAI Deutsch","article_modified_time":"2025-04-08T15:24:48+00:00","twitter_misc":{"Gesch\u00e4tzte Lesezeit":"1\u00a0Minute"},"schema":{"@context":"https:\/\/schema.org","@graph":[{"@type":"WebPage","@id":"https:\/\/dai-heidelberg.de\/de\/?post_type=dai_event&p=66043","url":"https:\/\/dai-heidelberg.de\/de\/?post_type=dai_event&p=66043","name":"Veranstaltungen - Deutsch-Amerikanisches Institut. Haus der Kultur.","isPartOf":{"@id":"https:\/\/dai-heidelberg.de\/de\/#website"},"primaryImageOfPage":{"@id":"https:\/\/dai-heidelberg.de\/de\/?post_type=dai_event&p=66043#primaryimage"},"image":{"@id":"https:\/\/dai-heidelberg.de\/de\/?post_type=dai_event&p=66043#primaryimage"},"thumbnailUrl":"https:\/\/dai-heidelberg.de\/de\/wp-content\/uploads\/sites\/2\/2024\/12\/250319_Aguigah_sc_02.jpg","datePublished":"2024-12-05T15:27:15+00:00","dateModified":"2025-04-08T15:24:48+00:00","breadcrumb":{"@id":"https:\/\/dai-heidelberg.de\/de\/?post_type=dai_event&p=66043#breadcrumb"},"inLanguage":"de","potentialAction":[{"@type":"ReadAction","target":["https:\/\/dai-heidelberg.de\/de\/?post_type=dai_event&p=66043"]}]},{"@type":"ImageObject","inLanguage":"de","@id":"https:\/\/dai-heidelberg.de\/de\/?post_type=dai_event&p=66043#primaryimage","url":"https:\/\/dai-heidelberg.de\/de\/wp-content\/uploads\/sites\/2\/2024\/12\/250319_Aguigah_sc_02.jpg","contentUrl":"https:\/\/dai-heidelberg.de\/de\/wp-content\/uploads\/sites\/2\/2024\/12\/250319_Aguigah_sc_02.jpg","width":820,"height":370,"caption":"Foto: Sarina Chamatova"},{"@type":"BreadcrumbList","@id":"https:\/\/dai-heidelberg.de\/de\/?post_type=dai_event&p=66043#breadcrumb","itemListElement":[{"@type":"ListItem","position":1,"name":"Startseite","item":"https:\/\/dai-heidelberg.de\/de\/"},{"@type":"ListItem","position":2,"name":"Veranstaltungen","item":"https:\/\/dai-heidelberg.de\/de\/veranstaltungen\/"},{"@type":"ListItem","position":3,"name":"Ren\u00e9 Aguigah"}]},{"@type":"WebSite","@id":"https:\/\/dai-heidelberg.de\/de\/#website","url":"https:\/\/dai-heidelberg.de\/de\/","name":"DAI Deutsch","description":"Deutsch-Amerikanisches Institut. Haus der Kultur.","potentialAction":[{"@type":"SearchAction","target":{"@type":"EntryPoint","urlTemplate":"https:\/\/dai-heidelberg.de\/de\/?s={search_term_string}"},"query-input":{"@type":"PropertyValueSpecification","valueRequired":true,"valueName":"search_term_string"}}],"inLanguage":"de"}]}},"_links":{"self":[{"href":"https:\/\/dai-heidelberg.de\/de\/wp-json\/wp\/v2\/dai_event\/66043","targetHints":{"allow":["GET"]}}],"collection":[{"href":"https:\/\/dai-heidelberg.de\/de\/wp-json\/wp\/v2\/dai_event"}],"about":[{"href":"https:\/\/dai-heidelberg.de\/de\/wp-json\/wp\/v2\/types\/dai_event"}],"version-history":[{"count":1,"href":"https:\/\/dai-heidelberg.de\/de\/wp-json\/wp\/v2\/dai_event\/66043\/revisions"}],"predecessor-version":[{"id":66045,"href":"https:\/\/dai-heidelberg.de\/de\/wp-json\/wp\/v2\/dai_event\/66043\/revisions\/66045"}],"wp:featuredmedia":[{"embeddable":true,"href":"https:\/\/dai-heidelberg.de\/de\/wp-json\/wp\/v2\/media\/68704"}],"wp:attachment":[{"href":"https:\/\/dai-heidelberg.de\/de\/wp-json\/wp\/v2\/media?parent=66043"}],"wp:term":[{"taxonomy":"post_tag","embeddable":true,"href":"https:\/\/dai-heidelberg.de\/de\/wp-json\/wp\/v2\/tags?post=66043"},{"taxonomy":"dai_event_category","embeddable":true,"href":"https:\/\/dai-heidelberg.de\/de\/wp-json\/wp\/v2\/dai_event_category?post=66043"},{"taxonomy":"dai_event_type","embeddable":true,"href":"https:\/\/dai-heidelberg.de\/de\/wp-json\/wp\/v2\/dai_event_type?post=66043"},{"taxonomy":"dai_event_location","embeddable":true,"href":"https:\/\/dai-heidelberg.de\/de\/wp-json\/wp\/v2\/dai_event_location?post=66043"}],"curies":[{"name":"wp","href":"https:\/\/api.w.org\/{rel}","templated":true}]}}

René Aguigah

<p>James Baldwin gehört zu den wichtigsten Schriftstellern des 20. Jahrhunderts. Schon zu Lebzeiten machten ihn seine Romane wie <em>Another Country</em> sowie der Essay <em>The Fire Next Time</em> berühmt und brachten ihn auf die Coverseite des Time Magazine. Baldwin war schwarz und schwul, die Gesellschaft, in der er lebte, rassistisch und schwulenfeindlich. Aus dieser Spannung ist ein einzigartiges Werk entstanden, das die Tore weit aufgestoßen hat, durch die Generationen von AktivistInnen nach ihm gegangen sind.<br />
Der Journalist René Aguigah skizziert das Leben Baldwins und begibt sich auf die Suche nach dem, was Baldwin uns heute mitzuteilen hat. Er fragt nach dem Verhältnis zwischen seinem Künstlertum und Aktivismus, der Spannung zwischen Literatur und Politik, seinem Eintreten für Minderheiten und seinen universalistischen Überzeugungen.</p>
<p><strong>René Aguigah</strong> leitet das Ressort Literatur von Deutschlandfunk und Deutschlandfunk Kultur. Nach einem Studium der Geschichte, Philosophie und Journalistik arbeitete er zunächst als Redakteur für den WDR-Hörfunk, später für die Zeitschrift Literaturen. Er war unter anderem Mitglied der Jury des Preises der Leipziger Buchmesse sowie Fellow am Thomas Mann House, Los Angeles. Das Porträt zu James Baldwin (2024) ist sein jüngstes Buch.</p>

<p>James Baldwin gehört zu den wichtigsten Schriftstellern des 20. Jahrhunderts. Schon zu Lebzeiten machten ihn seine Romane wie Another Country&nbsp;&hellip;</p>

Der Zeuge. Ein Porträt.

<!-- This site is optimized with the Yoast SEO plugin v27.4 - https://yoast.com/product/yoast-seo-wordpress/ -->
<title>Veranstaltungen - Deutsch-Amerikanisches Institut. Haus der Kultur.</title>
<meta name="robots" content="index, follow, max-snippet:-1, max-image-preview:large, max-video-preview:-1" />
<link rel="canonical" href="https://dai-heidelberg.de/de/?post_type=dai_event&p=66043" />
<meta property="og:locale" content="de_DE" />
<meta property="og:type" content="article" />
<meta property="og:title" content="Veranstaltungen - Deutsch-Amerikanisches Institut. Haus der Kultur." />
<meta property="og:description" content="James Baldwin gehört zu den wichtigsten Schriftstellern des 20. Jahrhunderts. Schon zu Lebzeiten machten ihn seine Romane wie Another Country&nbsp;&hellip;" />
<meta property="og:url" content="https://dai-heidelberg.de/de/?post_type=dai_event&amp;p=66043" />
<meta property="og:site_name" content="DAI Deutsch" />
<meta property="article:modified_time" content="2025-04-08T15:24:48+00:00" />
<meta name="twitter:label1" content="Geschätzte Lesezeit" />
	<meta name="twitter:data1" content="1 Minute" />
<script type="application/ld+json" class="yoast-schema-graph">{"@context":"https:\/\/schema.org","@graph":[{"@type":"WebPage","@id":"https:\/\/dai-heidelberg.de\/de\/?post_type=dai_event&p=66043","url":"https:\/\/dai-heidelberg.de\/de\/?post_type=dai_event&p=66043","name":"Veranstaltungen - Deutsch-Amerikanisches Institut. Haus der Kultur.","isPartOf":{"@id":"https:\/\/dai-heidelberg.de\/de\/#website"},"primaryImageOfPage":{"@id":"https:\/\/dai-heidelberg.de\/de\/?post_type=dai_event&p=66043#primaryimage"},"image":{"@id":"https:\/\/dai-heidelberg.de\/de\/?post_type=dai_event&p=66043#primaryimage"},"thumbnailUrl":"https:\/\/dai-heidelberg.de\/de\/wp-content\/uploads\/sites\/2\/2024\/12\/250319_Aguigah_sc_02.jpg","datePublished":"2024-12-05T15:27:15+00:00","dateModified":"2025-04-08T15:24:48+00:00","breadcrumb":{"@id":"https:\/\/dai-heidelberg.de\/de\/?post_type=dai_event&p=66043#breadcrumb"},"inLanguage":"de","potentialAction":[{"@type":"ReadAction","target":["https:\/\/dai-heidelberg.de\/de\/?post_type=dai_event&p=66043"]}]},{"@type":"ImageObject","inLanguage":"de","@id":"https:\/\/dai-heidelberg.de\/de\/?post_type=dai_event&p=66043#primaryimage","url":"https:\/\/dai-heidelberg.de\/de\/wp-content\/uploads\/sites\/2\/2024\/12\/250319_Aguigah_sc_02.jpg","contentUrl":"https:\/\/dai-heidelberg.de\/de\/wp-content\/uploads\/sites\/2\/2024\/12\/250319_Aguigah_sc_02.jpg","width":820,"height":370,"caption":"Foto: Sarina Chamatova"},{"@type":"BreadcrumbList","@id":"https:\/\/dai-heidelberg.de\/de\/?post_type=dai_event&p=66043#breadcrumb","itemListElement":[{"@type":"ListItem","position":1,"name":"Startseite","item":"https:\/\/dai-heidelberg.de\/de\/"},{"@type":"ListItem","position":2,"name":"Veranstaltungen","item":"https:\/\/dai-heidelberg.de\/de\/veranstaltungen\/"},{"@type":"ListItem","position":3,"name":"René Aguigah"}]},{"@type":"WebSite","@id":"https:\/\/dai-heidelberg.de\/de\/#website","url":"https:\/\/dai-heidelberg.de\/de\/","name":"DAI Deutsch","description":"Deutsch-Amerikanisches Institut. Haus der Kultur.","potentialAction":[{"@type":"SearchAction","target":{"@type":"EntryPoint","urlTemplate":"https:\/\/dai-heidelberg.de\/de\/?s={search_term_string}"},"query-input":{"@type":"PropertyValueSpecification","valueRequired":true,"valueName":"search_term_string"}}],"inLanguage":"de"}]}</script>
<!-- / Yoast SEO plugin. -->

James Baldwin gehört zu den wichtigsten Schriftstellern des 20. Jahrhunderts. Schon zu Lebzeiten machten ihn seine Romane wie Another Country&nbsp;&hellip;
