{"id":65373,"date":"2024-10-22T15:22:35","date_gmt":"2024-10-22T13:22:35","guid":{"rendered":"https:\/\/dai-heidelberg.de\/de\/?post_type=dai_event&#038;p=65373"},"modified":"2024-10-24T14:30:44","modified_gmt":"2024-10-24T12:30:44","slug":"christoph-von-marschall-2","status":"publish","type":"dai_event","link":"https:\/\/dai-heidelberg.de\/de\/veranstaltungen\/christoph-von-marschall-2-65373\/","title":{"rendered":"Christoph von Marschall"},"content":{"rendered":"<p>Der USA-Experte Christoph von Marschall hat zwischen 2005 und 2018 unter drei Pr\u00e4sidenten (George W. Bush, Barack Obama und Donald Trump) aus den USA berichtet.\u00a0Als Journalist bereist er auch im diesj\u00e4hrigen Wahlkampf verschiedene Bundesstaaten und portr\u00e4tiert die tief gespaltene politische Landschaft objektiv und aus n\u00e4chster N\u00e4he. Wie kaum ein anderer ist er mit den Vorg\u00e4ngen in den USA vertraut und gew\u00e4hrt uns einen nuancierten Einblick in das \u201aInnenleben\u2019 des Landes nach den Wahlen. Wie wird sich der Wahlausgang auf die Polarisierung des Landes auswirken? Und mit welchen Konsequenzen m\u00fcssen Deutschland und Europa, aber auch die USA selbst rechnen?<\/p>\n<p><strong>Dr. Christoph von Marschall<\/strong>\u00a0ist Diplomatischer Korrespondent der Chefredaktion beim Tagesspiegel, vielfach ausgezeichneter Journalist sowie Autor von\u00a0<em>Was ist mit den Amis los?<\/em>\u00a0und\u00a0<em>Wir verstehen die Welt nicht mehr<\/em>. In seinen Vortr\u00e4gen bezieht er erfrischend klar Stellung und bietet stets eine sich in der Wirklichkeit best\u00e4tigende Analyse an.<\/p>\n","protected":false},"excerpt":{"rendered":"<p>Der USA-Experte Christoph von Marschall hat zwischen 2005 und 2018 unter drei Pr\u00e4sidenten (George W. Bush, Barack Obama und Donald&nbsp;&hellip;<\/p>\n","protected":false},"featured_media":64799,"template":"","meta":{"footnotes":""},"tags":[],"dai_event_category":[6],"dai_event_type":[21],"dai_event_location":[],"class_list":["post-65373","dai_event","type-dai_event","status-publish","has-post-thumbnail","hentry","dai_event_category-kulturveranstaltungen","dai_event_type-vortrag"],"better_featured_image":{"id":64799,"alt_text":"","caption":"Foto: Sarina Chamatova","description":"","media_type":"image","media_details":{"width":820,"height":370,"file":"2024\/08\/240909_Christoph_von-Marschall_sc_01.jpg","filesize":100367,"sizes":{"medium":{"file":"240909_Christoph_von-Marschall_sc_01-300x135.jpg","width":300,"height":135,"mime-type":"image\/jpeg","filesize":12521,"source_url":"https:\/\/dai-heidelberg.de\/de\/wp-content\/uploads\/sites\/2\/2024\/08\/240909_Christoph_von-Marschall_sc_01-300x135.jpg"},"thumbnail":{"file":"240909_Christoph_von-Marschall_sc_01-150x150.jpg","width":150,"height":150,"mime-type":"image\/jpeg","filesize":7720,"source_url":"https:\/\/dai-heidelberg.de\/de\/wp-content\/uploads\/sites\/2\/2024\/08\/240909_Christoph_von-Marschall_sc_01-150x150.jpg"},"medium_large":{"file":"240909_Christoph_von-Marschall_sc_01-768x347.jpg","width":768,"height":347,"mime-type":"image\/jpeg","filesize":52758,"source_url":"https:\/\/dai-heidelberg.de\/de\/wp-content\/uploads\/sites\/2\/2024\/08\/240909_Christoph_von-Marschall_sc_01-768x347.jpg"},"dai-list":{"file":"240909_Christoph_von-Marschall_sc_01-140x140.jpg","width":140,"height":140,"mime-type":"image\/jpeg","filesize":7037,"source_url":"https:\/\/dai-heidelberg.de\/de\/wp-content\/uploads\/sites\/2\/2024\/08\/240909_Christoph_von-Marschall_sc_01-140x140.jpg"},"dai-selector":{"file":"240909_Christoph_von-Marschall_sc_01-240x170.jpg","width":240,"height":170,"mime-type":"image\/jpeg","filesize":12521,"source_url":"https:\/\/dai-heidelberg.de\/de\/wp-content\/uploads\/sites\/2\/2024\/08\/240909_Christoph_von-Marschall_sc_01-240x170.jpg"},"dai-hof":{"file":"240909_Christoph_von-Marschall_sc_01-240x192.jpg","width":240,"height":192,"mime-type":"image\/jpeg","filesize":13522,"source_url":"https:\/\/dai-heidelberg.de\/de\/wp-content\/uploads\/sites\/2\/2024\/08\/240909_Christoph_von-Marschall_sc_01-240x192.jpg"}},"image_meta":{"aperture":"0","credit":"","camera":"","caption":"","created_timestamp":"0","copyright":"","focal_length":"0","iso":"0","shutter_speed":"0","title":"","orientation":"0","keywords":[]}},"post":64798,"source_url":"https:\/\/dai-heidelberg.de\/de\/wp-content\/uploads\/sites\/2\/2024\/08\/240909_Christoph_von-Marschall_sc_01.jpg"},"post-meta-fields":{"_edit_lock":["1731420677:10"],"_edit_last":["10"],"_thumbnail_id":["64799"],"dai_event_datetime":["2024-11-18 20:00"],"dai_event_featured":["0"],"dai_event_artist":["Was nun, USA?"],"dai_event_ticket_freeadmission":["0"],"dai_event_ticket_price_presale_standard":["11,90"],"dai_event_ticket_price_presale_reduced":["9,90"],"dai_event_ticket_price_presale_member":["6,90"],"dai_autotranslate_should_translate":["1"],"dai_event_subtext":["Die US-Wahl & die Folgen f\u00fcr Deutschland, Europa & die Welt"],"dai_event_ticket_link":["https:\/\/shop.reservix.de\/?id=36ae96de8dddc4df70dce3f39db2b886ff117b9261533f02fa35ea4a3191d65e3a64633f4652f2d1ba3a365eff82ca70&vID=2736&eventGrpID=485615"]},"yoast_head":"<!-- This site is optimized with the Yoast SEO plugin v28.3 - https:\/\/yoast.com\/product\/yoast-seo-wordpress\/ -->\n<title>Veranstaltungen - Deutsch-Amerikanisches Institut. Haus der Kultur.<\/title>\n<meta name=\"robots\" content=\"index, follow, max-snippet:-1, max-image-preview:large, max-video-preview:-1\" \/>\n<link rel=\"canonical\" href=\"https:\/\/dai-heidelberg.de\/de\/?post_type=dai_event&p=65373\" \/>\n<meta property=\"og:locale\" content=\"de_DE\" \/>\n<meta property=\"og:type\" content=\"article\" \/>\n<meta property=\"og:title\" content=\"Veranstaltungen - Deutsch-Amerikanisches Institut. Haus der Kultur.\" \/>\n<meta property=\"og:description\" content=\"Der USA-Experte Christoph von Marschall hat zwischen 2005 und 2018 unter drei Pr\u00e4sidenten (George W. Bush, Barack Obama und Donald&nbsp;&hellip;\" \/>\n<meta property=\"og:url\" content=\"https:\/\/dai-heidelberg.de\/de\/?post_type=dai_event&amp;p=65373\" \/>\n<meta property=\"og:site_name\" content=\"DAI Deutsch\" \/>\n<meta property=\"article:modified_time\" content=\"2024-10-24T12:30:44+00:00\" \/>\n<meta name=\"twitter:label1\" content=\"Gesch\u00e4tzte Lesezeit\" \/>\n\t<meta name=\"twitter:data1\" content=\"1\u00a0Minute\" \/>\n<script type=\"application\/ld+json\" class=\"yoast-schema-graph\">{\"@context\":\"https:\\\/\\\/schema.org\",\"@graph\":[{\"@type\":\"WebPage\",\"@id\":\"https:\\\/\\\/dai-heidelberg.de\\\/de\\\/?post_type=dai_event&p=65373\",\"url\":\"https:\\\/\\\/dai-heidelberg.de\\\/de\\\/?post_type=dai_event&p=65373\",\"name\":\"Veranstaltungen - Deutsch-Amerikanisches Institut. Haus der Kultur.\",\"isPartOf\":{\"@id\":\"https:\\\/\\\/dai-heidelberg.de\\\/de\\\/#website\"},\"primaryImageOfPage\":{\"@id\":\"https:\\\/\\\/dai-heidelberg.de\\\/de\\\/?post_type=dai_event&p=65373#primaryimage\"},\"image\":{\"@id\":\"https:\\\/\\\/dai-heidelberg.de\\\/de\\\/?post_type=dai_event&p=65373#primaryimage\"},\"thumbnailUrl\":\"https:\\\/\\\/dai-heidelberg.de\\\/de\\\/wp-content\\\/uploads\\\/sites\\\/2\\\/2024\\\/08\\\/240909_Christoph_von-Marschall_sc_01.jpg\",\"datePublished\":\"2024-10-22T13:22:35+00:00\",\"dateModified\":\"2024-10-24T12:30:44+00:00\",\"breadcrumb\":{\"@id\":\"https:\\\/\\\/dai-heidelberg.de\\\/de\\\/?post_type=dai_event&p=65373#breadcrumb\"},\"inLanguage\":\"de\",\"potentialAction\":[{\"@type\":\"ReadAction\",\"target\":[\"https:\\\/\\\/dai-heidelberg.de\\\/de\\\/?post_type=dai_event&p=65373\"]}]},{\"@type\":\"ImageObject\",\"inLanguage\":\"de\",\"@id\":\"https:\\\/\\\/dai-heidelberg.de\\\/de\\\/?post_type=dai_event&p=65373#primaryimage\",\"url\":\"https:\\\/\\\/dai-heidelberg.de\\\/de\\\/wp-content\\\/uploads\\\/sites\\\/2\\\/2024\\\/08\\\/240909_Christoph_von-Marschall_sc_01.jpg\",\"contentUrl\":\"https:\\\/\\\/dai-heidelberg.de\\\/de\\\/wp-content\\\/uploads\\\/sites\\\/2\\\/2024\\\/08\\\/240909_Christoph_von-Marschall_sc_01.jpg\",\"width\":820,\"height\":370,\"caption\":\"Foto: Sarina Chamatova\"},{\"@type\":\"BreadcrumbList\",\"@id\":\"https:\\\/\\\/dai-heidelberg.de\\\/de\\\/?post_type=dai_event&p=65373#breadcrumb\",\"itemListElement\":[{\"@type\":\"ListItem\",\"position\":1,\"name\":\"Startseite\",\"item\":\"https:\\\/\\\/dai-heidelberg.de\\\/de\\\/\"},{\"@type\":\"ListItem\",\"position\":2,\"name\":\"Veranstaltungen\",\"item\":\"https:\\\/\\\/dai-heidelberg.de\\\/de\\\/veranstaltungen\\\/\"},{\"@type\":\"ListItem\",\"position\":3,\"name\":\"Christoph von Marschall\"}]},{\"@type\":\"WebSite\",\"@id\":\"https:\\\/\\\/dai-heidelberg.de\\\/de\\\/#website\",\"url\":\"https:\\\/\\\/dai-heidelberg.de\\\/de\\\/\",\"name\":\"DAI Deutsch\",\"description\":\"Deutsch-Amerikanisches Institut. Haus der Kultur.\",\"potentialAction\":[{\"@type\":\"SearchAction\",\"target\":{\"@type\":\"EntryPoint\",\"urlTemplate\":\"https:\\\/\\\/dai-heidelberg.de\\\/de\\\/?s={search_term_string}\"},\"query-input\":{\"@type\":\"PropertyValueSpecification\",\"valueRequired\":true,\"valueName\":\"search_term_string\"}}],\"inLanguage\":\"de\"}]}<\/script>\n<!-- \/ Yoast SEO plugin. -->","yoast_head_json":{"title":"Veranstaltungen - Deutsch-Amerikanisches Institut. Haus der Kultur.","robots":{"index":"index","follow":"follow","max-snippet":"max-snippet:-1","max-image-preview":"max-image-preview:large","max-video-preview":"max-video-preview:-1"},"canonical":"https:\/\/dai-heidelberg.de\/de\/?post_type=dai_event&p=65373","og_locale":"de_DE","og_type":"article","og_title":"Veranstaltungen - Deutsch-Amerikanisches Institut. Haus der Kultur.","og_description":"Der USA-Experte Christoph von Marschall hat zwischen 2005 und 2018 unter drei Pr\u00e4sidenten (George W. Bush, Barack Obama und Donald&nbsp;&hellip;","og_url":"https:\/\/dai-heidelberg.de\/de\/?post_type=dai_event&p=65373","og_site_name":"DAI Deutsch","article_modified_time":"2024-10-24T12:30:44+00:00","twitter_misc":{"Gesch\u00e4tzte Lesezeit":"1\u00a0Minute"},"schema":{"@context":"https:\/\/schema.org","@graph":[{"@type":"WebPage","@id":"https:\/\/dai-heidelberg.de\/de\/?post_type=dai_event&p=65373","url":"https:\/\/dai-heidelberg.de\/de\/?post_type=dai_event&p=65373","name":"Veranstaltungen - Deutsch-Amerikanisches Institut. Haus der Kultur.","isPartOf":{"@id":"https:\/\/dai-heidelberg.de\/de\/#website"},"primaryImageOfPage":{"@id":"https:\/\/dai-heidelberg.de\/de\/?post_type=dai_event&p=65373#primaryimage"},"image":{"@id":"https:\/\/dai-heidelberg.de\/de\/?post_type=dai_event&p=65373#primaryimage"},"thumbnailUrl":"https:\/\/dai-heidelberg.de\/de\/wp-content\/uploads\/sites\/2\/2024\/08\/240909_Christoph_von-Marschall_sc_01.jpg","datePublished":"2024-10-22T13:22:35+00:00","dateModified":"2024-10-24T12:30:44+00:00","breadcrumb":{"@id":"https:\/\/dai-heidelberg.de\/de\/?post_type=dai_event&p=65373#breadcrumb"},"inLanguage":"de","potentialAction":[{"@type":"ReadAction","target":["https:\/\/dai-heidelberg.de\/de\/?post_type=dai_event&p=65373"]}]},{"@type":"ImageObject","inLanguage":"de","@id":"https:\/\/dai-heidelberg.de\/de\/?post_type=dai_event&p=65373#primaryimage","url":"https:\/\/dai-heidelberg.de\/de\/wp-content\/uploads\/sites\/2\/2024\/08\/240909_Christoph_von-Marschall_sc_01.jpg","contentUrl":"https:\/\/dai-heidelberg.de\/de\/wp-content\/uploads\/sites\/2\/2024\/08\/240909_Christoph_von-Marschall_sc_01.jpg","width":820,"height":370,"caption":"Foto: Sarina Chamatova"},{"@type":"BreadcrumbList","@id":"https:\/\/dai-heidelberg.de\/de\/?post_type=dai_event&p=65373#breadcrumb","itemListElement":[{"@type":"ListItem","position":1,"name":"Startseite","item":"https:\/\/dai-heidelberg.de\/de\/"},{"@type":"ListItem","position":2,"name":"Veranstaltungen","item":"https:\/\/dai-heidelberg.de\/de\/veranstaltungen\/"},{"@type":"ListItem","position":3,"name":"Christoph von Marschall"}]},{"@type":"WebSite","@id":"https:\/\/dai-heidelberg.de\/de\/#website","url":"https:\/\/dai-heidelberg.de\/de\/","name":"DAI Deutsch","description":"Deutsch-Amerikanisches Institut. Haus der Kultur.","potentialAction":[{"@type":"SearchAction","target":{"@type":"EntryPoint","urlTemplate":"https:\/\/dai-heidelberg.de\/de\/?s={search_term_string}"},"query-input":{"@type":"PropertyValueSpecification","valueRequired":true,"valueName":"search_term_string"}}],"inLanguage":"de"}]}},"_links":{"self":[{"href":"https:\/\/dai-heidelberg.de\/de\/wp-json\/wp\/v2\/dai_event\/65373","targetHints":{"allow":["GET"]}}],"collection":[{"href":"https:\/\/dai-heidelberg.de\/de\/wp-json\/wp\/v2\/dai_event"}],"about":[{"href":"https:\/\/dai-heidelberg.de\/de\/wp-json\/wp\/v2\/types\/dai_event"}],"version-history":[{"count":4,"href":"https:\/\/dai-heidelberg.de\/de\/wp-json\/wp\/v2\/dai_event\/65373\/revisions"}],"predecessor-version":[{"id":65616,"href":"https:\/\/dai-heidelberg.de\/de\/wp-json\/wp\/v2\/dai_event\/65373\/revisions\/65616"}],"wp:featuredmedia":[{"embeddable":true,"href":"https:\/\/dai-heidelberg.de\/de\/wp-json\/wp\/v2\/media\/64799"}],"wp:attachment":[{"href":"https:\/\/dai-heidelberg.de\/de\/wp-json\/wp\/v2\/media?parent=65373"}],"wp:term":[{"taxonomy":"post_tag","embeddable":true,"href":"https:\/\/dai-heidelberg.de\/de\/wp-json\/wp\/v2\/tags?post=65373"},{"taxonomy":"dai_event_category","embeddable":true,"href":"https:\/\/dai-heidelberg.de\/de\/wp-json\/wp\/v2\/dai_event_category?post=65373"},{"taxonomy":"dai_event_type","embeddable":true,"href":"https:\/\/dai-heidelberg.de\/de\/wp-json\/wp\/v2\/dai_event_type?post=65373"},{"taxonomy":"dai_event_location","embeddable":true,"href":"https:\/\/dai-heidelberg.de\/de\/wp-json\/wp\/v2\/dai_event_location?post=65373"}],"curies":[{"name":"wp","href":"https:\/\/api.w.org\/{rel}","templated":true}]}}

<p>Der USA-Experte Christoph von Marschall hat zwischen 2005 und 2018 unter drei Präsidenten (George W. Bush, Barack Obama und Donald Trump) aus den USA berichtet. Als Journalist bereist er auch im diesjährigen Wahlkampf verschiedene Bundesstaaten und porträtiert die tief gespaltene politische Landschaft objektiv und aus nächster Nähe. Wie kaum ein anderer ist er mit den Vorgängen in den USA vertraut und gewährt uns einen nuancierten Einblick in das ‚Innenleben’ des Landes nach den Wahlen. Wie wird sich der Wahlausgang auf die Polarisierung des Landes auswirken? Und mit welchen Konsequenzen müssen Deutschland und Europa, aber auch die USA selbst rechnen?</p>
<p><strong>Dr. Christoph von Marschall</strong> ist Diplomatischer Korrespondent der Chefredaktion beim Tagesspiegel, vielfach ausgezeichneter Journalist sowie Autor von <em>Was ist mit den Amis los?</em> und <em>Wir verstehen die Welt nicht mehr</em>. In seinen Vorträgen bezieht er erfrischend klar Stellung und bietet stets eine sich in der Wirklichkeit bestätigende Analyse an.</p>

<p>Der USA-Experte Christoph von Marschall hat zwischen 2005 und 2018 unter drei Präsidenten (George W. Bush, Barack Obama und Donald&nbsp;&hellip;</p>

Die US-Wahl & die Folgen für Deutschland, Europa & die Welt

<!-- This site is optimized with the Yoast SEO plugin v28.3 - https://yoast.com/product/yoast-seo-wordpress/ -->
<title>Veranstaltungen - Deutsch-Amerikanisches Institut. Haus der Kultur.</title>
<meta name="robots" content="index, follow, max-snippet:-1, max-image-preview:large, max-video-preview:-1" />
<link rel="canonical" href="https://dai-heidelberg.de/de/?post_type=dai_event&p=65373" />
<meta property="og:locale" content="de_DE" />
<meta property="og:type" content="article" />
<meta property="og:title" content="Veranstaltungen - Deutsch-Amerikanisches Institut. Haus der Kultur." />
<meta property="og:description" content="Der USA-Experte Christoph von Marschall hat zwischen 2005 und 2018 unter drei Präsidenten (George W. Bush, Barack Obama und Donald&nbsp;&hellip;" />
<meta property="og:url" content="https://dai-heidelberg.de/de/?post_type=dai_event&amp;p=65373" />
<meta property="og:site_name" content="DAI Deutsch" />
<meta property="article:modified_time" content="2024-10-24T12:30:44+00:00" />
<meta name="twitter:label1" content="Geschätzte Lesezeit" />
	<meta name="twitter:data1" content="1 Minute" />
<script type="application/ld+json" class="yoast-schema-graph">{"@context":"https:\/\/schema.org","@graph":[{"@type":"WebPage","@id":"https:\/\/dai-heidelberg.de\/de\/?post_type=dai_event&p=65373","url":"https:\/\/dai-heidelberg.de\/de\/?post_type=dai_event&p=65373","name":"Veranstaltungen - Deutsch-Amerikanisches Institut. Haus der Kultur.","isPartOf":{"@id":"https:\/\/dai-heidelberg.de\/de\/#website"},"primaryImageOfPage":{"@id":"https:\/\/dai-heidelberg.de\/de\/?post_type=dai_event&p=65373#primaryimage"},"image":{"@id":"https:\/\/dai-heidelberg.de\/de\/?post_type=dai_event&p=65373#primaryimage"},"thumbnailUrl":"https:\/\/dai-heidelberg.de\/de\/wp-content\/uploads\/sites\/2\/2024\/08\/240909_Christoph_von-Marschall_sc_01.jpg","datePublished":"2024-10-22T13:22:35+00:00","dateModified":"2024-10-24T12:30:44+00:00","breadcrumb":{"@id":"https:\/\/dai-heidelberg.de\/de\/?post_type=dai_event&p=65373#breadcrumb"},"inLanguage":"de","potentialAction":[{"@type":"ReadAction","target":["https:\/\/dai-heidelberg.de\/de\/?post_type=dai_event&p=65373"]}]},{"@type":"ImageObject","inLanguage":"de","@id":"https:\/\/dai-heidelberg.de\/de\/?post_type=dai_event&p=65373#primaryimage","url":"https:\/\/dai-heidelberg.de\/de\/wp-content\/uploads\/sites\/2\/2024\/08\/240909_Christoph_von-Marschall_sc_01.jpg","contentUrl":"https:\/\/dai-heidelberg.de\/de\/wp-content\/uploads\/sites\/2\/2024\/08\/240909_Christoph_von-Marschall_sc_01.jpg","width":820,"height":370,"caption":"Foto: Sarina Chamatova"},{"@type":"BreadcrumbList","@id":"https:\/\/dai-heidelberg.de\/de\/?post_type=dai_event&p=65373#breadcrumb","itemListElement":[{"@type":"ListItem","position":1,"name":"Startseite","item":"https:\/\/dai-heidelberg.de\/de\/"},{"@type":"ListItem","position":2,"name":"Veranstaltungen","item":"https:\/\/dai-heidelberg.de\/de\/veranstaltungen\/"},{"@type":"ListItem","position":3,"name":"Christoph von Marschall"}]},{"@type":"WebSite","@id":"https:\/\/dai-heidelberg.de\/de\/#website","url":"https:\/\/dai-heidelberg.de\/de\/","name":"DAI Deutsch","description":"Deutsch-Amerikanisches Institut. Haus der Kultur.","potentialAction":[{"@type":"SearchAction","target":{"@type":"EntryPoint","urlTemplate":"https:\/\/dai-heidelberg.de\/de\/?s={search_term_string}"},"query-input":{"@type":"PropertyValueSpecification","valueRequired":true,"valueName":"search_term_string"}}],"inLanguage":"de"}]}</script>
<!-- / Yoast SEO plugin. -->

Der USA-Experte Christoph von Marschall hat zwischen 2005 und 2018 unter drei Präsidenten (George W. Bush, Barack Obama und Donald&nbsp;&hellip;
