{"id":63781,"date":"2024-07-15T18:00:53","date_gmt":"2024-07-15T16:00:53","guid":{"rendered":"https:\/\/dai-heidelberg.de\/de\/?post_type=dai_event&#038;p=63781"},"modified":"2024-11-04T12:25:23","modified_gmt":"2024-11-04T11:25:23","slug":"harald-lesch-12","status":"publish","type":"dai_event","link":"https:\/\/dai-heidelberg.de\/de\/veranstaltungen\/harald-lesch-12-63781\/","title":{"rendered":"Harald Lesch"},"content":{"rendered":"<p>Klimawandel, Coronavirus, 5G-Strahlung \u2013 wissenschaftliche Diskurse polarisieren aktuell die Gesellschaft enorm. Obwohl der Zugang zu Wissen durch das Internet so niedrigschwellig ist wie nie zuvor, hat ein Teil der Gesellschaft das Vertrauen in die (Natur-)Wissenschaften verloren: Erkenntnisse, die bereits Tatsachenstatus erreicht haben, werden angezweifelt oder bewusst ignoriert. Diese Trennung von wissenschaftlicher und sozialer Rationalit\u00e4t ist ein gro\u00dfes Problem: Dass unsere Gesellschaft das zunehmende Misstrauen in die Forschung langfristig aushalten kann, bezweifelt Harald Lesch. Als Wissenschaftsvermittler ist sein Ziel daher klar: wissenschaftliche Erkenntnis in die Mitte der Gesellschaft zur\u00fcckbringen und das Vertrauen in die Forschung wieder aufbauen.<\/p>\n<p>Der Astrophysiker, Philosoph und Wissenschaftsmoderator <strong>Prof. Dr. Harald Lesch<\/strong> vermittelt zentrale Thesen und dr\u00e4ngende Fragen unserer Zeit wissenschaftlich fundiert und zugleich unterhaltsam. Durch seine Sendungen <em>Leschs Kosmos<\/em>, <em>Frag den Lesch<\/em> und <em>Faszination Universum<\/em> geh\u00f6rt er seit Jahren zu den bekanntesten Wissenschaftsvermittlern im deutschen Fernsehen.<\/p>\n","protected":false},"excerpt":{"rendered":"<p>Klimawandel, Coronavirus, 5G-Strahlung \u2013 wissenschaftliche Diskurse polarisieren aktuell die Gesellschaft enorm. Obwohl der Zugang zu Wissen durch das Internet so&nbsp;&hellip;<\/p>\n","protected":false},"featured_media":57260,"template":"","meta":{"footnotes":""},"tags":[],"dai_event_category":[6],"dai_event_type":[209,21],"dai_event_location":[77],"class_list":["post-63781","dai_event","type-dai_event","status-publish","has-post-thumbnail","hentry","dai_event_category-kulturveranstaltungen","dai_event_type-geist-heidelberg","dai_event_type-vortrag","dai_event_location-aula-der-neuen-universitaet"],"better_featured_image":{"id":57260,"alt_text":"","caption":"Foto: F. Hentschel","description":"","media_type":"image","media_details":{"width":820,"height":370,"file":"2023\/07\/231110-Harald_Lesch_c_Hentschel-1.jpg","filesize":115740,"sizes":{"medium":{"file":"231110-Harald_Lesch_c_Hentschel-1-300x135.jpg","width":300,"height":135,"mime-type":"image\/jpeg","filesize":9436,"source_url":"https:\/\/dai-heidelberg.de\/de\/wp-content\/uploads\/sites\/2\/2023\/07\/231110-Harald_Lesch_c_Hentschel-1-300x135.jpg"},"thumbnail":{"file":"231110-Harald_Lesch_c_Hentschel-1-150x150.jpg","width":150,"height":150,"mime-type":"image\/jpeg","filesize":5881,"source_url":"https:\/\/dai-heidelberg.de\/de\/wp-content\/uploads\/sites\/2\/2023\/07\/231110-Harald_Lesch_c_Hentschel-1-150x150.jpg"},"medium_large":{"file":"231110-Harald_Lesch_c_Hentschel-1-768x347.jpg","width":768,"height":347,"mime-type":"image\/jpeg","filesize":40554,"source_url":"https:\/\/dai-heidelberg.de\/de\/wp-content\/uploads\/sites\/2\/2023\/07\/231110-Harald_Lesch_c_Hentschel-1-768x347.jpg"},"dai-list":{"file":"231110-Harald_Lesch_c_Hentschel-1-140x140.jpg","width":140,"height":140,"mime-type":"image\/jpeg","filesize":5295,"source_url":"https:\/\/dai-heidelberg.de\/de\/wp-content\/uploads\/sites\/2\/2023\/07\/231110-Harald_Lesch_c_Hentschel-1-140x140.jpg"},"dai-selector":{"file":"231110-Harald_Lesch_c_Hentschel-1-240x170.jpg","width":240,"height":170,"mime-type":"image\/jpeg","filesize":9051,"source_url":"https:\/\/dai-heidelberg.de\/de\/wp-content\/uploads\/sites\/2\/2023\/07\/231110-Harald_Lesch_c_Hentschel-1-240x170.jpg"},"dai-hof":{"file":"231110-Harald_Lesch_c_Hentschel-1-240x192.jpg","width":240,"height":192,"mime-type":"image\/jpeg","filesize":9461,"source_url":"https:\/\/dai-heidelberg.de\/de\/wp-content\/uploads\/sites\/2\/2023\/07\/231110-Harald_Lesch_c_Hentschel-1-240x192.jpg"}},"image_meta":{"aperture":"0","credit":"","camera":"","caption":"","created_timestamp":"0","copyright":"","focal_length":"0","iso":"0","shutter_speed":"0","title":"","orientation":"0","keywords":[]}},"post":56871,"source_url":"https:\/\/dai-heidelberg.de\/de\/wp-content\/uploads\/sites\/2\/2023\/07\/231110-Harald_Lesch_c_Hentschel-1.jpg"},"post-meta-fields":{"_edit_lock":["1730719390:20"],"_edit_last":["20"],"_thumbnail_id":["57260"],"dai_event_datetime":["2024-11-08 20:00"],"dai_event_featured":["0"],"dai_event_artist":["Wissenschaft und \u00adGesellschaft"],"dai_event_ticket_freeadmission":["0"],"dai_autotranslate_should_translate":["1"],"dai_event_ticket_price_presale_standard":["19,90"],"dai_event_ticket_price_presale_reduced":["15,90"],"dai_event_ticket_price_presale_member":["12,90"],"dai_event_notice":["Resttickets an der Abendkasse"],"dai_event_content_notice":["Restkarten an der Abendkasse. Bitte haben Sie daf\u00fcr Verst\u00e4ndnis, dass wir keine Kartenreservierungen vornehmen k\u00f6nnen."]},"yoast_head":"<!-- This site is optimized with the Yoast SEO plugin v28.3 - https:\/\/yoast.com\/product\/yoast-seo-wordpress\/ -->\n<title>Veranstaltungen - Deutsch-Amerikanisches Institut. Haus der Kultur.<\/title>\n<meta name=\"robots\" content=\"index, follow, max-snippet:-1, max-image-preview:large, max-video-preview:-1\" \/>\n<link rel=\"canonical\" href=\"https:\/\/dai-heidelberg.de\/de\/?post_type=dai_event&p=63781\" \/>\n<meta property=\"og:locale\" content=\"de_DE\" \/>\n<meta property=\"og:type\" content=\"article\" \/>\n<meta property=\"og:title\" content=\"Veranstaltungen - Deutsch-Amerikanisches Institut. Haus der Kultur.\" \/>\n<meta property=\"og:description\" content=\"Klimawandel, Coronavirus, 5G-Strahlung \u2013 wissenschaftliche Diskurse polarisieren aktuell die Gesellschaft enorm. Obwohl der Zugang zu Wissen durch das Internet so&nbsp;&hellip;\" \/>\n<meta property=\"og:url\" content=\"https:\/\/dai-heidelberg.de\/de\/?post_type=dai_event&amp;p=63781\" \/>\n<meta property=\"og:site_name\" content=\"DAI Deutsch\" \/>\n<meta property=\"article:modified_time\" content=\"2024-11-04T11:25:23+00:00\" \/>\n<meta name=\"twitter:label1\" content=\"Gesch\u00e4tzte Lesezeit\" \/>\n\t<meta name=\"twitter:data1\" content=\"1\u00a0Minute\" \/>\n<script type=\"application\/ld+json\" class=\"yoast-schema-graph\">{\"@context\":\"https:\\\/\\\/schema.org\",\"@graph\":[{\"@type\":\"WebPage\",\"@id\":\"https:\\\/\\\/dai-heidelberg.de\\\/de\\\/?post_type=dai_event&p=63781\",\"url\":\"https:\\\/\\\/dai-heidelberg.de\\\/de\\\/?post_type=dai_event&p=63781\",\"name\":\"Veranstaltungen - Deutsch-Amerikanisches Institut. Haus der Kultur.\",\"isPartOf\":{\"@id\":\"https:\\\/\\\/dai-heidelberg.de\\\/de\\\/#website\"},\"primaryImageOfPage\":{\"@id\":\"https:\\\/\\\/dai-heidelberg.de\\\/de\\\/?post_type=dai_event&p=63781#primaryimage\"},\"image\":{\"@id\":\"https:\\\/\\\/dai-heidelberg.de\\\/de\\\/?post_type=dai_event&p=63781#primaryimage\"},\"thumbnailUrl\":\"https:\\\/\\\/dai-heidelberg.de\\\/de\\\/wp-content\\\/uploads\\\/sites\\\/2\\\/2023\\\/07\\\/231110-Harald_Lesch_c_Hentschel-1.jpg\",\"datePublished\":\"2024-07-15T16:00:53+00:00\",\"dateModified\":\"2024-11-04T11:25:23+00:00\",\"breadcrumb\":{\"@id\":\"https:\\\/\\\/dai-heidelberg.de\\\/de\\\/?post_type=dai_event&p=63781#breadcrumb\"},\"inLanguage\":\"de\",\"potentialAction\":[{\"@type\":\"ReadAction\",\"target\":[\"https:\\\/\\\/dai-heidelberg.de\\\/de\\\/?post_type=dai_event&p=63781\"]}]},{\"@type\":\"ImageObject\",\"inLanguage\":\"de\",\"@id\":\"https:\\\/\\\/dai-heidelberg.de\\\/de\\\/?post_type=dai_event&p=63781#primaryimage\",\"url\":\"https:\\\/\\\/dai-heidelberg.de\\\/de\\\/wp-content\\\/uploads\\\/sites\\\/2\\\/2023\\\/07\\\/231110-Harald_Lesch_c_Hentschel-1.jpg\",\"contentUrl\":\"https:\\\/\\\/dai-heidelberg.de\\\/de\\\/wp-content\\\/uploads\\\/sites\\\/2\\\/2023\\\/07\\\/231110-Harald_Lesch_c_Hentschel-1.jpg\",\"width\":820,\"height\":370,\"caption\":\"Foto: F. Hentschel\"},{\"@type\":\"BreadcrumbList\",\"@id\":\"https:\\\/\\\/dai-heidelberg.de\\\/de\\\/?post_type=dai_event&p=63781#breadcrumb\",\"itemListElement\":[{\"@type\":\"ListItem\",\"position\":1,\"name\":\"Startseite\",\"item\":\"https:\\\/\\\/dai-heidelberg.de\\\/de\\\/\"},{\"@type\":\"ListItem\",\"position\":2,\"name\":\"Veranstaltungen\",\"item\":\"https:\\\/\\\/dai-heidelberg.de\\\/de\\\/veranstaltungen\\\/\"},{\"@type\":\"ListItem\",\"position\":3,\"name\":\"Harald Lesch\"}]},{\"@type\":\"WebSite\",\"@id\":\"https:\\\/\\\/dai-heidelberg.de\\\/de\\\/#website\",\"url\":\"https:\\\/\\\/dai-heidelberg.de\\\/de\\\/\",\"name\":\"DAI Deutsch\",\"description\":\"Deutsch-Amerikanisches Institut. Haus der Kultur.\",\"potentialAction\":[{\"@type\":\"SearchAction\",\"target\":{\"@type\":\"EntryPoint\",\"urlTemplate\":\"https:\\\/\\\/dai-heidelberg.de\\\/de\\\/?s={search_term_string}\"},\"query-input\":{\"@type\":\"PropertyValueSpecification\",\"valueRequired\":true,\"valueName\":\"search_term_string\"}}],\"inLanguage\":\"de\"}]}<\/script>\n<!-- \/ Yoast SEO plugin. -->","yoast_head_json":{"title":"Veranstaltungen - Deutsch-Amerikanisches Institut. Haus der Kultur.","robots":{"index":"index","follow":"follow","max-snippet":"max-snippet:-1","max-image-preview":"max-image-preview:large","max-video-preview":"max-video-preview:-1"},"canonical":"https:\/\/dai-heidelberg.de\/de\/?post_type=dai_event&p=63781","og_locale":"de_DE","og_type":"article","og_title":"Veranstaltungen - Deutsch-Amerikanisches Institut. Haus der Kultur.","og_description":"Klimawandel, Coronavirus, 5G-Strahlung \u2013 wissenschaftliche Diskurse polarisieren aktuell die Gesellschaft enorm. Obwohl der Zugang zu Wissen durch das Internet so&nbsp;&hellip;","og_url":"https:\/\/dai-heidelberg.de\/de\/?post_type=dai_event&p=63781","og_site_name":"DAI Deutsch","article_modified_time":"2024-11-04T11:25:23+00:00","twitter_misc":{"Gesch\u00e4tzte Lesezeit":"1\u00a0Minute"},"schema":{"@context":"https:\/\/schema.org","@graph":[{"@type":"WebPage","@id":"https:\/\/dai-heidelberg.de\/de\/?post_type=dai_event&p=63781","url":"https:\/\/dai-heidelberg.de\/de\/?post_type=dai_event&p=63781","name":"Veranstaltungen - Deutsch-Amerikanisches Institut. Haus der Kultur.","isPartOf":{"@id":"https:\/\/dai-heidelberg.de\/de\/#website"},"primaryImageOfPage":{"@id":"https:\/\/dai-heidelberg.de\/de\/?post_type=dai_event&p=63781#primaryimage"},"image":{"@id":"https:\/\/dai-heidelberg.de\/de\/?post_type=dai_event&p=63781#primaryimage"},"thumbnailUrl":"https:\/\/dai-heidelberg.de\/de\/wp-content\/uploads\/sites\/2\/2023\/07\/231110-Harald_Lesch_c_Hentschel-1.jpg","datePublished":"2024-07-15T16:00:53+00:00","dateModified":"2024-11-04T11:25:23+00:00","breadcrumb":{"@id":"https:\/\/dai-heidelberg.de\/de\/?post_type=dai_event&p=63781#breadcrumb"},"inLanguage":"de","potentialAction":[{"@type":"ReadAction","target":["https:\/\/dai-heidelberg.de\/de\/?post_type=dai_event&p=63781"]}]},{"@type":"ImageObject","inLanguage":"de","@id":"https:\/\/dai-heidelberg.de\/de\/?post_type=dai_event&p=63781#primaryimage","url":"https:\/\/dai-heidelberg.de\/de\/wp-content\/uploads\/sites\/2\/2023\/07\/231110-Harald_Lesch_c_Hentschel-1.jpg","contentUrl":"https:\/\/dai-heidelberg.de\/de\/wp-content\/uploads\/sites\/2\/2023\/07\/231110-Harald_Lesch_c_Hentschel-1.jpg","width":820,"height":370,"caption":"Foto: F. Hentschel"},{"@type":"BreadcrumbList","@id":"https:\/\/dai-heidelberg.de\/de\/?post_type=dai_event&p=63781#breadcrumb","itemListElement":[{"@type":"ListItem","position":1,"name":"Startseite","item":"https:\/\/dai-heidelberg.de\/de\/"},{"@type":"ListItem","position":2,"name":"Veranstaltungen","item":"https:\/\/dai-heidelberg.de\/de\/veranstaltungen\/"},{"@type":"ListItem","position":3,"name":"Harald Lesch"}]},{"@type":"WebSite","@id":"https:\/\/dai-heidelberg.de\/de\/#website","url":"https:\/\/dai-heidelberg.de\/de\/","name":"DAI Deutsch","description":"Deutsch-Amerikanisches Institut. Haus der Kultur.","potentialAction":[{"@type":"SearchAction","target":{"@type":"EntryPoint","urlTemplate":"https:\/\/dai-heidelberg.de\/de\/?s={search_term_string}"},"query-input":{"@type":"PropertyValueSpecification","valueRequired":true,"valueName":"search_term_string"}}],"inLanguage":"de"}]}},"_links":{"self":[{"href":"https:\/\/dai-heidelberg.de\/de\/wp-json\/wp\/v2\/dai_event\/63781","targetHints":{"allow":["GET"]}}],"collection":[{"href":"https:\/\/dai-heidelberg.de\/de\/wp-json\/wp\/v2\/dai_event"}],"about":[{"href":"https:\/\/dai-heidelberg.de\/de\/wp-json\/wp\/v2\/types\/dai_event"}],"version-history":[{"count":2,"href":"https:\/\/dai-heidelberg.de\/de\/wp-json\/wp\/v2\/dai_event\/63781\/revisions"}],"predecessor-version":[{"id":65536,"href":"https:\/\/dai-heidelberg.de\/de\/wp-json\/wp\/v2\/dai_event\/63781\/revisions\/65536"}],"wp:featuredmedia":[{"embeddable":true,"href":"https:\/\/dai-heidelberg.de\/de\/wp-json\/wp\/v2\/media\/57260"}],"wp:attachment":[{"href":"https:\/\/dai-heidelberg.de\/de\/wp-json\/wp\/v2\/media?parent=63781"}],"wp:term":[{"taxonomy":"post_tag","embeddable":true,"href":"https:\/\/dai-heidelberg.de\/de\/wp-json\/wp\/v2\/tags?post=63781"},{"taxonomy":"dai_event_category","embeddable":true,"href":"https:\/\/dai-heidelberg.de\/de\/wp-json\/wp\/v2\/dai_event_category?post=63781"},{"taxonomy":"dai_event_type","embeddable":true,"href":"https:\/\/dai-heidelberg.de\/de\/wp-json\/wp\/v2\/dai_event_type?post=63781"},{"taxonomy":"dai_event_location","embeddable":true,"href":"https:\/\/dai-heidelberg.de\/de\/wp-json\/wp\/v2\/dai_event_location?post=63781"}],"curies":[{"name":"wp","href":"https:\/\/api.w.org\/{rel}","templated":true}]}}

<p>Klimawandel, Coronavirus, 5G-Strahlung – wissenschaftliche Diskurse polarisieren aktuell die Gesellschaft enorm. Obwohl der Zugang zu Wissen durch das Internet so niedrigschwellig ist wie nie zuvor, hat ein Teil der Gesellschaft das Vertrauen in die (Natur-)Wissenschaften verloren: Erkenntnisse, die bereits Tatsachenstatus erreicht haben, werden angezweifelt oder bewusst ignoriert. Diese Trennung von wissenschaftlicher und sozialer Rationalität ist ein großes Problem: Dass unsere Gesellschaft das zunehmende Misstrauen in die Forschung langfristig aushalten kann, bezweifelt Harald Lesch. Als Wissenschaftsvermittler ist sein Ziel daher klar: wissenschaftliche Erkenntnis in die Mitte der Gesellschaft zurückbringen und das Vertrauen in die Forschung wieder aufbauen.</p>
<p>Der Astrophysiker, Philosoph und Wissenschaftsmoderator <strong>Prof. Dr. Harald Lesch</strong> vermittelt zentrale Thesen und drängende Fragen unserer Zeit wissenschaftlich fundiert und zugleich unterhaltsam. Durch seine Sendungen <em>Leschs Kosmos</em>, <em>Frag den Lesch</em> und <em>Faszination Universum</em> gehört er seit Jahren zu den bekanntesten Wissenschaftsvermittlern im deutschen Fernsehen.</p>

Restkarten an der Abendkasse. Bitte haben Sie dafür Verständnis, dass wir keine Kartenreservierungen vornehmen können.

<!-- This site is optimized with the Yoast SEO plugin v28.3 - https://yoast.com/product/yoast-seo-wordpress/ -->
<title>Veranstaltungen - Deutsch-Amerikanisches Institut. Haus der Kultur.</title>
<meta name="robots" content="index, follow, max-snippet:-1, max-image-preview:large, max-video-preview:-1" />
<link rel="canonical" href="https://dai-heidelberg.de/de/?post_type=dai_event&p=63781" />
<meta property="og:locale" content="de_DE" />
<meta property="og:type" content="article" />
<meta property="og:title" content="Veranstaltungen - Deutsch-Amerikanisches Institut. Haus der Kultur." />
<meta property="og:description" content="Klimawandel, Coronavirus, 5G-Strahlung – wissenschaftliche Diskurse polarisieren aktuell die Gesellschaft enorm. Obwohl der Zugang zu Wissen durch das Internet so&nbsp;&hellip;" />
<meta property="og:url" content="https://dai-heidelberg.de/de/?post_type=dai_event&amp;p=63781" />
<meta property="og:site_name" content="DAI Deutsch" />
<meta property="article:modified_time" content="2024-11-04T11:25:23+00:00" />
<meta name="twitter:label1" content="Geschätzte Lesezeit" />
	<meta name="twitter:data1" content="1 Minute" />
<script type="application/ld+json" class="yoast-schema-graph">{"@context":"https:\/\/schema.org","@graph":[{"@type":"WebPage","@id":"https:\/\/dai-heidelberg.de\/de\/?post_type=dai_event&p=63781","url":"https:\/\/dai-heidelberg.de\/de\/?post_type=dai_event&p=63781","name":"Veranstaltungen - Deutsch-Amerikanisches Institut. Haus der Kultur.","isPartOf":{"@id":"https:\/\/dai-heidelberg.de\/de\/#website"},"primaryImageOfPage":{"@id":"https:\/\/dai-heidelberg.de\/de\/?post_type=dai_event&p=63781#primaryimage"},"image":{"@id":"https:\/\/dai-heidelberg.de\/de\/?post_type=dai_event&p=63781#primaryimage"},"thumbnailUrl":"https:\/\/dai-heidelberg.de\/de\/wp-content\/uploads\/sites\/2\/2023\/07\/231110-Harald_Lesch_c_Hentschel-1.jpg","datePublished":"2024-07-15T16:00:53+00:00","dateModified":"2024-11-04T11:25:23+00:00","breadcrumb":{"@id":"https:\/\/dai-heidelberg.de\/de\/?post_type=dai_event&p=63781#breadcrumb"},"inLanguage":"de","potentialAction":[{"@type":"ReadAction","target":["https:\/\/dai-heidelberg.de\/de\/?post_type=dai_event&p=63781"]}]},{"@type":"ImageObject","inLanguage":"de","@id":"https:\/\/dai-heidelberg.de\/de\/?post_type=dai_event&p=63781#primaryimage","url":"https:\/\/dai-heidelberg.de\/de\/wp-content\/uploads\/sites\/2\/2023\/07\/231110-Harald_Lesch_c_Hentschel-1.jpg","contentUrl":"https:\/\/dai-heidelberg.de\/de\/wp-content\/uploads\/sites\/2\/2023\/07\/231110-Harald_Lesch_c_Hentschel-1.jpg","width":820,"height":370,"caption":"Foto: F. Hentschel"},{"@type":"BreadcrumbList","@id":"https:\/\/dai-heidelberg.de\/de\/?post_type=dai_event&p=63781#breadcrumb","itemListElement":[{"@type":"ListItem","position":1,"name":"Startseite","item":"https:\/\/dai-heidelberg.de\/de\/"},{"@type":"ListItem","position":2,"name":"Veranstaltungen","item":"https:\/\/dai-heidelberg.de\/de\/veranstaltungen\/"},{"@type":"ListItem","position":3,"name":"Harald Lesch"}]},{"@type":"WebSite","@id":"https:\/\/dai-heidelberg.de\/de\/#website","url":"https:\/\/dai-heidelberg.de\/de\/","name":"DAI Deutsch","description":"Deutsch-Amerikanisches Institut. Haus der Kultur.","potentialAction":[{"@type":"SearchAction","target":{"@type":"EntryPoint","urlTemplate":"https:\/\/dai-heidelberg.de\/de\/?s={search_term_string}"},"query-input":{"@type":"PropertyValueSpecification","valueRequired":true,"valueName":"search_term_string"}}],"inLanguage":"de"}]}</script>
<!-- / Yoast SEO plugin. -->
