{"id":61699,"date":"2024-03-11T15:57:02","date_gmt":"2024-03-11T14:57:02","guid":{"rendered":"https:\/\/dai-heidelberg.de\/de\/?post_type=dai_event&#038;p=61699"},"modified":"2024-03-12T20:37:42","modified_gmt":"2024-03-12T19:37:42","slug":"musical-sunday-34","status":"publish","type":"dai_event","link":"https:\/\/dai-heidelberg.de\/de\/veranstaltungen\/musical-sunday-34-61699\/","title":{"rendered":"Musical Sunday"},"content":{"rendered":"<p>Im verheerenden Richtungsstreit des 19. Jahrhunderts \u2013 hier die \u201eTraditionalisten\u201c um Brahms, dort die \u201eNeudeutschen\u201c um Liszt und Wagner \u2013 geriet so mancher Komponist unter die R\u00e4der. Auch Anton Bruckner fand in dieser aufgeheizten Atmosph\u00e4re seinen k\u00fcnstlerischen Weg nur mit M\u00fche. Viele seiner Sinfonien stie\u00dfen auf Unverst\u00e4ndnis oder wurden erst gar nicht gespielt. \u00dcber seine Nr. 4 hie\u00df es zun\u00e4chst, dass nur der erste Satz auff\u00fchrbar sei, das \u00dcbrige hingegen \u201everr\u00fcckt\u201c. Als das Werk 1881 dann aber tats\u00e4chlich erklang, setzte es sich rasch durch. Heute z\u00e4hlt die Vierte, Bruckners \u201eRomantische\u201c, zu den beliebtesten Sinfonien \u00fcberhaupt.<\/p>\n<p>Beim Musical Sunday im DAI Heidelberg kommen zwei Enthusiasten der Musik zu Wort und tauchen mit dem Publikum tief in die jeweiligen Werke ein: <strong>Marcus Imbsweiler<\/strong> ver\u00f6ffentlicht Romane und Erz\u00e4hlungen; <strong>Timo Jouko Herrmann<\/strong> ist Komponist und Gastdirigent der Heidelberger Sinfoniker.<\/p>\n","protected":false},"excerpt":{"rendered":"<p>Im verheerenden Richtungsstreit des 19. Jahrhunderts \u2013 hier die \u201eTraditionalisten\u201c um Brahms, dort die \u201eNeudeutschen\u201c um Liszt und Wagner \u2013&nbsp;&hellip;<\/p>\n","protected":false},"featured_media":45054,"template":"","meta":{"footnotes":""},"tags":[],"dai_event_category":[6],"dai_event_type":[229,17,322],"dai_event_location":[],"class_list":["post-61699","dai_event","type-dai_event","status-publish","has-post-thumbnail","hentry","dai_event_category-kulturveranstaltungen","dai_event_type-literarisches-zentrum-heidelberg","dai_event_type-literatur","dai_event_type-musical-sunday"],"better_featured_image":{"id":45054,"alt_text":"Foto: Sarina Chamatova","caption":"Foto: Sarina Chamatova","description":"","media_type":"image","media_details":{"width":820,"height":370,"file":"2021\/07\/210000-MuSu_c_Sarina-Chamatova.jpg","sizes":{"medium":{"file":"210000-MuSu_c_Sarina-Chamatova-300x135.jpg","width":300,"height":135,"mime-type":"image\/jpeg","source_url":"https:\/\/dai-heidelberg.de\/de\/wp-content\/uploads\/sites\/2\/2021\/07\/210000-MuSu_c_Sarina-Chamatova-300x135.jpg"},"thumbnail":{"file":"210000-MuSu_c_Sarina-Chamatova-150x150.jpg","width":150,"height":150,"mime-type":"image\/jpeg","source_url":"https:\/\/dai-heidelberg.de\/de\/wp-content\/uploads\/sites\/2\/2021\/07\/210000-MuSu_c_Sarina-Chamatova-150x150.jpg"},"medium_large":{"file":"210000-MuSu_c_Sarina-Chamatova-768x347.jpg","width":768,"height":347,"mime-type":"image\/jpeg","source_url":"https:\/\/dai-heidelberg.de\/de\/wp-content\/uploads\/sites\/2\/2021\/07\/210000-MuSu_c_Sarina-Chamatova-768x347.jpg"},"dai-list":{"file":"210000-MuSu_c_Sarina-Chamatova-140x140.jpg","width":140,"height":140,"mime-type":"image\/jpeg","source_url":"https:\/\/dai-heidelberg.de\/de\/wp-content\/uploads\/sites\/2\/2021\/07\/210000-MuSu_c_Sarina-Chamatova-140x140.jpg"},"dai-selector":{"file":"210000-MuSu_c_Sarina-Chamatova-240x170.jpg","width":240,"height":170,"mime-type":"image\/jpeg","source_url":"https:\/\/dai-heidelberg.de\/de\/wp-content\/uploads\/sites\/2\/2021\/07\/210000-MuSu_c_Sarina-Chamatova-240x170.jpg"},"dai-hof":{"file":"210000-MuSu_c_Sarina-Chamatova-240x192.jpg","width":240,"height":192,"mime-type":"image\/jpeg","source_url":"https:\/\/dai-heidelberg.de\/de\/wp-content\/uploads\/sites\/2\/2021\/07\/210000-MuSu_c_Sarina-Chamatova-240x192.jpg"}},"image_meta":{"aperture":"0","credit":"","camera":"","caption":"","created_timestamp":"0","copyright":"","focal_length":"0","iso":"0","shutter_speed":"0","title":"","orientation":"1","keywords":[]}},"post":44448,"source_url":"https:\/\/dai-heidelberg.de\/de\/wp-content\/uploads\/sites\/2\/2021\/07\/210000-MuSu_c_Sarina-Chamatova.jpg"},"post-meta-fields":{"_edit_lock":["1710272223:10"],"_edit_last":["10"],"_thumbnail_id":["45054"],"dai_event_datetime":["2024-06-16 11:00"],"dai_event_featured":["0"],"dai_event_artist":["Anton Bruckner: Sinfonie Nr. 4 Es-Dur \u201eDie Romantische\u201c"],"dai_event_subtext":["Marcus Imbsweiler & Timo Jouko Herrmann"],"dai_event_ticket_freeadmission":["0"],"dai_autotranslate_should_translate":["1"],"dai_event_ticket_link":["https:\/\/shop.reservix.de\/?id=36ae96de8dddc4df70dce3f39db2b886ff117b9261533f02fa35ea4a3191d65e3a64633f4652f2d1ba3a365eff82ca70&vID=2736&eventGrpID=366714"],"dai_event_ticket_price_presale_standard":["11,90"],"dai_event_ticket_price_presale_reduced":["9,90"],"dai_event_ticket_price_presale_member":["6,90"]},"yoast_head":"<!-- This site is optimized with the Yoast SEO plugin v28.3 - https:\/\/yoast.com\/product\/yoast-seo-wordpress\/ -->\n<title>Veranstaltungen - Deutsch-Amerikanisches Institut. Haus der Kultur.<\/title>\n<meta name=\"robots\" content=\"index, follow, max-snippet:-1, max-image-preview:large, max-video-preview:-1\" \/>\n<link rel=\"canonical\" href=\"https:\/\/dai-heidelberg.de\/de\/?post_type=dai_event&p=61699\" \/>\n<meta property=\"og:locale\" content=\"de_DE\" \/>\n<meta property=\"og:type\" content=\"article\" \/>\n<meta property=\"og:title\" content=\"Veranstaltungen - Deutsch-Amerikanisches Institut. Haus der Kultur.\" \/>\n<meta property=\"og:description\" content=\"Im verheerenden Richtungsstreit des 19. Jahrhunderts \u2013 hier die \u201eTraditionalisten\u201c um Brahms, dort die \u201eNeudeutschen\u201c um Liszt und Wagner \u2013&nbsp;&hellip;\" \/>\n<meta property=\"og:url\" content=\"https:\/\/dai-heidelberg.de\/de\/?post_type=dai_event&amp;p=61699\" \/>\n<meta property=\"og:site_name\" content=\"DAI Deutsch\" \/>\n<meta property=\"article:modified_time\" content=\"2024-03-12T19:37:42+00:00\" \/>\n<meta name=\"twitter:label1\" content=\"Gesch\u00e4tzte Lesezeit\" \/>\n\t<meta name=\"twitter:data1\" content=\"1\u00a0Minute\" \/>\n<script type=\"application\/ld+json\" class=\"yoast-schema-graph\">{\"@context\":\"https:\\\/\\\/schema.org\",\"@graph\":[{\"@type\":\"WebPage\",\"@id\":\"https:\\\/\\\/dai-heidelberg.de\\\/de\\\/?post_type=dai_event&p=61699\",\"url\":\"https:\\\/\\\/dai-heidelberg.de\\\/de\\\/?post_type=dai_event&p=61699\",\"name\":\"Veranstaltungen - Deutsch-Amerikanisches Institut. Haus der Kultur.\",\"isPartOf\":{\"@id\":\"https:\\\/\\\/dai-heidelberg.de\\\/de\\\/#website\"},\"primaryImageOfPage\":{\"@id\":\"https:\\\/\\\/dai-heidelberg.de\\\/de\\\/?post_type=dai_event&p=61699#primaryimage\"},\"image\":{\"@id\":\"https:\\\/\\\/dai-heidelberg.de\\\/de\\\/?post_type=dai_event&p=61699#primaryimage\"},\"thumbnailUrl\":\"https:\\\/\\\/dai-heidelberg.de\\\/de\\\/wp-content\\\/uploads\\\/sites\\\/2\\\/2021\\\/07\\\/210000-MuSu_c_Sarina-Chamatova.jpg\",\"datePublished\":\"2024-03-11T14:57:02+00:00\",\"dateModified\":\"2024-03-12T19:37:42+00:00\",\"breadcrumb\":{\"@id\":\"https:\\\/\\\/dai-heidelberg.de\\\/de\\\/?post_type=dai_event&p=61699#breadcrumb\"},\"inLanguage\":\"de\",\"potentialAction\":[{\"@type\":\"ReadAction\",\"target\":[\"https:\\\/\\\/dai-heidelberg.de\\\/de\\\/?post_type=dai_event&p=61699\"]}]},{\"@type\":\"ImageObject\",\"inLanguage\":\"de\",\"@id\":\"https:\\\/\\\/dai-heidelberg.de\\\/de\\\/?post_type=dai_event&p=61699#primaryimage\",\"url\":\"https:\\\/\\\/dai-heidelberg.de\\\/de\\\/wp-content\\\/uploads\\\/sites\\\/2\\\/2021\\\/07\\\/210000-MuSu_c_Sarina-Chamatova.jpg\",\"contentUrl\":\"https:\\\/\\\/dai-heidelberg.de\\\/de\\\/wp-content\\\/uploads\\\/sites\\\/2\\\/2021\\\/07\\\/210000-MuSu_c_Sarina-Chamatova.jpg\",\"width\":820,\"height\":370,\"caption\":\"Foto: Sarina Chamatova\"},{\"@type\":\"BreadcrumbList\",\"@id\":\"https:\\\/\\\/dai-heidelberg.de\\\/de\\\/?post_type=dai_event&p=61699#breadcrumb\",\"itemListElement\":[{\"@type\":\"ListItem\",\"position\":1,\"name\":\"Startseite\",\"item\":\"https:\\\/\\\/dai-heidelberg.de\\\/de\\\/\"},{\"@type\":\"ListItem\",\"position\":2,\"name\":\"Veranstaltungen\",\"item\":\"https:\\\/\\\/dai-heidelberg.de\\\/de\\\/veranstaltungen\\\/\"},{\"@type\":\"ListItem\",\"position\":3,\"name\":\"Musical Sunday\"}]},{\"@type\":\"WebSite\",\"@id\":\"https:\\\/\\\/dai-heidelberg.de\\\/de\\\/#website\",\"url\":\"https:\\\/\\\/dai-heidelberg.de\\\/de\\\/\",\"name\":\"DAI Deutsch\",\"description\":\"Deutsch-Amerikanisches Institut. Haus der Kultur.\",\"potentialAction\":[{\"@type\":\"SearchAction\",\"target\":{\"@type\":\"EntryPoint\",\"urlTemplate\":\"https:\\\/\\\/dai-heidelberg.de\\\/de\\\/?s={search_term_string}\"},\"query-input\":{\"@type\":\"PropertyValueSpecification\",\"valueRequired\":true,\"valueName\":\"search_term_string\"}}],\"inLanguage\":\"de\"}]}<\/script>\n<!-- \/ Yoast SEO plugin. -->","yoast_head_json":{"title":"Veranstaltungen - Deutsch-Amerikanisches Institut. Haus der Kultur.","robots":{"index":"index","follow":"follow","max-snippet":"max-snippet:-1","max-image-preview":"max-image-preview:large","max-video-preview":"max-video-preview:-1"},"canonical":"https:\/\/dai-heidelberg.de\/de\/?post_type=dai_event&p=61699","og_locale":"de_DE","og_type":"article","og_title":"Veranstaltungen - Deutsch-Amerikanisches Institut. Haus der Kultur.","og_description":"Im verheerenden Richtungsstreit des 19. Jahrhunderts \u2013 hier die \u201eTraditionalisten\u201c um Brahms, dort die \u201eNeudeutschen\u201c um Liszt und Wagner \u2013&nbsp;&hellip;","og_url":"https:\/\/dai-heidelberg.de\/de\/?post_type=dai_event&p=61699","og_site_name":"DAI Deutsch","article_modified_time":"2024-03-12T19:37:42+00:00","twitter_misc":{"Gesch\u00e4tzte Lesezeit":"1\u00a0Minute"},"schema":{"@context":"https:\/\/schema.org","@graph":[{"@type":"WebPage","@id":"https:\/\/dai-heidelberg.de\/de\/?post_type=dai_event&p=61699","url":"https:\/\/dai-heidelberg.de\/de\/?post_type=dai_event&p=61699","name":"Veranstaltungen - Deutsch-Amerikanisches Institut. Haus der Kultur.","isPartOf":{"@id":"https:\/\/dai-heidelberg.de\/de\/#website"},"primaryImageOfPage":{"@id":"https:\/\/dai-heidelberg.de\/de\/?post_type=dai_event&p=61699#primaryimage"},"image":{"@id":"https:\/\/dai-heidelberg.de\/de\/?post_type=dai_event&p=61699#primaryimage"},"thumbnailUrl":"https:\/\/dai-heidelberg.de\/de\/wp-content\/uploads\/sites\/2\/2021\/07\/210000-MuSu_c_Sarina-Chamatova.jpg","datePublished":"2024-03-11T14:57:02+00:00","dateModified":"2024-03-12T19:37:42+00:00","breadcrumb":{"@id":"https:\/\/dai-heidelberg.de\/de\/?post_type=dai_event&p=61699#breadcrumb"},"inLanguage":"de","potentialAction":[{"@type":"ReadAction","target":["https:\/\/dai-heidelberg.de\/de\/?post_type=dai_event&p=61699"]}]},{"@type":"ImageObject","inLanguage":"de","@id":"https:\/\/dai-heidelberg.de\/de\/?post_type=dai_event&p=61699#primaryimage","url":"https:\/\/dai-heidelberg.de\/de\/wp-content\/uploads\/sites\/2\/2021\/07\/210000-MuSu_c_Sarina-Chamatova.jpg","contentUrl":"https:\/\/dai-heidelberg.de\/de\/wp-content\/uploads\/sites\/2\/2021\/07\/210000-MuSu_c_Sarina-Chamatova.jpg","width":820,"height":370,"caption":"Foto: Sarina Chamatova"},{"@type":"BreadcrumbList","@id":"https:\/\/dai-heidelberg.de\/de\/?post_type=dai_event&p=61699#breadcrumb","itemListElement":[{"@type":"ListItem","position":1,"name":"Startseite","item":"https:\/\/dai-heidelberg.de\/de\/"},{"@type":"ListItem","position":2,"name":"Veranstaltungen","item":"https:\/\/dai-heidelberg.de\/de\/veranstaltungen\/"},{"@type":"ListItem","position":3,"name":"Musical Sunday"}]},{"@type":"WebSite","@id":"https:\/\/dai-heidelberg.de\/de\/#website","url":"https:\/\/dai-heidelberg.de\/de\/","name":"DAI Deutsch","description":"Deutsch-Amerikanisches Institut. Haus der Kultur.","potentialAction":[{"@type":"SearchAction","target":{"@type":"EntryPoint","urlTemplate":"https:\/\/dai-heidelberg.de\/de\/?s={search_term_string}"},"query-input":{"@type":"PropertyValueSpecification","valueRequired":true,"valueName":"search_term_string"}}],"inLanguage":"de"}]}},"_links":{"self":[{"href":"https:\/\/dai-heidelberg.de\/de\/wp-json\/wp\/v2\/dai_event\/61699","targetHints":{"allow":["GET"]}}],"collection":[{"href":"https:\/\/dai-heidelberg.de\/de\/wp-json\/wp\/v2\/dai_event"}],"about":[{"href":"https:\/\/dai-heidelberg.de\/de\/wp-json\/wp\/v2\/types\/dai_event"}],"version-history":[{"count":1,"href":"https:\/\/dai-heidelberg.de\/de\/wp-json\/wp\/v2\/dai_event\/61699\/revisions"}],"predecessor-version":[{"id":61700,"href":"https:\/\/dai-heidelberg.de\/de\/wp-json\/wp\/v2\/dai_event\/61699\/revisions\/61700"}],"wp:featuredmedia":[{"embeddable":true,"href":"https:\/\/dai-heidelberg.de\/de\/wp-json\/wp\/v2\/media\/45054"}],"wp:attachment":[{"href":"https:\/\/dai-heidelberg.de\/de\/wp-json\/wp\/v2\/media?parent=61699"}],"wp:term":[{"taxonomy":"post_tag","embeddable":true,"href":"https:\/\/dai-heidelberg.de\/de\/wp-json\/wp\/v2\/tags?post=61699"},{"taxonomy":"dai_event_category","embeddable":true,"href":"https:\/\/dai-heidelberg.de\/de\/wp-json\/wp\/v2\/dai_event_category?post=61699"},{"taxonomy":"dai_event_type","embeddable":true,"href":"https:\/\/dai-heidelberg.de\/de\/wp-json\/wp\/v2\/dai_event_type?post=61699"},{"taxonomy":"dai_event_location","embeddable":true,"href":"https:\/\/dai-heidelberg.de\/de\/wp-json\/wp\/v2\/dai_event_location?post=61699"}],"curies":[{"name":"wp","href":"https:\/\/api.w.org\/{rel}","templated":true}]}}

<p>Im verheerenden Richtungsstreit des 19. Jahrhunderts – hier die „Traditionalisten“ um Brahms, dort die „Neudeutschen“ um Liszt und Wagner – geriet so mancher Komponist unter die Räder. Auch Anton Bruckner fand in dieser aufgeheizten Atmosphäre seinen künstlerischen Weg nur mit Mühe. Viele seiner Sinfonien stießen auf Unverständnis oder wurden erst gar nicht gespielt. Über seine Nr. 4 hieß es zunächst, dass nur der erste Satz aufführbar sei, das Übrige hingegen „verrückt“. Als das Werk 1881 dann aber tatsächlich erklang, setzte es sich rasch durch. Heute zählt die Vierte, Bruckners „Romantische“, zu den beliebtesten Sinfonien überhaupt.</p>
<p>Beim Musical Sunday im DAI Heidelberg kommen zwei Enthusiasten der Musik zu Wort und tauchen mit dem Publikum tief in die jeweiligen Werke ein: <strong>Marcus Imbsweiler</strong> veröffentlicht Romane und Erzählungen; <strong>Timo Jouko Herrmann</strong> ist Komponist und Gastdirigent der Heidelberger Sinfoniker.</p>

<!-- This site is optimized with the Yoast SEO plugin v28.3 - https://yoast.com/product/yoast-seo-wordpress/ -->
<title>Veranstaltungen - Deutsch-Amerikanisches Institut. Haus der Kultur.</title>
<meta name="robots" content="index, follow, max-snippet:-1, max-image-preview:large, max-video-preview:-1" />
<link rel="canonical" href="https://dai-heidelberg.de/de/?post_type=dai_event&p=61699" />
<meta property="og:locale" content="de_DE" />
<meta property="og:type" content="article" />
<meta property="og:title" content="Veranstaltungen - Deutsch-Amerikanisches Institut. Haus der Kultur." />
<meta property="og:description" content="Im verheerenden Richtungsstreit des 19. Jahrhunderts – hier die „Traditionalisten“ um Brahms, dort die „Neudeutschen“ um Liszt und Wagner –&nbsp;&hellip;" />
<meta property="og:url" content="https://dai-heidelberg.de/de/?post_type=dai_event&amp;p=61699" />
<meta property="og:site_name" content="DAI Deutsch" />
<meta property="article:modified_time" content="2024-03-12T19:37:42+00:00" />
<meta name="twitter:label1" content="Geschätzte Lesezeit" />
	<meta name="twitter:data1" content="1 Minute" />
<script type="application/ld+json" class="yoast-schema-graph">{"@context":"https:\/\/schema.org","@graph":[{"@type":"WebPage","@id":"https:\/\/dai-heidelberg.de\/de\/?post_type=dai_event&p=61699","url":"https:\/\/dai-heidelberg.de\/de\/?post_type=dai_event&p=61699","name":"Veranstaltungen - Deutsch-Amerikanisches Institut. Haus der Kultur.","isPartOf":{"@id":"https:\/\/dai-heidelberg.de\/de\/#website"},"primaryImageOfPage":{"@id":"https:\/\/dai-heidelberg.de\/de\/?post_type=dai_event&p=61699#primaryimage"},"image":{"@id":"https:\/\/dai-heidelberg.de\/de\/?post_type=dai_event&p=61699#primaryimage"},"thumbnailUrl":"https:\/\/dai-heidelberg.de\/de\/wp-content\/uploads\/sites\/2\/2021\/07\/210000-MuSu_c_Sarina-Chamatova.jpg","datePublished":"2024-03-11T14:57:02+00:00","dateModified":"2024-03-12T19:37:42+00:00","breadcrumb":{"@id":"https:\/\/dai-heidelberg.de\/de\/?post_type=dai_event&p=61699#breadcrumb"},"inLanguage":"de","potentialAction":[{"@type":"ReadAction","target":["https:\/\/dai-heidelberg.de\/de\/?post_type=dai_event&p=61699"]}]},{"@type":"ImageObject","inLanguage":"de","@id":"https:\/\/dai-heidelberg.de\/de\/?post_type=dai_event&p=61699#primaryimage","url":"https:\/\/dai-heidelberg.de\/de\/wp-content\/uploads\/sites\/2\/2021\/07\/210000-MuSu_c_Sarina-Chamatova.jpg","contentUrl":"https:\/\/dai-heidelberg.de\/de\/wp-content\/uploads\/sites\/2\/2021\/07\/210000-MuSu_c_Sarina-Chamatova.jpg","width":820,"height":370,"caption":"Foto: Sarina Chamatova"},{"@type":"BreadcrumbList","@id":"https:\/\/dai-heidelberg.de\/de\/?post_type=dai_event&p=61699#breadcrumb","itemListElement":[{"@type":"ListItem","position":1,"name":"Startseite","item":"https:\/\/dai-heidelberg.de\/de\/"},{"@type":"ListItem","position":2,"name":"Veranstaltungen","item":"https:\/\/dai-heidelberg.de\/de\/veranstaltungen\/"},{"@type":"ListItem","position":3,"name":"Musical Sunday"}]},{"@type":"WebSite","@id":"https:\/\/dai-heidelberg.de\/de\/#website","url":"https:\/\/dai-heidelberg.de\/de\/","name":"DAI Deutsch","description":"Deutsch-Amerikanisches Institut. Haus der Kultur.","potentialAction":[{"@type":"SearchAction","target":{"@type":"EntryPoint","urlTemplate":"https:\/\/dai-heidelberg.de\/de\/?s={search_term_string}"},"query-input":{"@type":"PropertyValueSpecification","valueRequired":true,"valueName":"search_term_string"}}],"inLanguage":"de"}]}</script>
<!-- / Yoast SEO plugin. -->
