{"id":61694,"date":"2024-03-11T15:35:58","date_gmt":"2024-03-11T14:35:58","guid":{"rendered":"https:\/\/dai-heidelberg.de\/de\/?post_type=dai_event&#038;p=61694"},"modified":"2024-03-11T15:35:58","modified_gmt":"2024-03-11T14:35:58","slug":"hike-think-ich-und-die-anderen","status":"publish","type":"dai_event","link":"https:\/\/dai-heidelberg.de\/de\/veranstaltungen\/hike-think-ich-und-die-anderen-61694\/","title":{"rendered":"Hike &#038; Think: Ich und die Anderen"},"content":{"rendered":"<p>Die <em>Philosophy Walks<\/em> der DAI Library verbinden bedeutende philosophische Themen mit einem ausgedehnten Spaziergang in der Natur.<\/p>\n<p style=\"text-align: center;\"><em>\u201eWir wissen wenig voneinander. Wir sind Dickh\u00e4uter, wir strec\u00adken die H\u00e4nde nacheinander aus, aber es ist vergebliche M\u00fche, wir reiben nur das grobe Leder aneinander ab \u2013 wir sind sehr einsam.\u201c<\/em> (Georg B\u00fcchner, <em>Dantons Tod<\/em>)<\/p>\n<p><strong>Dr. Max von Sponeck<\/strong> ist Lehrbeauftragter des Philosophischen Seminars an der Universit\u00e4t und an der P\u00e4dagogischen Hochschule Heidelberg. Sein wissenschaftliches Spezialgebiet liegt in der zeitgen\u00f6ssischen Philosophie des Geistes.<\/p>\n<p><strong>Carsten Dolbert<\/strong> ist studierter Geowissenschaftler. Er arbeitet als Projektkoordinator, lie\u00df sich zum systemischen Berater und Therapeuten ausbilden und ist seit vielen Jahren ehrenamtlich in der internationalen Katastrophenhilfe t\u00e4tig.<\/p>\n<p><strong>Sprache:<\/strong>\u00a0Deutsch<\/p>\n<p><strong>Dauer:<\/strong>\u00a0ca. 3 Stunden<br \/>\n<strong>Unkostenbeitrag:\u00a0<\/strong>12 Euro (im Voraus zu \u00fcberweisen)<br \/>\n<strong>Anmeldung:<\/strong>\u00a0Ingrid Stolz,\u00a0<a href=\"ma&#105;&#108;&#x74;&#x6f;&#x3a;&#x69;es&#64;&#100;&#x61;&#x69;&#x2d;&#x68;ei&#100;&#101;&#108;&#x62;&#x65;&#x72;&#x67;&#46;d&#101;\">&#x69;e&#x73;&#64;&#x64;&#97;i&#x2d;&#104;&#x65;&#105;d&#x65;&#108;&#x62;&#101;r&#x67;&#46;&#x64;&#101;<\/a><\/p>\n<p>Nach Ihrer Anmeldung erhalten Sie eine Teilnahmebest\u00e4tigung mit allen Details (Treffpunkt, Zahlungsinformationen etc.)<\/p>\n","protected":false},"excerpt":{"rendered":"<p>Die Philosophy Walks der DAI Library verbinden bedeutende philosophische Themen mit einem ausgedehnten Spaziergang in der Natur. \u201eWir wissen wenig&nbsp;&hellip;<\/p>\n","protected":false},"featured_media":53606,"template":"","meta":{"footnotes":""},"tags":[],"dai_event_category":[7],"dai_event_type":[12,19],"dai_event_location":[],"class_list":["post-61694","dai_event","type-dai_event","status-publish","has-post-thumbnail","hentry","dai_event_category-bibliothek","dai_event_type-im-dialog","dai_event_type-social-activities"],"better_featured_image":{"id":53606,"alt_text":"","caption":"","description":"","media_type":"image","media_details":{"width":820,"height":370,"file":"2022\/12\/230212-Philosophy-Walk.jpg","filesize":119131,"sizes":{"medium":{"file":"230212-Philosophy-Walk-300x135.jpg","width":300,"height":135,"mime-type":"image\/jpeg","filesize":8859,"source_url":"https:\/\/dai-heidelberg.de\/de\/wp-content\/uploads\/sites\/2\/2022\/12\/230212-Philosophy-Walk-300x135.jpg"},"thumbnail":{"file":"230212-Philosophy-Walk-150x150.jpg","width":150,"height":150,"mime-type":"image\/jpeg","filesize":5095,"source_url":"https:\/\/dai-heidelberg.de\/de\/wp-content\/uploads\/sites\/2\/2022\/12\/230212-Philosophy-Walk-150x150.jpg"},"medium_large":{"file":"230212-Philosophy-Walk-768x347.jpg","width":768,"height":347,"mime-type":"image\/jpeg","filesize":42647,"source_url":"https:\/\/dai-heidelberg.de\/de\/wp-content\/uploads\/sites\/2\/2022\/12\/230212-Philosophy-Walk-768x347.jpg"},"dai-list":{"file":"230212-Philosophy-Walk-140x140.jpg","width":140,"height":140,"mime-type":"image\/jpeg","filesize":4613,"source_url":"https:\/\/dai-heidelberg.de\/de\/wp-content\/uploads\/sites\/2\/2022\/12\/230212-Philosophy-Walk-140x140.jpg"},"dai-selector":{"file":"230212-Philosophy-Walk-240x170.jpg","width":240,"height":170,"mime-type":"image\/jpeg","filesize":8637,"source_url":"https:\/\/dai-heidelberg.de\/de\/wp-content\/uploads\/sites\/2\/2022\/12\/230212-Philosophy-Walk-240x170.jpg"},"dai-hof":{"file":"230212-Philosophy-Walk-240x192.jpg","width":240,"height":192,"mime-type":"image\/jpeg","filesize":9118,"source_url":"https:\/\/dai-heidelberg.de\/de\/wp-content\/uploads\/sites\/2\/2022\/12\/230212-Philosophy-Walk-240x192.jpg"}},"image_meta":{"aperture":"0","credit":"","camera":"","caption":"","created_timestamp":"0","copyright":"","focal_length":"0","iso":"0","shutter_speed":"0","title":"","orientation":"0","keywords":[]}},"post":53604,"source_url":"https:\/\/dai-heidelberg.de\/de\/wp-content\/uploads\/sites\/2\/2022\/12\/230212-Philosophy-Walk.jpg"},"post-meta-fields":{"_edit_lock":["1710167633:10"],"_edit_last":["10"],"_thumbnail_id":["53606"],"dai_event_datetime":["2024-06-16 10:00"],"dai_event_featured":["0"],"dai_event_artist":["Wanderung mit Vortragselementen & Gespr\u00e4ch"],"dai_event_subtext":["Max von Sponeck & Carsten Dolbert"],"dai_event_ticket_freeadmission":["0"],"dai_autotranslate_should_translate":["1"]},"yoast_head":"<!-- This site is optimized with the Yoast SEO plugin v27.4 - https:\/\/yoast.com\/product\/yoast-seo-wordpress\/ -->\n<title>Veranstaltungen - Deutsch-Amerikanisches Institut. Haus der Kultur.<\/title>\n<meta name=\"robots\" content=\"index, follow, max-snippet:-1, max-image-preview:large, max-video-preview:-1\" \/>\n<link rel=\"canonical\" href=\"https:\/\/dai-heidelberg.de\/de\/?post_type=dai_event&p=61694\" \/>\n<meta property=\"og:locale\" content=\"de_DE\" \/>\n<meta property=\"og:type\" content=\"article\" \/>\n<meta property=\"og:title\" content=\"Veranstaltungen - Deutsch-Amerikanisches Institut. Haus der Kultur.\" \/>\n<meta property=\"og:description\" content=\"Die Philosophy Walks der DAI Library verbinden bedeutende philosophische Themen mit einem ausgedehnten Spaziergang in der Natur. \u201eWir wissen wenig&nbsp;&hellip;\" \/>\n<meta property=\"og:url\" content=\"https:\/\/dai-heidelberg.de\/de\/?post_type=dai_event&amp;p=61694\" \/>\n<meta property=\"og:site_name\" content=\"DAI Deutsch\" \/>\n<meta name=\"twitter:label1\" content=\"Gesch\u00e4tzte Lesezeit\" \/>\n\t<meta name=\"twitter:data1\" content=\"1\u00a0Minute\" \/>\n<script type=\"application\/ld+json\" class=\"yoast-schema-graph\">{\"@context\":\"https:\\\/\\\/schema.org\",\"@graph\":[{\"@type\":\"WebPage\",\"@id\":\"https:\\\/\\\/dai-heidelberg.de\\\/de\\\/?post_type=dai_event&p=61694\",\"url\":\"https:\\\/\\\/dai-heidelberg.de\\\/de\\\/?post_type=dai_event&p=61694\",\"name\":\"Veranstaltungen - Deutsch-Amerikanisches Institut. Haus der Kultur.\",\"isPartOf\":{\"@id\":\"https:\\\/\\\/dai-heidelberg.de\\\/de\\\/#website\"},\"primaryImageOfPage\":{\"@id\":\"https:\\\/\\\/dai-heidelberg.de\\\/de\\\/?post_type=dai_event&p=61694#primaryimage\"},\"image\":{\"@id\":\"https:\\\/\\\/dai-heidelberg.de\\\/de\\\/?post_type=dai_event&p=61694#primaryimage\"},\"thumbnailUrl\":\"https:\\\/\\\/dai-heidelberg.de\\\/de\\\/wp-content\\\/uploads\\\/sites\\\/2\\\/2022\\\/12\\\/230212-Philosophy-Walk.jpg\",\"datePublished\":\"2024-03-11T14:35:58+00:00\",\"breadcrumb\":{\"@id\":\"https:\\\/\\\/dai-heidelberg.de\\\/de\\\/?post_type=dai_event&p=61694#breadcrumb\"},\"inLanguage\":\"de\",\"potentialAction\":[{\"@type\":\"ReadAction\",\"target\":[\"https:\\\/\\\/dai-heidelberg.de\\\/de\\\/?post_type=dai_event&p=61694\"]}]},{\"@type\":\"ImageObject\",\"inLanguage\":\"de\",\"@id\":\"https:\\\/\\\/dai-heidelberg.de\\\/de\\\/?post_type=dai_event&p=61694#primaryimage\",\"url\":\"https:\\\/\\\/dai-heidelberg.de\\\/de\\\/wp-content\\\/uploads\\\/sites\\\/2\\\/2022\\\/12\\\/230212-Philosophy-Walk.jpg\",\"contentUrl\":\"https:\\\/\\\/dai-heidelberg.de\\\/de\\\/wp-content\\\/uploads\\\/sites\\\/2\\\/2022\\\/12\\\/230212-Philosophy-Walk.jpg\",\"width\":820,\"height\":370},{\"@type\":\"BreadcrumbList\",\"@id\":\"https:\\\/\\\/dai-heidelberg.de\\\/de\\\/?post_type=dai_event&p=61694#breadcrumb\",\"itemListElement\":[{\"@type\":\"ListItem\",\"position\":1,\"name\":\"Startseite\",\"item\":\"https:\\\/\\\/dai-heidelberg.de\\\/de\\\/\"},{\"@type\":\"ListItem\",\"position\":2,\"name\":\"Veranstaltungen\",\"item\":\"https:\\\/\\\/dai-heidelberg.de\\\/de\\\/veranstaltungen\\\/\"},{\"@type\":\"ListItem\",\"position\":3,\"name\":\"Hike &#038; Think: Ich und die Anderen\"}]},{\"@type\":\"WebSite\",\"@id\":\"https:\\\/\\\/dai-heidelberg.de\\\/de\\\/#website\",\"url\":\"https:\\\/\\\/dai-heidelberg.de\\\/de\\\/\",\"name\":\"DAI Deutsch\",\"description\":\"Deutsch-Amerikanisches Institut. Haus der Kultur.\",\"potentialAction\":[{\"@type\":\"SearchAction\",\"target\":{\"@type\":\"EntryPoint\",\"urlTemplate\":\"https:\\\/\\\/dai-heidelberg.de\\\/de\\\/?s={search_term_string}\"},\"query-input\":{\"@type\":\"PropertyValueSpecification\",\"valueRequired\":true,\"valueName\":\"search_term_string\"}}],\"inLanguage\":\"de\"}]}<\/script>\n<!-- \/ Yoast SEO plugin. -->","yoast_head_json":{"title":"Veranstaltungen - Deutsch-Amerikanisches Institut. Haus der Kultur.","robots":{"index":"index","follow":"follow","max-snippet":"max-snippet:-1","max-image-preview":"max-image-preview:large","max-video-preview":"max-video-preview:-1"},"canonical":"https:\/\/dai-heidelberg.de\/de\/?post_type=dai_event&p=61694","og_locale":"de_DE","og_type":"article","og_title":"Veranstaltungen - Deutsch-Amerikanisches Institut. Haus der Kultur.","og_description":"Die Philosophy Walks der DAI Library verbinden bedeutende philosophische Themen mit einem ausgedehnten Spaziergang in der Natur. \u201eWir wissen wenig&nbsp;&hellip;","og_url":"https:\/\/dai-heidelberg.de\/de\/?post_type=dai_event&p=61694","og_site_name":"DAI Deutsch","twitter_misc":{"Gesch\u00e4tzte Lesezeit":"1\u00a0Minute"},"schema":{"@context":"https:\/\/schema.org","@graph":[{"@type":"WebPage","@id":"https:\/\/dai-heidelberg.de\/de\/?post_type=dai_event&p=61694","url":"https:\/\/dai-heidelberg.de\/de\/?post_type=dai_event&p=61694","name":"Veranstaltungen - Deutsch-Amerikanisches Institut. Haus der Kultur.","isPartOf":{"@id":"https:\/\/dai-heidelberg.de\/de\/#website"},"primaryImageOfPage":{"@id":"https:\/\/dai-heidelberg.de\/de\/?post_type=dai_event&p=61694#primaryimage"},"image":{"@id":"https:\/\/dai-heidelberg.de\/de\/?post_type=dai_event&p=61694#primaryimage"},"thumbnailUrl":"https:\/\/dai-heidelberg.de\/de\/wp-content\/uploads\/sites\/2\/2022\/12\/230212-Philosophy-Walk.jpg","datePublished":"2024-03-11T14:35:58+00:00","breadcrumb":{"@id":"https:\/\/dai-heidelberg.de\/de\/?post_type=dai_event&p=61694#breadcrumb"},"inLanguage":"de","potentialAction":[{"@type":"ReadAction","target":["https:\/\/dai-heidelberg.de\/de\/?post_type=dai_event&p=61694"]}]},{"@type":"ImageObject","inLanguage":"de","@id":"https:\/\/dai-heidelberg.de\/de\/?post_type=dai_event&p=61694#primaryimage","url":"https:\/\/dai-heidelberg.de\/de\/wp-content\/uploads\/sites\/2\/2022\/12\/230212-Philosophy-Walk.jpg","contentUrl":"https:\/\/dai-heidelberg.de\/de\/wp-content\/uploads\/sites\/2\/2022\/12\/230212-Philosophy-Walk.jpg","width":820,"height":370},{"@type":"BreadcrumbList","@id":"https:\/\/dai-heidelberg.de\/de\/?post_type=dai_event&p=61694#breadcrumb","itemListElement":[{"@type":"ListItem","position":1,"name":"Startseite","item":"https:\/\/dai-heidelberg.de\/de\/"},{"@type":"ListItem","position":2,"name":"Veranstaltungen","item":"https:\/\/dai-heidelberg.de\/de\/veranstaltungen\/"},{"@type":"ListItem","position":3,"name":"Hike &#038; Think: Ich und die Anderen"}]},{"@type":"WebSite","@id":"https:\/\/dai-heidelberg.de\/de\/#website","url":"https:\/\/dai-heidelberg.de\/de\/","name":"DAI Deutsch","description":"Deutsch-Amerikanisches Institut. Haus der Kultur.","potentialAction":[{"@type":"SearchAction","target":{"@type":"EntryPoint","urlTemplate":"https:\/\/dai-heidelberg.de\/de\/?s={search_term_string}"},"query-input":{"@type":"PropertyValueSpecification","valueRequired":true,"valueName":"search_term_string"}}],"inLanguage":"de"}]}},"_links":{"self":[{"href":"https:\/\/dai-heidelberg.de\/de\/wp-json\/wp\/v2\/dai_event\/61694","targetHints":{"allow":["GET"]}}],"collection":[{"href":"https:\/\/dai-heidelberg.de\/de\/wp-json\/wp\/v2\/dai_event"}],"about":[{"href":"https:\/\/dai-heidelberg.de\/de\/wp-json\/wp\/v2\/types\/dai_event"}],"version-history":[{"count":2,"href":"https:\/\/dai-heidelberg.de\/de\/wp-json\/wp\/v2\/dai_event\/61694\/revisions"}],"predecessor-version":[{"id":61696,"href":"https:\/\/dai-heidelberg.de\/de\/wp-json\/wp\/v2\/dai_event\/61694\/revisions\/61696"}],"wp:featuredmedia":[{"embeddable":true,"href":"https:\/\/dai-heidelberg.de\/de\/wp-json\/wp\/v2\/media\/53606"}],"wp:attachment":[{"href":"https:\/\/dai-heidelberg.de\/de\/wp-json\/wp\/v2\/media?parent=61694"}],"wp:term":[{"taxonomy":"post_tag","embeddable":true,"href":"https:\/\/dai-heidelberg.de\/de\/wp-json\/wp\/v2\/tags?post=61694"},{"taxonomy":"dai_event_category","embeddable":true,"href":"https:\/\/dai-heidelberg.de\/de\/wp-json\/wp\/v2\/dai_event_category?post=61694"},{"taxonomy":"dai_event_type","embeddable":true,"href":"https:\/\/dai-heidelberg.de\/de\/wp-json\/wp\/v2\/dai_event_type?post=61694"},{"taxonomy":"dai_event_location","embeddable":true,"href":"https:\/\/dai-heidelberg.de\/de\/wp-json\/wp\/v2\/dai_event_location?post=61694"}],"curies":[{"name":"wp","href":"https:\/\/api.w.org\/{rel}","templated":true}]}}

<p>Die <em>Philosophy Walks</em> der DAI Library verbinden bedeutende philosophische Themen mit einem ausgedehnten Spaziergang in der Natur.</p>
<p style="text-align: center;"><em>„Wir wissen wenig voneinander. Wir sind Dickhäuter, wir strec­ken die Hände nacheinander aus, aber es ist vergebliche Mühe, wir reiben nur das grobe Leder aneinander ab – wir sind sehr einsam.“</em> (Georg Büchner, <em>Dantons Tod</em>)</p>
<p><strong>Dr. Max von Sponeck</strong> ist Lehrbeauftragter des Philosophischen Seminars an der Universität und an der Pädagogischen Hochschule Heidelberg. Sein wissenschaftliches Spezialgebiet liegt in der zeitgenössischen Philosophie des Geistes.</p>
<p><strong>Carsten Dolbert</strong> ist studierter Geowissenschaftler. Er arbeitet als Projektkoordinator, ließ sich zum systemischen Berater und Therapeuten ausbilden und ist seit vielen Jahren ehrenamtlich in der internationalen Katastrophenhilfe tätig.</p>
<p><strong>Sprache:</strong> Deutsch</p>
<p><strong>Dauer:</strong> ca. 3 Stunden<br />
<strong>Unkostenbeitrag: </strong>12 Euro (im Voraus zu überweisen)<br />
<strong>Anmeldung:</strong> Ingrid Stolz, <a href="ma&#105;&#108;&#x74;&#x6f;&#x3a;&#x69;es&#64;&#100;&#x61;&#x69;&#x2d;&#x68;ei&#100;&#101;&#108;&#x62;&#x65;&#x72;&#x67;&#46;d&#101;">&#x69;e&#x73;&#64;&#x64;&#97;i&#x2d;&#104;&#x65;&#105;d&#x65;&#108;&#x62;&#101;r&#x67;&#46;&#x64;&#101;</a></p>
<p>Nach Ihrer Anmeldung erhalten Sie eine Teilnahmebestätigung mit allen Details (Treffpunkt, Zahlungsinformationen etc.)</p>

Wanderung mit Vortragselementen & Gespräch

<!-- This site is optimized with the Yoast SEO plugin v27.4 - https://yoast.com/product/yoast-seo-wordpress/ -->
<title>Veranstaltungen - Deutsch-Amerikanisches Institut. Haus der Kultur.</title>
<meta name="robots" content="index, follow, max-snippet:-1, max-image-preview:large, max-video-preview:-1" />
<link rel="canonical" href="https://dai-heidelberg.de/de/?post_type=dai_event&p=61694" />
<meta property="og:locale" content="de_DE" />
<meta property="og:type" content="article" />
<meta property="og:title" content="Veranstaltungen - Deutsch-Amerikanisches Institut. Haus der Kultur." />
<meta property="og:description" content="Die Philosophy Walks der DAI Library verbinden bedeutende philosophische Themen mit einem ausgedehnten Spaziergang in der Natur. „Wir wissen wenig&nbsp;&hellip;" />
<meta property="og:url" content="https://dai-heidelberg.de/de/?post_type=dai_event&amp;p=61694" />
<meta property="og:site_name" content="DAI Deutsch" />
<meta name="twitter:label1" content="Geschätzte Lesezeit" />
	<meta name="twitter:data1" content="1 Minute" />
<script type="application/ld+json" class="yoast-schema-graph">{"@context":"https:\/\/schema.org","@graph":[{"@type":"WebPage","@id":"https:\/\/dai-heidelberg.de\/de\/?post_type=dai_event&p=61694","url":"https:\/\/dai-heidelberg.de\/de\/?post_type=dai_event&p=61694","name":"Veranstaltungen - Deutsch-Amerikanisches Institut. Haus der Kultur.","isPartOf":{"@id":"https:\/\/dai-heidelberg.de\/de\/#website"},"primaryImageOfPage":{"@id":"https:\/\/dai-heidelberg.de\/de\/?post_type=dai_event&p=61694#primaryimage"},"image":{"@id":"https:\/\/dai-heidelberg.de\/de\/?post_type=dai_event&p=61694#primaryimage"},"thumbnailUrl":"https:\/\/dai-heidelberg.de\/de\/wp-content\/uploads\/sites\/2\/2022\/12\/230212-Philosophy-Walk.jpg","datePublished":"2024-03-11T14:35:58+00:00","breadcrumb":{"@id":"https:\/\/dai-heidelberg.de\/de\/?post_type=dai_event&p=61694#breadcrumb"},"inLanguage":"de","potentialAction":[{"@type":"ReadAction","target":["https:\/\/dai-heidelberg.de\/de\/?post_type=dai_event&p=61694"]}]},{"@type":"ImageObject","inLanguage":"de","@id":"https:\/\/dai-heidelberg.de\/de\/?post_type=dai_event&p=61694#primaryimage","url":"https:\/\/dai-heidelberg.de\/de\/wp-content\/uploads\/sites\/2\/2022\/12\/230212-Philosophy-Walk.jpg","contentUrl":"https:\/\/dai-heidelberg.de\/de\/wp-content\/uploads\/sites\/2\/2022\/12\/230212-Philosophy-Walk.jpg","width":820,"height":370},{"@type":"BreadcrumbList","@id":"https:\/\/dai-heidelberg.de\/de\/?post_type=dai_event&p=61694#breadcrumb","itemListElement":[{"@type":"ListItem","position":1,"name":"Startseite","item":"https:\/\/dai-heidelberg.de\/de\/"},{"@type":"ListItem","position":2,"name":"Veranstaltungen","item":"https:\/\/dai-heidelberg.de\/de\/veranstaltungen\/"},{"@type":"ListItem","position":3,"name":"Hike &#038; Think: Ich und die Anderen"}]},{"@type":"WebSite","@id":"https:\/\/dai-heidelberg.de\/de\/#website","url":"https:\/\/dai-heidelberg.de\/de\/","name":"DAI Deutsch","description":"Deutsch-Amerikanisches Institut. Haus der Kultur.","potentialAction":[{"@type":"SearchAction","target":{"@type":"EntryPoint","urlTemplate":"https:\/\/dai-heidelberg.de\/de\/?s={search_term_string}"},"query-input":{"@type":"PropertyValueSpecification","valueRequired":true,"valueName":"search_term_string"}}],"inLanguage":"de"}]}</script>
<!-- / Yoast SEO plugin. -->
