{"id":60284,"date":"2023-12-07T19:15:58","date_gmt":"2023-12-07T18:15:58","guid":{"rendered":"https:\/\/dai-heidelberg.de\/de\/?post_type=dai_event&#038;p=60284"},"modified":"2024-05-21T20:02:15","modified_gmt":"2024-05-21T18:02:15","slug":"peter-schmidt","status":"publish","type":"dai_event","link":"https:\/\/dai-heidelberg.de\/de\/veranstaltungen\/peter-schmidt-60284\/","title":{"rendered":"Peter Schmidt"},"content":{"rendered":"<p>Arbeit: Sie ist geliebt, gehasst, oft schlecht bezahlt \u2013 und f\u00fcr viele ein Lebenselixier. Was verbirgt sich hinter dem Begriff der Arbeit und welchen Stellenwert nimmt sie im Leben ein? Arbeit ist ein hochemotionales Thema, das Menschen fast lebenslang begleitet und die Gesellschaft als Ganzes bewegt. Die Ans\u00e4tze, Arbeit sinnvoll und nachhaltig f\u00fcr alle zu gestalten, sind vielf\u00e4ltig und oft polarisierend. Peter Schmidt beleuchtet unterschiedliche Perspektiven und thematisiert auch, dass die Arbeit einen gro\u00dfen Anteil an der Selbstbestimmtheit und letztlich am Lebensgl\u00fcck eines Menschen haben kann.<\/p>\n<p><strong>Peter Schmidt<\/strong>, geboren 1949, studierte Betriebswirtschaft und war viele Jahre in der Industrie in unterschiedlichsten Bereichen im Management t\u00e4tig. Im Rahmen seines Berufes faszinieren ihn die Wissensgebiete Geschichte, Wissenschaft, Gesellschafts- und Wirtschaftspolitik.<\/p>\n<p>In der Reihe\u00a0<em>Local Monday<\/em><\/p>\n","protected":false},"excerpt":{"rendered":"<p>Arbeit: Sie ist geliebt, gehasst, oft schlecht bezahlt \u2013 und f\u00fcr viele ein Lebenselixier. Was verbirgt sich hinter dem Begriff&nbsp;&hellip;<\/p>\n","protected":false},"featured_media":63281,"template":"","meta":{"footnotes":""},"tags":[],"dai_event_category":[6],"dai_event_type":[229,17,238],"dai_event_location":[],"class_list":["post-60284","dai_event","type-dai_event","status-publish","has-post-thumbnail","hentry","dai_event_category-kulturveranstaltungen","dai_event_type-literarisches-zentrum-heidelberg","dai_event_type-literatur","dai_event_type-local-monday"],"better_featured_image":{"id":63281,"alt_text":"","caption":"Foto: Sarina Chamatova","description":"","media_type":"image","media_details":{"width":820,"height":370,"file":"2023\/12\/240205_Peter_Schmidt_sc_03.jpg","filesize":101578,"sizes":{"medium":{"file":"240205_Peter_Schmidt_sc_03-300x135.jpg","width":300,"height":135,"mime-type":"image\/jpeg","filesize":12459,"source_url":"https:\/\/dai-heidelberg.de\/de\/wp-content\/uploads\/sites\/2\/2023\/12\/240205_Peter_Schmidt_sc_03-300x135.jpg"},"thumbnail":{"file":"240205_Peter_Schmidt_sc_03-150x150.jpg","width":150,"height":150,"mime-type":"image\/jpeg","filesize":7521,"source_url":"https:\/\/dai-heidelberg.de\/de\/wp-content\/uploads\/sites\/2\/2023\/12\/240205_Peter_Schmidt_sc_03-150x150.jpg"},"medium_large":{"file":"240205_Peter_Schmidt_sc_03-768x347.jpg","width":768,"height":347,"mime-type":"image\/jpeg","filesize":51997,"source_url":"https:\/\/dai-heidelberg.de\/de\/wp-content\/uploads\/sites\/2\/2023\/12\/240205_Peter_Schmidt_sc_03-768x347.jpg"},"dai-list":{"file":"240205_Peter_Schmidt_sc_03-140x140.jpg","width":140,"height":140,"mime-type":"image\/jpeg","filesize":6874,"source_url":"https:\/\/dai-heidelberg.de\/de\/wp-content\/uploads\/sites\/2\/2023\/12\/240205_Peter_Schmidt_sc_03-140x140.jpg"},"dai-selector":{"file":"240205_Peter_Schmidt_sc_03-240x170.jpg","width":240,"height":170,"mime-type":"image\/jpeg","filesize":12082,"source_url":"https:\/\/dai-heidelberg.de\/de\/wp-content\/uploads\/sites\/2\/2023\/12\/240205_Peter_Schmidt_sc_03-240x170.jpg"},"dai-hof":{"file":"240205_Peter_Schmidt_sc_03-240x192.jpg","width":240,"height":192,"mime-type":"image\/jpeg","filesize":12973,"source_url":"https:\/\/dai-heidelberg.de\/de\/wp-content\/uploads\/sites\/2\/2023\/12\/240205_Peter_Schmidt_sc_03-240x192.jpg"}},"image_meta":{"aperture":"0","credit":"","camera":"","caption":"","created_timestamp":"0","copyright":"","focal_length":"0","iso":"0","shutter_speed":"0","title":"","orientation":"0","keywords":[]}},"post":60284,"source_url":"https:\/\/dai-heidelberg.de\/de\/wp-content\/uploads\/sites\/2\/2023\/12\/240205_Peter_Schmidt_sc_03.jpg"},"post-meta-fields":{"_edit_lock":["1716314508:10"],"_edit_last":["10"],"dai_event_datetime":["2024-02-05 20:00"],"dai_event_featured":["0"],"dai_event_artist":["Lebenselixier Arbeit: geliebt \u2013 gehasst \u2013 unverzichtbar"],"dai_event_ticket_freeadmission":["0"],"dai_autotranslate_should_translate":["1"],"dai_event_ticket_link":["https:\/\/shop.reservix.de\/?id=36ae96de8dddc4df70dce3f39db2b886ff117b9261533f02fa35ea4a3191d65e3a64633f4652f2d1ba3a365eff82ca70&vID=2736&eventGrpID=456677"],"dai_event_ticket_price_presale_standard":["4,90"],"_thumbnail_id":["63281"]},"yoast_head":"<!-- This site is optimized with the Yoast SEO plugin v27.4 - https:\/\/yoast.com\/product\/yoast-seo-wordpress\/ -->\n<title>Veranstaltungen - Deutsch-Amerikanisches Institut. Haus der Kultur.<\/title>\n<meta name=\"robots\" content=\"index, follow, max-snippet:-1, max-image-preview:large, max-video-preview:-1\" \/>\n<link rel=\"canonical\" href=\"https:\/\/dai-heidelberg.de\/de\/?post_type=dai_event&p=60284\" \/>\n<meta property=\"og:locale\" content=\"de_DE\" \/>\n<meta property=\"og:type\" content=\"article\" \/>\n<meta property=\"og:title\" content=\"Veranstaltungen - Deutsch-Amerikanisches Institut. Haus der Kultur.\" \/>\n<meta property=\"og:description\" content=\"Arbeit: Sie ist geliebt, gehasst, oft schlecht bezahlt \u2013 und f\u00fcr viele ein Lebenselixier. Was verbirgt sich hinter dem Begriff&nbsp;&hellip;\" \/>\n<meta property=\"og:url\" content=\"https:\/\/dai-heidelberg.de\/de\/?post_type=dai_event&amp;p=60284\" \/>\n<meta property=\"og:site_name\" content=\"DAI Deutsch\" \/>\n<meta property=\"article:modified_time\" content=\"2024-05-21T18:02:15+00:00\" \/>\n<meta name=\"twitter:label1\" content=\"Gesch\u00e4tzte Lesezeit\" \/>\n\t<meta name=\"twitter:data1\" content=\"1\u00a0Minute\" \/>\n<script type=\"application\/ld+json\" class=\"yoast-schema-graph\">{\"@context\":\"https:\\\/\\\/schema.org\",\"@graph\":[{\"@type\":\"WebPage\",\"@id\":\"https:\\\/\\\/dai-heidelberg.de\\\/de\\\/?post_type=dai_event&p=60284\",\"url\":\"https:\\\/\\\/dai-heidelberg.de\\\/de\\\/?post_type=dai_event&p=60284\",\"name\":\"Veranstaltungen - Deutsch-Amerikanisches Institut. Haus der Kultur.\",\"isPartOf\":{\"@id\":\"https:\\\/\\\/dai-heidelberg.de\\\/de\\\/#website\"},\"primaryImageOfPage\":{\"@id\":\"https:\\\/\\\/dai-heidelberg.de\\\/de\\\/?post_type=dai_event&p=60284#primaryimage\"},\"image\":{\"@id\":\"https:\\\/\\\/dai-heidelberg.de\\\/de\\\/?post_type=dai_event&p=60284#primaryimage\"},\"thumbnailUrl\":\"https:\\\/\\\/dai-heidelberg.de\\\/de\\\/wp-content\\\/uploads\\\/sites\\\/2\\\/2023\\\/12\\\/240205_Peter_Schmidt_sc_03.jpg\",\"datePublished\":\"2023-12-07T18:15:58+00:00\",\"dateModified\":\"2024-05-21T18:02:15+00:00\",\"breadcrumb\":{\"@id\":\"https:\\\/\\\/dai-heidelberg.de\\\/de\\\/?post_type=dai_event&p=60284#breadcrumb\"},\"inLanguage\":\"de\",\"potentialAction\":[{\"@type\":\"ReadAction\",\"target\":[\"https:\\\/\\\/dai-heidelberg.de\\\/de\\\/?post_type=dai_event&p=60284\"]}]},{\"@type\":\"ImageObject\",\"inLanguage\":\"de\",\"@id\":\"https:\\\/\\\/dai-heidelberg.de\\\/de\\\/?post_type=dai_event&p=60284#primaryimage\",\"url\":\"https:\\\/\\\/dai-heidelberg.de\\\/de\\\/wp-content\\\/uploads\\\/sites\\\/2\\\/2023\\\/12\\\/240205_Peter_Schmidt_sc_03.jpg\",\"contentUrl\":\"https:\\\/\\\/dai-heidelberg.de\\\/de\\\/wp-content\\\/uploads\\\/sites\\\/2\\\/2023\\\/12\\\/240205_Peter_Schmidt_sc_03.jpg\",\"width\":820,\"height\":370,\"caption\":\"Foto: Sarina Chamatova\"},{\"@type\":\"BreadcrumbList\",\"@id\":\"https:\\\/\\\/dai-heidelberg.de\\\/de\\\/?post_type=dai_event&p=60284#breadcrumb\",\"itemListElement\":[{\"@type\":\"ListItem\",\"position\":1,\"name\":\"Startseite\",\"item\":\"https:\\\/\\\/dai-heidelberg.de\\\/de\\\/\"},{\"@type\":\"ListItem\",\"position\":2,\"name\":\"Veranstaltungen\",\"item\":\"https:\\\/\\\/dai-heidelberg.de\\\/de\\\/veranstaltungen\\\/\"},{\"@type\":\"ListItem\",\"position\":3,\"name\":\"Peter Schmidt\"}]},{\"@type\":\"WebSite\",\"@id\":\"https:\\\/\\\/dai-heidelberg.de\\\/de\\\/#website\",\"url\":\"https:\\\/\\\/dai-heidelberg.de\\\/de\\\/\",\"name\":\"DAI Deutsch\",\"description\":\"Deutsch-Amerikanisches Institut. Haus der Kultur.\",\"potentialAction\":[{\"@type\":\"SearchAction\",\"target\":{\"@type\":\"EntryPoint\",\"urlTemplate\":\"https:\\\/\\\/dai-heidelberg.de\\\/de\\\/?s={search_term_string}\"},\"query-input\":{\"@type\":\"PropertyValueSpecification\",\"valueRequired\":true,\"valueName\":\"search_term_string\"}}],\"inLanguage\":\"de\"}]}<\/script>\n<!-- \/ Yoast SEO plugin. -->","yoast_head_json":{"title":"Veranstaltungen - Deutsch-Amerikanisches Institut. Haus der Kultur.","robots":{"index":"index","follow":"follow","max-snippet":"max-snippet:-1","max-image-preview":"max-image-preview:large","max-video-preview":"max-video-preview:-1"},"canonical":"https:\/\/dai-heidelberg.de\/de\/?post_type=dai_event&p=60284","og_locale":"de_DE","og_type":"article","og_title":"Veranstaltungen - Deutsch-Amerikanisches Institut. Haus der Kultur.","og_description":"Arbeit: Sie ist geliebt, gehasst, oft schlecht bezahlt \u2013 und f\u00fcr viele ein Lebenselixier. Was verbirgt sich hinter dem Begriff&nbsp;&hellip;","og_url":"https:\/\/dai-heidelberg.de\/de\/?post_type=dai_event&p=60284","og_site_name":"DAI Deutsch","article_modified_time":"2024-05-21T18:02:15+00:00","twitter_misc":{"Gesch\u00e4tzte Lesezeit":"1\u00a0Minute"},"schema":{"@context":"https:\/\/schema.org","@graph":[{"@type":"WebPage","@id":"https:\/\/dai-heidelberg.de\/de\/?post_type=dai_event&p=60284","url":"https:\/\/dai-heidelberg.de\/de\/?post_type=dai_event&p=60284","name":"Veranstaltungen - Deutsch-Amerikanisches Institut. Haus der Kultur.","isPartOf":{"@id":"https:\/\/dai-heidelberg.de\/de\/#website"},"primaryImageOfPage":{"@id":"https:\/\/dai-heidelberg.de\/de\/?post_type=dai_event&p=60284#primaryimage"},"image":{"@id":"https:\/\/dai-heidelberg.de\/de\/?post_type=dai_event&p=60284#primaryimage"},"thumbnailUrl":"https:\/\/dai-heidelberg.de\/de\/wp-content\/uploads\/sites\/2\/2023\/12\/240205_Peter_Schmidt_sc_03.jpg","datePublished":"2023-12-07T18:15:58+00:00","dateModified":"2024-05-21T18:02:15+00:00","breadcrumb":{"@id":"https:\/\/dai-heidelberg.de\/de\/?post_type=dai_event&p=60284#breadcrumb"},"inLanguage":"de","potentialAction":[{"@type":"ReadAction","target":["https:\/\/dai-heidelberg.de\/de\/?post_type=dai_event&p=60284"]}]},{"@type":"ImageObject","inLanguage":"de","@id":"https:\/\/dai-heidelberg.de\/de\/?post_type=dai_event&p=60284#primaryimage","url":"https:\/\/dai-heidelberg.de\/de\/wp-content\/uploads\/sites\/2\/2023\/12\/240205_Peter_Schmidt_sc_03.jpg","contentUrl":"https:\/\/dai-heidelberg.de\/de\/wp-content\/uploads\/sites\/2\/2023\/12\/240205_Peter_Schmidt_sc_03.jpg","width":820,"height":370,"caption":"Foto: Sarina Chamatova"},{"@type":"BreadcrumbList","@id":"https:\/\/dai-heidelberg.de\/de\/?post_type=dai_event&p=60284#breadcrumb","itemListElement":[{"@type":"ListItem","position":1,"name":"Startseite","item":"https:\/\/dai-heidelberg.de\/de\/"},{"@type":"ListItem","position":2,"name":"Veranstaltungen","item":"https:\/\/dai-heidelberg.de\/de\/veranstaltungen\/"},{"@type":"ListItem","position":3,"name":"Peter Schmidt"}]},{"@type":"WebSite","@id":"https:\/\/dai-heidelberg.de\/de\/#website","url":"https:\/\/dai-heidelberg.de\/de\/","name":"DAI Deutsch","description":"Deutsch-Amerikanisches Institut. Haus der Kultur.","potentialAction":[{"@type":"SearchAction","target":{"@type":"EntryPoint","urlTemplate":"https:\/\/dai-heidelberg.de\/de\/?s={search_term_string}"},"query-input":{"@type":"PropertyValueSpecification","valueRequired":true,"valueName":"search_term_string"}}],"inLanguage":"de"}]}},"_links":{"self":[{"href":"https:\/\/dai-heidelberg.de\/de\/wp-json\/wp\/v2\/dai_event\/60284","targetHints":{"allow":["GET"]}}],"collection":[{"href":"https:\/\/dai-heidelberg.de\/de\/wp-json\/wp\/v2\/dai_event"}],"about":[{"href":"https:\/\/dai-heidelberg.de\/de\/wp-json\/wp\/v2\/types\/dai_event"}],"version-history":[{"count":1,"href":"https:\/\/dai-heidelberg.de\/de\/wp-json\/wp\/v2\/dai_event\/60284\/revisions"}],"predecessor-version":[{"id":60286,"href":"https:\/\/dai-heidelberg.de\/de\/wp-json\/wp\/v2\/dai_event\/60284\/revisions\/60286"}],"wp:featuredmedia":[{"embeddable":true,"href":"https:\/\/dai-heidelberg.de\/de\/wp-json\/wp\/v2\/media\/63281"}],"wp:attachment":[{"href":"https:\/\/dai-heidelberg.de\/de\/wp-json\/wp\/v2\/media?parent=60284"}],"wp:term":[{"taxonomy":"post_tag","embeddable":true,"href":"https:\/\/dai-heidelberg.de\/de\/wp-json\/wp\/v2\/tags?post=60284"},{"taxonomy":"dai_event_category","embeddable":true,"href":"https:\/\/dai-heidelberg.de\/de\/wp-json\/wp\/v2\/dai_event_category?post=60284"},{"taxonomy":"dai_event_type","embeddable":true,"href":"https:\/\/dai-heidelberg.de\/de\/wp-json\/wp\/v2\/dai_event_type?post=60284"},{"taxonomy":"dai_event_location","embeddable":true,"href":"https:\/\/dai-heidelberg.de\/de\/wp-json\/wp\/v2\/dai_event_location?post=60284"}],"curies":[{"name":"wp","href":"https:\/\/api.w.org\/{rel}","templated":true}]}}

<p>Arbeit: Sie ist geliebt, gehasst, oft schlecht bezahlt – und für viele ein Lebenselixier. Was verbirgt sich hinter dem Begriff der Arbeit und welchen Stellenwert nimmt sie im Leben ein? Arbeit ist ein hochemotionales Thema, das Menschen fast lebenslang begleitet und die Gesellschaft als Ganzes bewegt. Die Ansätze, Arbeit sinnvoll und nachhaltig für alle zu gestalten, sind vielfältig und oft polarisierend. Peter Schmidt beleuchtet unterschiedliche Perspektiven und thematisiert auch, dass die Arbeit einen großen Anteil an der Selbstbestimmtheit und letztlich am Lebensglück eines Menschen haben kann.</p>
<p><strong>Peter Schmidt</strong>, geboren 1949, studierte Betriebswirtschaft und war viele Jahre in der Industrie in unterschiedlichsten Bereichen im Management tätig. Im Rahmen seines Berufes faszinieren ihn die Wissensgebiete Geschichte, Wissenschaft, Gesellschafts- und Wirtschaftspolitik.</p>
<p>In der Reihe <em>Local Monday</em></p>

<p>Arbeit: Sie ist geliebt, gehasst, oft schlecht bezahlt – und für viele ein Lebenselixier. Was verbirgt sich hinter dem Begriff&nbsp;&hellip;</p>

<!-- This site is optimized with the Yoast SEO plugin v27.4 - https://yoast.com/product/yoast-seo-wordpress/ -->
<title>Veranstaltungen - Deutsch-Amerikanisches Institut. Haus der Kultur.</title>
<meta name="robots" content="index, follow, max-snippet:-1, max-image-preview:large, max-video-preview:-1" />
<link rel="canonical" href="https://dai-heidelberg.de/de/?post_type=dai_event&p=60284" />
<meta property="og:locale" content="de_DE" />
<meta property="og:type" content="article" />
<meta property="og:title" content="Veranstaltungen - Deutsch-Amerikanisches Institut. Haus der Kultur." />
<meta property="og:description" content="Arbeit: Sie ist geliebt, gehasst, oft schlecht bezahlt – und für viele ein Lebenselixier. Was verbirgt sich hinter dem Begriff&nbsp;&hellip;" />
<meta property="og:url" content="https://dai-heidelberg.de/de/?post_type=dai_event&amp;p=60284" />
<meta property="og:site_name" content="DAI Deutsch" />
<meta property="article:modified_time" content="2024-05-21T18:02:15+00:00" />
<meta name="twitter:label1" content="Geschätzte Lesezeit" />
	<meta name="twitter:data1" content="1 Minute" />
<script type="application/ld+json" class="yoast-schema-graph">{"@context":"https:\/\/schema.org","@graph":[{"@type":"WebPage","@id":"https:\/\/dai-heidelberg.de\/de\/?post_type=dai_event&p=60284","url":"https:\/\/dai-heidelberg.de\/de\/?post_type=dai_event&p=60284","name":"Veranstaltungen - Deutsch-Amerikanisches Institut. Haus der Kultur.","isPartOf":{"@id":"https:\/\/dai-heidelberg.de\/de\/#website"},"primaryImageOfPage":{"@id":"https:\/\/dai-heidelberg.de\/de\/?post_type=dai_event&p=60284#primaryimage"},"image":{"@id":"https:\/\/dai-heidelberg.de\/de\/?post_type=dai_event&p=60284#primaryimage"},"thumbnailUrl":"https:\/\/dai-heidelberg.de\/de\/wp-content\/uploads\/sites\/2\/2023\/12\/240205_Peter_Schmidt_sc_03.jpg","datePublished":"2023-12-07T18:15:58+00:00","dateModified":"2024-05-21T18:02:15+00:00","breadcrumb":{"@id":"https:\/\/dai-heidelberg.de\/de\/?post_type=dai_event&p=60284#breadcrumb"},"inLanguage":"de","potentialAction":[{"@type":"ReadAction","target":["https:\/\/dai-heidelberg.de\/de\/?post_type=dai_event&p=60284"]}]},{"@type":"ImageObject","inLanguage":"de","@id":"https:\/\/dai-heidelberg.de\/de\/?post_type=dai_event&p=60284#primaryimage","url":"https:\/\/dai-heidelberg.de\/de\/wp-content\/uploads\/sites\/2\/2023\/12\/240205_Peter_Schmidt_sc_03.jpg","contentUrl":"https:\/\/dai-heidelberg.de\/de\/wp-content\/uploads\/sites\/2\/2023\/12\/240205_Peter_Schmidt_sc_03.jpg","width":820,"height":370,"caption":"Foto: Sarina Chamatova"},{"@type":"BreadcrumbList","@id":"https:\/\/dai-heidelberg.de\/de\/?post_type=dai_event&p=60284#breadcrumb","itemListElement":[{"@type":"ListItem","position":1,"name":"Startseite","item":"https:\/\/dai-heidelberg.de\/de\/"},{"@type":"ListItem","position":2,"name":"Veranstaltungen","item":"https:\/\/dai-heidelberg.de\/de\/veranstaltungen\/"},{"@type":"ListItem","position":3,"name":"Peter Schmidt"}]},{"@type":"WebSite","@id":"https:\/\/dai-heidelberg.de\/de\/#website","url":"https:\/\/dai-heidelberg.de\/de\/","name":"DAI Deutsch","description":"Deutsch-Amerikanisches Institut. Haus der Kultur.","potentialAction":[{"@type":"SearchAction","target":{"@type":"EntryPoint","urlTemplate":"https:\/\/dai-heidelberg.de\/de\/?s={search_term_string}"},"query-input":{"@type":"PropertyValueSpecification","valueRequired":true,"valueName":"search_term_string"}}],"inLanguage":"de"}]}</script>
<!-- / Yoast SEO plugin. -->

Arbeit: Sie ist geliebt, gehasst, oft schlecht bezahlt – und für viele ein Lebenselixier. Was verbirgt sich hinter dem Begriff&nbsp;&hellip;
