{"id":60225,"date":"2023-12-07T17:21:44","date_gmt":"2023-12-07T16:21:44","guid":{"rendered":"https:\/\/dai-heidelberg.de\/de\/?post_type=dai_event&#038;p=60225"},"modified":"2024-05-21T18:53:00","modified_gmt":"2024-05-21T16:53:00","slug":"gerd-steffens-thomas-fuchs","status":"publish","type":"dai_event","link":"https:\/\/dai-heidelberg.de\/de\/veranstaltungen\/gerd-steffens-thomas-fuchs-60225\/","title":{"rendered":"Gerd Steffens &amp; Thomas Fuchs"},"content":{"rendered":"<p>Keine Krankheit verst\u00f6rt uns mehr, ruft gr\u00f6\u00dfere \u00c4ngste in einer alternden Gesellschaft hervor, als die Demenz, die sich nach und nach in das Leben einschleicht und eine Spur der Verw\u00fcstung hinterl\u00e4sst.<br \/>\nNun liegt ein neues, ungemein ber\u00fchrendes Buch des Germanisten und Historikers Gerd Steffens, der in Heidelberg studiert und an der Universit\u00e4t Kassel Politische Bildung gelehrt hat, \u00fcber die Demenzerkrankung seiner Frau vor. In eindringlichen Tagebuchaufzeichnungen notiert er, wie sich die Krankheit als ungebetener Gast, zun\u00e4chst verdr\u00e4ngt und \u00fcberspielt, allm\u00e4hlich in das gemeinsame Leben einnistet und alles ver\u00e4ndert. Hierbei legt er den Fokus weniger auf die Verluste an Erinnerungen, Gemeinsamkeiten, M\u00f6glichkeiten, sondern darauf, wie es trotz des Raubzugs der Demenz gelingen kann, einen gemeinsamen Lebenshorizont zu wahren.<\/p>\n<p>Das Gespr\u00e4ch zwischen <strong>Prof. em. Dr. Gerd Steffens<\/strong> und dem Heidelberger Psychiater und Philosophen <strong>Prof. Dr. Thomas Fuchs<\/strong> beleuchtet, wie der Umgang mit der Krankheit gelingen kann, sowie dessen philosophisch-psychiatrische Dimensionen.<\/p>\n<p><strong>Moderation:<\/strong> Barbara von Machui<\/p>\n","protected":false},"excerpt":{"rendered":"<p>Keine Krankheit verst\u00f6rt uns mehr, ruft gr\u00f6\u00dfere \u00c4ngste in einer alternden Gesellschaft hervor, als die Demenz, die sich nach und&nbsp;&hellip;<\/p>\n","protected":false},"featured_media":63261,"template":"","meta":{"footnotes":""},"tags":[],"dai_event_category":[6],"dai_event_type":[229,17],"dai_event_location":[],"class_list":["post-60225","dai_event","type-dai_event","status-publish","has-post-thumbnail","hentry","dai_event_category-kulturveranstaltungen","dai_event_type-literarisches-zentrum-heidelberg","dai_event_type-literatur"],"better_featured_image":{"id":63261,"alt_text":"","caption":"Foto: Sarina Chamatova","description":"","media_type":"image","media_details":{"width":820,"height":370,"file":"2023\/12\/240124_Steffens_Fuchs_sc_22.jpg","filesize":80636,"sizes":{"medium":{"file":"240124_Steffens_Fuchs_sc_22-300x135.jpg","width":300,"height":135,"mime-type":"image\/jpeg","filesize":8561,"source_url":"https:\/\/dai-heidelberg.de\/de\/wp-content\/uploads\/sites\/2\/2023\/12\/240124_Steffens_Fuchs_sc_22-300x135.jpg"},"thumbnail":{"file":"240124_Steffens_Fuchs_sc_22-150x150.jpg","width":150,"height":150,"mime-type":"image\/jpeg","filesize":4794,"source_url":"https:\/\/dai-heidelberg.de\/de\/wp-content\/uploads\/sites\/2\/2023\/12\/240124_Steffens_Fuchs_sc_22-150x150.jpg"},"medium_large":{"file":"240124_Steffens_Fuchs_sc_22-768x347.jpg","width":768,"height":347,"mime-type":"image\/jpeg","filesize":39125,"source_url":"https:\/\/dai-heidelberg.de\/de\/wp-content\/uploads\/sites\/2\/2023\/12\/240124_Steffens_Fuchs_sc_22-768x347.jpg"},"dai-list":{"file":"240124_Steffens_Fuchs_sc_22-140x140.jpg","width":140,"height":140,"mime-type":"image\/jpeg","filesize":4397,"source_url":"https:\/\/dai-heidelberg.de\/de\/wp-content\/uploads\/sites\/2\/2023\/12\/240124_Steffens_Fuchs_sc_22-140x140.jpg"},"dai-selector":{"file":"240124_Steffens_Fuchs_sc_22-240x170.jpg","width":240,"height":170,"mime-type":"image\/jpeg","filesize":7548,"source_url":"https:\/\/dai-heidelberg.de\/de\/wp-content\/uploads\/sites\/2\/2023\/12\/240124_Steffens_Fuchs_sc_22-240x170.jpg"},"dai-hof":{"file":"240124_Steffens_Fuchs_sc_22-240x192.jpg","width":240,"height":192,"mime-type":"image\/jpeg","filesize":8292,"source_url":"https:\/\/dai-heidelberg.de\/de\/wp-content\/uploads\/sites\/2\/2023\/12\/240124_Steffens_Fuchs_sc_22-240x192.jpg"}},"image_meta":{"aperture":"0","credit":"","camera":"","caption":"","created_timestamp":"0","copyright":"","focal_length":"0","iso":"0","shutter_speed":"0","title":"","orientation":"0","keywords":[]}},"post":60225,"source_url":"https:\/\/dai-heidelberg.de\/de\/wp-content\/uploads\/sites\/2\/2023\/12\/240124_Steffens_Fuchs_sc_22.jpg"},"post-meta-fields":{"_edit_lock":["1716310267:10"],"_edit_last":["10"],"dai_event_datetime":["2024-01-24 20:00"],"dai_event_featured":["0"],"dai_event_artist":["Ein Lebensversuch mit Demenz"],"dai_event_ticket_freeadmission":["0"],"dai_autotranslate_should_translate":["1"],"dai_event_ticket_link":["https:\/\/shop.reservix.de\/?id=36ae96de8dddc4df70dce3f39db2b886ff117b9261533f02fa35ea4a3191d65e3a64633f4652f2d1ba3a365eff82ca70&vID=2736&eventGrpID=456544"],"dai_event_ticket_price_presale_standard":["15,90"],"dai_event_ticket_price_presale_reduced":["12,90"],"dai_event_ticket_price_presale_member":["9,90"],"_thumbnail_id":["63261"]},"yoast_head":"<!-- This site is optimized with the Yoast SEO plugin v27.4 - https:\/\/yoast.com\/product\/yoast-seo-wordpress\/ -->\n<title>Veranstaltungen - Deutsch-Amerikanisches Institut. Haus der Kultur.<\/title>\n<meta name=\"robots\" content=\"index, follow, max-snippet:-1, max-image-preview:large, max-video-preview:-1\" \/>\n<link rel=\"canonical\" href=\"https:\/\/dai-heidelberg.de\/de\/?post_type=dai_event&p=60225\" \/>\n<meta property=\"og:locale\" content=\"de_DE\" \/>\n<meta property=\"og:type\" content=\"article\" \/>\n<meta property=\"og:title\" content=\"Veranstaltungen - Deutsch-Amerikanisches Institut. Haus der Kultur.\" \/>\n<meta property=\"og:description\" content=\"Keine Krankheit verst\u00f6rt uns mehr, ruft gr\u00f6\u00dfere \u00c4ngste in einer alternden Gesellschaft hervor, als die Demenz, die sich nach und&nbsp;&hellip;\" \/>\n<meta property=\"og:url\" content=\"https:\/\/dai-heidelberg.de\/de\/?post_type=dai_event&amp;p=60225\" \/>\n<meta property=\"og:site_name\" content=\"DAI Deutsch\" \/>\n<meta property=\"article:modified_time\" content=\"2024-05-21T16:53:00+00:00\" \/>\n<meta name=\"twitter:label1\" content=\"Gesch\u00e4tzte Lesezeit\" \/>\n\t<meta name=\"twitter:data1\" content=\"1\u00a0Minute\" \/>\n<script type=\"application\/ld+json\" class=\"yoast-schema-graph\">{\"@context\":\"https:\\\/\\\/schema.org\",\"@graph\":[{\"@type\":\"WebPage\",\"@id\":\"https:\\\/\\\/dai-heidelberg.de\\\/de\\\/?post_type=dai_event&p=60225\",\"url\":\"https:\\\/\\\/dai-heidelberg.de\\\/de\\\/?post_type=dai_event&p=60225\",\"name\":\"Veranstaltungen - Deutsch-Amerikanisches Institut. Haus der Kultur.\",\"isPartOf\":{\"@id\":\"https:\\\/\\\/dai-heidelberg.de\\\/de\\\/#website\"},\"primaryImageOfPage\":{\"@id\":\"https:\\\/\\\/dai-heidelberg.de\\\/de\\\/?post_type=dai_event&p=60225#primaryimage\"},\"image\":{\"@id\":\"https:\\\/\\\/dai-heidelberg.de\\\/de\\\/?post_type=dai_event&p=60225#primaryimage\"},\"thumbnailUrl\":\"https:\\\/\\\/dai-heidelberg.de\\\/de\\\/wp-content\\\/uploads\\\/sites\\\/2\\\/2023\\\/12\\\/240124_Steffens_Fuchs_sc_22.jpg\",\"datePublished\":\"2023-12-07T16:21:44+00:00\",\"dateModified\":\"2024-05-21T16:53:00+00:00\",\"breadcrumb\":{\"@id\":\"https:\\\/\\\/dai-heidelberg.de\\\/de\\\/?post_type=dai_event&p=60225#breadcrumb\"},\"inLanguage\":\"de\",\"potentialAction\":[{\"@type\":\"ReadAction\",\"target\":[\"https:\\\/\\\/dai-heidelberg.de\\\/de\\\/?post_type=dai_event&p=60225\"]}]},{\"@type\":\"ImageObject\",\"inLanguage\":\"de\",\"@id\":\"https:\\\/\\\/dai-heidelberg.de\\\/de\\\/?post_type=dai_event&p=60225#primaryimage\",\"url\":\"https:\\\/\\\/dai-heidelberg.de\\\/de\\\/wp-content\\\/uploads\\\/sites\\\/2\\\/2023\\\/12\\\/240124_Steffens_Fuchs_sc_22.jpg\",\"contentUrl\":\"https:\\\/\\\/dai-heidelberg.de\\\/de\\\/wp-content\\\/uploads\\\/sites\\\/2\\\/2023\\\/12\\\/240124_Steffens_Fuchs_sc_22.jpg\",\"width\":820,\"height\":370,\"caption\":\"Foto: Sarina Chamatova\"},{\"@type\":\"BreadcrumbList\",\"@id\":\"https:\\\/\\\/dai-heidelberg.de\\\/de\\\/?post_type=dai_event&p=60225#breadcrumb\",\"itemListElement\":[{\"@type\":\"ListItem\",\"position\":1,\"name\":\"Startseite\",\"item\":\"https:\\\/\\\/dai-heidelberg.de\\\/de\\\/\"},{\"@type\":\"ListItem\",\"position\":2,\"name\":\"Veranstaltungen\",\"item\":\"https:\\\/\\\/dai-heidelberg.de\\\/de\\\/veranstaltungen\\\/\"},{\"@type\":\"ListItem\",\"position\":3,\"name\":\"Gerd Steffens &#038; Thomas Fuchs\"}]},{\"@type\":\"WebSite\",\"@id\":\"https:\\\/\\\/dai-heidelberg.de\\\/de\\\/#website\",\"url\":\"https:\\\/\\\/dai-heidelberg.de\\\/de\\\/\",\"name\":\"DAI Deutsch\",\"description\":\"Deutsch-Amerikanisches Institut. Haus der Kultur.\",\"potentialAction\":[{\"@type\":\"SearchAction\",\"target\":{\"@type\":\"EntryPoint\",\"urlTemplate\":\"https:\\\/\\\/dai-heidelberg.de\\\/de\\\/?s={search_term_string}\"},\"query-input\":{\"@type\":\"PropertyValueSpecification\",\"valueRequired\":true,\"valueName\":\"search_term_string\"}}],\"inLanguage\":\"de\"}]}<\/script>\n<!-- \/ Yoast SEO plugin. -->","yoast_head_json":{"title":"Veranstaltungen - Deutsch-Amerikanisches Institut. Haus der Kultur.","robots":{"index":"index","follow":"follow","max-snippet":"max-snippet:-1","max-image-preview":"max-image-preview:large","max-video-preview":"max-video-preview:-1"},"canonical":"https:\/\/dai-heidelberg.de\/de\/?post_type=dai_event&p=60225","og_locale":"de_DE","og_type":"article","og_title":"Veranstaltungen - Deutsch-Amerikanisches Institut. Haus der Kultur.","og_description":"Keine Krankheit verst\u00f6rt uns mehr, ruft gr\u00f6\u00dfere \u00c4ngste in einer alternden Gesellschaft hervor, als die Demenz, die sich nach und&nbsp;&hellip;","og_url":"https:\/\/dai-heidelberg.de\/de\/?post_type=dai_event&p=60225","og_site_name":"DAI Deutsch","article_modified_time":"2024-05-21T16:53:00+00:00","twitter_misc":{"Gesch\u00e4tzte Lesezeit":"1\u00a0Minute"},"schema":{"@context":"https:\/\/schema.org","@graph":[{"@type":"WebPage","@id":"https:\/\/dai-heidelberg.de\/de\/?post_type=dai_event&p=60225","url":"https:\/\/dai-heidelberg.de\/de\/?post_type=dai_event&p=60225","name":"Veranstaltungen - Deutsch-Amerikanisches Institut. Haus der Kultur.","isPartOf":{"@id":"https:\/\/dai-heidelberg.de\/de\/#website"},"primaryImageOfPage":{"@id":"https:\/\/dai-heidelberg.de\/de\/?post_type=dai_event&p=60225#primaryimage"},"image":{"@id":"https:\/\/dai-heidelberg.de\/de\/?post_type=dai_event&p=60225#primaryimage"},"thumbnailUrl":"https:\/\/dai-heidelberg.de\/de\/wp-content\/uploads\/sites\/2\/2023\/12\/240124_Steffens_Fuchs_sc_22.jpg","datePublished":"2023-12-07T16:21:44+00:00","dateModified":"2024-05-21T16:53:00+00:00","breadcrumb":{"@id":"https:\/\/dai-heidelberg.de\/de\/?post_type=dai_event&p=60225#breadcrumb"},"inLanguage":"de","potentialAction":[{"@type":"ReadAction","target":["https:\/\/dai-heidelberg.de\/de\/?post_type=dai_event&p=60225"]}]},{"@type":"ImageObject","inLanguage":"de","@id":"https:\/\/dai-heidelberg.de\/de\/?post_type=dai_event&p=60225#primaryimage","url":"https:\/\/dai-heidelberg.de\/de\/wp-content\/uploads\/sites\/2\/2023\/12\/240124_Steffens_Fuchs_sc_22.jpg","contentUrl":"https:\/\/dai-heidelberg.de\/de\/wp-content\/uploads\/sites\/2\/2023\/12\/240124_Steffens_Fuchs_sc_22.jpg","width":820,"height":370,"caption":"Foto: Sarina Chamatova"},{"@type":"BreadcrumbList","@id":"https:\/\/dai-heidelberg.de\/de\/?post_type=dai_event&p=60225#breadcrumb","itemListElement":[{"@type":"ListItem","position":1,"name":"Startseite","item":"https:\/\/dai-heidelberg.de\/de\/"},{"@type":"ListItem","position":2,"name":"Veranstaltungen","item":"https:\/\/dai-heidelberg.de\/de\/veranstaltungen\/"},{"@type":"ListItem","position":3,"name":"Gerd Steffens &#038; Thomas Fuchs"}]},{"@type":"WebSite","@id":"https:\/\/dai-heidelberg.de\/de\/#website","url":"https:\/\/dai-heidelberg.de\/de\/","name":"DAI Deutsch","description":"Deutsch-Amerikanisches Institut. Haus der Kultur.","potentialAction":[{"@type":"SearchAction","target":{"@type":"EntryPoint","urlTemplate":"https:\/\/dai-heidelberg.de\/de\/?s={search_term_string}"},"query-input":{"@type":"PropertyValueSpecification","valueRequired":true,"valueName":"search_term_string"}}],"inLanguage":"de"}]}},"_links":{"self":[{"href":"https:\/\/dai-heidelberg.de\/de\/wp-json\/wp\/v2\/dai_event\/60225","targetHints":{"allow":["GET"]}}],"collection":[{"href":"https:\/\/dai-heidelberg.de\/de\/wp-json\/wp\/v2\/dai_event"}],"about":[{"href":"https:\/\/dai-heidelberg.de\/de\/wp-json\/wp\/v2\/types\/dai_event"}],"version-history":[{"count":4,"href":"https:\/\/dai-heidelberg.de\/de\/wp-json\/wp\/v2\/dai_event\/60225\/revisions"}],"predecessor-version":[{"id":63262,"href":"https:\/\/dai-heidelberg.de\/de\/wp-json\/wp\/v2\/dai_event\/60225\/revisions\/63262"}],"wp:featuredmedia":[{"embeddable":true,"href":"https:\/\/dai-heidelberg.de\/de\/wp-json\/wp\/v2\/media\/63261"}],"wp:attachment":[{"href":"https:\/\/dai-heidelberg.de\/de\/wp-json\/wp\/v2\/media?parent=60225"}],"wp:term":[{"taxonomy":"post_tag","embeddable":true,"href":"https:\/\/dai-heidelberg.de\/de\/wp-json\/wp\/v2\/tags?post=60225"},{"taxonomy":"dai_event_category","embeddable":true,"href":"https:\/\/dai-heidelberg.de\/de\/wp-json\/wp\/v2\/dai_event_category?post=60225"},{"taxonomy":"dai_event_type","embeddable":true,"href":"https:\/\/dai-heidelberg.de\/de\/wp-json\/wp\/v2\/dai_event_type?post=60225"},{"taxonomy":"dai_event_location","embeddable":true,"href":"https:\/\/dai-heidelberg.de\/de\/wp-json\/wp\/v2\/dai_event_location?post=60225"}],"curies":[{"name":"wp","href":"https:\/\/api.w.org\/{rel}","templated":true}]}}

<p>Keine Krankheit verstört uns mehr, ruft größere Ängste in einer alternden Gesellschaft hervor, als die Demenz, die sich nach und nach in das Leben einschleicht und eine Spur der Verwüstung hinterlässt.<br />
Nun liegt ein neues, ungemein berührendes Buch des Germanisten und Historikers Gerd Steffens, der in Heidelberg studiert und an der Universität Kassel Politische Bildung gelehrt hat, über die Demenzerkrankung seiner Frau vor. In eindringlichen Tagebuchaufzeichnungen notiert er, wie sich die Krankheit als ungebetener Gast, zunächst verdrängt und überspielt, allmählich in das gemeinsame Leben einnistet und alles verändert. Hierbei legt er den Fokus weniger auf die Verluste an Erinnerungen, Gemeinsamkeiten, Möglichkeiten, sondern darauf, wie es trotz des Raubzugs der Demenz gelingen kann, einen gemeinsamen Lebenshorizont zu wahren.</p>
<p>Das Gespräch zwischen <strong>Prof. em. Dr. Gerd Steffens</strong> und dem Heidelberger Psychiater und Philosophen <strong>Prof. Dr. Thomas Fuchs</strong> beleuchtet, wie der Umgang mit der Krankheit gelingen kann, sowie dessen philosophisch-psychiatrische Dimensionen.</p>
<p><strong>Moderation:</strong> Barbara von Machui</p>

<p>Keine Krankheit verstört uns mehr, ruft größere Ängste in einer alternden Gesellschaft hervor, als die Demenz, die sich nach und&nbsp;&hellip;</p>

<!-- This site is optimized with the Yoast SEO plugin v27.4 - https://yoast.com/product/yoast-seo-wordpress/ -->
<title>Veranstaltungen - Deutsch-Amerikanisches Institut. Haus der Kultur.</title>
<meta name="robots" content="index, follow, max-snippet:-1, max-image-preview:large, max-video-preview:-1" />
<link rel="canonical" href="https://dai-heidelberg.de/de/?post_type=dai_event&p=60225" />
<meta property="og:locale" content="de_DE" />
<meta property="og:type" content="article" />
<meta property="og:title" content="Veranstaltungen - Deutsch-Amerikanisches Institut. Haus der Kultur." />
<meta property="og:description" content="Keine Krankheit verstört uns mehr, ruft größere Ängste in einer alternden Gesellschaft hervor, als die Demenz, die sich nach und&nbsp;&hellip;" />
<meta property="og:url" content="https://dai-heidelberg.de/de/?post_type=dai_event&amp;p=60225" />
<meta property="og:site_name" content="DAI Deutsch" />
<meta property="article:modified_time" content="2024-05-21T16:53:00+00:00" />
<meta name="twitter:label1" content="Geschätzte Lesezeit" />
	<meta name="twitter:data1" content="1 Minute" />
<script type="application/ld+json" class="yoast-schema-graph">{"@context":"https:\/\/schema.org","@graph":[{"@type":"WebPage","@id":"https:\/\/dai-heidelberg.de\/de\/?post_type=dai_event&p=60225","url":"https:\/\/dai-heidelberg.de\/de\/?post_type=dai_event&p=60225","name":"Veranstaltungen - Deutsch-Amerikanisches Institut. Haus der Kultur.","isPartOf":{"@id":"https:\/\/dai-heidelberg.de\/de\/#website"},"primaryImageOfPage":{"@id":"https:\/\/dai-heidelberg.de\/de\/?post_type=dai_event&p=60225#primaryimage"},"image":{"@id":"https:\/\/dai-heidelberg.de\/de\/?post_type=dai_event&p=60225#primaryimage"},"thumbnailUrl":"https:\/\/dai-heidelberg.de\/de\/wp-content\/uploads\/sites\/2\/2023\/12\/240124_Steffens_Fuchs_sc_22.jpg","datePublished":"2023-12-07T16:21:44+00:00","dateModified":"2024-05-21T16:53:00+00:00","breadcrumb":{"@id":"https:\/\/dai-heidelberg.de\/de\/?post_type=dai_event&p=60225#breadcrumb"},"inLanguage":"de","potentialAction":[{"@type":"ReadAction","target":["https:\/\/dai-heidelberg.de\/de\/?post_type=dai_event&p=60225"]}]},{"@type":"ImageObject","inLanguage":"de","@id":"https:\/\/dai-heidelberg.de\/de\/?post_type=dai_event&p=60225#primaryimage","url":"https:\/\/dai-heidelberg.de\/de\/wp-content\/uploads\/sites\/2\/2023\/12\/240124_Steffens_Fuchs_sc_22.jpg","contentUrl":"https:\/\/dai-heidelberg.de\/de\/wp-content\/uploads\/sites\/2\/2023\/12\/240124_Steffens_Fuchs_sc_22.jpg","width":820,"height":370,"caption":"Foto: Sarina Chamatova"},{"@type":"BreadcrumbList","@id":"https:\/\/dai-heidelberg.de\/de\/?post_type=dai_event&p=60225#breadcrumb","itemListElement":[{"@type":"ListItem","position":1,"name":"Startseite","item":"https:\/\/dai-heidelberg.de\/de\/"},{"@type":"ListItem","position":2,"name":"Veranstaltungen","item":"https:\/\/dai-heidelberg.de\/de\/veranstaltungen\/"},{"@type":"ListItem","position":3,"name":"Gerd Steffens &#038; Thomas Fuchs"}]},{"@type":"WebSite","@id":"https:\/\/dai-heidelberg.de\/de\/#website","url":"https:\/\/dai-heidelberg.de\/de\/","name":"DAI Deutsch","description":"Deutsch-Amerikanisches Institut. Haus der Kultur.","potentialAction":[{"@type":"SearchAction","target":{"@type":"EntryPoint","urlTemplate":"https:\/\/dai-heidelberg.de\/de\/?s={search_term_string}"},"query-input":{"@type":"PropertyValueSpecification","valueRequired":true,"valueName":"search_term_string"}}],"inLanguage":"de"}]}</script>
<!-- / Yoast SEO plugin. -->

Keine Krankheit verstört uns mehr, ruft größere Ängste in einer alternden Gesellschaft hervor, als die Demenz, die sich nach und&nbsp;&hellip;
