{"id":60209,"date":"2023-12-07T16:51:29","date_gmt":"2023-12-07T15:51:29","guid":{"rendered":"https:\/\/dai-heidelberg.de\/de\/?post_type=dai_event&#038;p=60209"},"modified":"2024-05-21T18:42:31","modified_gmt":"2024-05-21T16:42:31","slug":"marko-martin","status":"publish","type":"dai_event","link":"https:\/\/dai-heidelberg.de\/de\/veranstaltungen\/marko-martin-60209\/","title":{"rendered":"Marko Martin"},"content":{"rendered":"<p>Wiederholt sich die Geschichte? H\u00f6ren wir genau genug auf die Signale? Angesichts der aktuellen Ereignisse und der zunehmenden Zweifel an der Demokratie sowie vor dem Hintergrund von Putins Angriffskrieg liest Marko Martin die warnenden Stimmen s\u00e4kularer j\u00fcdischer Autoren, wie etwa Friedrich Torberg, Hermann Broch, Ludwig Marcuse, Hilde Spiel und Hans Habe, auf neue Weise. So wie jene 1938 vor einer Untersch\u00e4tzung Hitlers warnten und nach 1945 auch vor dem sowjetischen Expansionismus, haben sie uns heute wieder viel zu sagen. Sein Buch <em>Brauchen wir Ketzer<\/em> (2023) ist eine Fortsetzung des Essaybands <em>Dissidentisches Denken<\/em> (2019).<\/p>\n<p><strong>Marko Martin<\/strong>, geboren 1970, verlie\u00df im Mai 1989 als Kriegsdiensttotalverweigerer die DDR und lebt heute, sofern nicht auf Reisen, als freier Schriftsteller in Berlin. Zu seinen zahlreichen Ver\u00f6ffentlichungen z\u00e4hlen auch literarische Tageb\u00fccher zu Tel Aviv, Havanna und Hongkong. Er erfuhr die F\u00f6rderung von Rudolf S\u00fchnel, ehemals Professor f\u00fcr englische Philologie an der Universit\u00e4t Heidel\u00adberg.<\/p>\n<p>In der Reihe <em>History Telling<\/em><\/p>\n","protected":false},"excerpt":{"rendered":"<p>Wiederholt sich die Geschichte? H\u00f6ren wir genau genug auf die Signale? Angesichts der aktuellen Ereignisse und der zunehmenden Zweifel an&nbsp;&hellip;<\/p>\n","protected":false},"featured_media":63257,"template":"","meta":{"footnotes":""},"tags":[],"dai_event_category":[6],"dai_event_type":[21],"dai_event_location":[],"class_list":["post-60209","dai_event","type-dai_event","status-publish","has-post-thumbnail","hentry","dai_event_category-kulturveranstaltungen","dai_event_type-vortrag"],"better_featured_image":{"id":63257,"alt_text":"","caption":"Foto: Sarina Chamatova","description":"","media_type":"image","media_details":{"width":820,"height":370,"file":"2023\/12\/240115_Marko_Martin_sc_16.jpg","filesize":105677,"sizes":{"medium":{"file":"240115_Marko_Martin_sc_16-300x135.jpg","width":300,"height":135,"mime-type":"image\/jpeg","filesize":11578,"source_url":"https:\/\/dai-heidelberg.de\/de\/wp-content\/uploads\/sites\/2\/2023\/12\/240115_Marko_Martin_sc_16-300x135.jpg"},"thumbnail":{"file":"240115_Marko_Martin_sc_16-150x150.jpg","width":150,"height":150,"mime-type":"image\/jpeg","filesize":6844,"source_url":"https:\/\/dai-heidelberg.de\/de\/wp-content\/uploads\/sites\/2\/2023\/12\/240115_Marko_Martin_sc_16-150x150.jpg"},"medium_large":{"file":"240115_Marko_Martin_sc_16-768x347.jpg","width":768,"height":347,"mime-type":"image\/jpeg","filesize":49500,"source_url":"https:\/\/dai-heidelberg.de\/de\/wp-content\/uploads\/sites\/2\/2023\/12\/240115_Marko_Martin_sc_16-768x347.jpg"},"dai-list":{"file":"240115_Marko_Martin_sc_16-140x140.jpg","width":140,"height":140,"mime-type":"image\/jpeg","filesize":6290,"source_url":"https:\/\/dai-heidelberg.de\/de\/wp-content\/uploads\/sites\/2\/2023\/12\/240115_Marko_Martin_sc_16-140x140.jpg"},"dai-selector":{"file":"240115_Marko_Martin_sc_16-240x170.jpg","width":240,"height":170,"mime-type":"image\/jpeg","filesize":11122,"source_url":"https:\/\/dai-heidelberg.de\/de\/wp-content\/uploads\/sites\/2\/2023\/12\/240115_Marko_Martin_sc_16-240x170.jpg"},"dai-hof":{"file":"240115_Marko_Martin_sc_16-240x192.jpg","width":240,"height":192,"mime-type":"image\/jpeg","filesize":11811,"source_url":"https:\/\/dai-heidelberg.de\/de\/wp-content\/uploads\/sites\/2\/2023\/12\/240115_Marko_Martin_sc_16-240x192.jpg"}},"image_meta":{"aperture":"0","credit":"","camera":"","caption":"","created_timestamp":"0","copyright":"","focal_length":"0","iso":"0","shutter_speed":"0","title":"","orientation":"0","keywords":[]}},"post":60209,"source_url":"https:\/\/dai-heidelberg.de\/de\/wp-content\/uploads\/sites\/2\/2023\/12\/240115_Marko_Martin_sc_16.jpg"},"post-meta-fields":{"_edit_lock":["1716309651:10"],"_edit_last":["10"],"dai_event_datetime":["2024-01-15 20:00"],"dai_event_featured":["0"],"dai_event_artist":["\u201eBrauchen wir Ketzer?\u201c \u2013 Stimmen gegen die Macht"],"dai_event_ticket_freeadmission":["0"],"dai_autotranslate_should_translate":["1"],"dai_event_ticket_link":["https:\/\/shop.reservix.de\/?id=36ae96de8dddc4df70dce3f39db2b886ff117b9261533f02fa35ea4a3191d65e3a64633f4652f2d1ba3a365eff82ca70&vID=2736&eventGrpID=456539"],"dai_event_ticket_price_presale_standard":["11,90"],"dai_event_ticket_price_presale_reduced":["9,90"],"dai_event_ticket_price_presale_member":["6,90"],"_thumbnail_id":["63257"]},"yoast_head":"<!-- This site is optimized with the Yoast SEO plugin v27.4 - https:\/\/yoast.com\/product\/yoast-seo-wordpress\/ -->\n<title>Veranstaltungen - Deutsch-Amerikanisches Institut. Haus der Kultur.<\/title>\n<meta name=\"robots\" content=\"index, follow, max-snippet:-1, max-image-preview:large, max-video-preview:-1\" \/>\n<link rel=\"canonical\" href=\"https:\/\/dai-heidelberg.de\/de\/?post_type=dai_event&p=60209\" \/>\n<meta property=\"og:locale\" content=\"de_DE\" \/>\n<meta property=\"og:type\" content=\"article\" \/>\n<meta property=\"og:title\" content=\"Veranstaltungen - Deutsch-Amerikanisches Institut. Haus der Kultur.\" \/>\n<meta property=\"og:description\" content=\"Wiederholt sich die Geschichte? H\u00f6ren wir genau genug auf die Signale? Angesichts der aktuellen Ereignisse und der zunehmenden Zweifel an&nbsp;&hellip;\" \/>\n<meta property=\"og:url\" content=\"https:\/\/dai-heidelberg.de\/de\/?post_type=dai_event&amp;p=60209\" \/>\n<meta property=\"og:site_name\" content=\"DAI Deutsch\" \/>\n<meta property=\"article:modified_time\" content=\"2024-05-21T16:42:31+00:00\" \/>\n<meta name=\"twitter:label1\" content=\"Gesch\u00e4tzte Lesezeit\" \/>\n\t<meta name=\"twitter:data1\" content=\"1\u00a0Minute\" \/>\n<script type=\"application\/ld+json\" class=\"yoast-schema-graph\">{\"@context\":\"https:\\\/\\\/schema.org\",\"@graph\":[{\"@type\":\"WebPage\",\"@id\":\"https:\\\/\\\/dai-heidelberg.de\\\/de\\\/?post_type=dai_event&p=60209\",\"url\":\"https:\\\/\\\/dai-heidelberg.de\\\/de\\\/?post_type=dai_event&p=60209\",\"name\":\"Veranstaltungen - Deutsch-Amerikanisches Institut. Haus der Kultur.\",\"isPartOf\":{\"@id\":\"https:\\\/\\\/dai-heidelberg.de\\\/de\\\/#website\"},\"primaryImageOfPage\":{\"@id\":\"https:\\\/\\\/dai-heidelberg.de\\\/de\\\/?post_type=dai_event&p=60209#primaryimage\"},\"image\":{\"@id\":\"https:\\\/\\\/dai-heidelberg.de\\\/de\\\/?post_type=dai_event&p=60209#primaryimage\"},\"thumbnailUrl\":\"https:\\\/\\\/dai-heidelberg.de\\\/de\\\/wp-content\\\/uploads\\\/sites\\\/2\\\/2023\\\/12\\\/240115_Marko_Martin_sc_16.jpg\",\"datePublished\":\"2023-12-07T15:51:29+00:00\",\"dateModified\":\"2024-05-21T16:42:31+00:00\",\"breadcrumb\":{\"@id\":\"https:\\\/\\\/dai-heidelberg.de\\\/de\\\/?post_type=dai_event&p=60209#breadcrumb\"},\"inLanguage\":\"de\",\"potentialAction\":[{\"@type\":\"ReadAction\",\"target\":[\"https:\\\/\\\/dai-heidelberg.de\\\/de\\\/?post_type=dai_event&p=60209\"]}]},{\"@type\":\"ImageObject\",\"inLanguage\":\"de\",\"@id\":\"https:\\\/\\\/dai-heidelberg.de\\\/de\\\/?post_type=dai_event&p=60209#primaryimage\",\"url\":\"https:\\\/\\\/dai-heidelberg.de\\\/de\\\/wp-content\\\/uploads\\\/sites\\\/2\\\/2023\\\/12\\\/240115_Marko_Martin_sc_16.jpg\",\"contentUrl\":\"https:\\\/\\\/dai-heidelberg.de\\\/de\\\/wp-content\\\/uploads\\\/sites\\\/2\\\/2023\\\/12\\\/240115_Marko_Martin_sc_16.jpg\",\"width\":820,\"height\":370,\"caption\":\"Foto: Sarina Chamatova\"},{\"@type\":\"BreadcrumbList\",\"@id\":\"https:\\\/\\\/dai-heidelberg.de\\\/de\\\/?post_type=dai_event&p=60209#breadcrumb\",\"itemListElement\":[{\"@type\":\"ListItem\",\"position\":1,\"name\":\"Startseite\",\"item\":\"https:\\\/\\\/dai-heidelberg.de\\\/de\\\/\"},{\"@type\":\"ListItem\",\"position\":2,\"name\":\"Veranstaltungen\",\"item\":\"https:\\\/\\\/dai-heidelberg.de\\\/de\\\/veranstaltungen\\\/\"},{\"@type\":\"ListItem\",\"position\":3,\"name\":\"Marko Martin\"}]},{\"@type\":\"WebSite\",\"@id\":\"https:\\\/\\\/dai-heidelberg.de\\\/de\\\/#website\",\"url\":\"https:\\\/\\\/dai-heidelberg.de\\\/de\\\/\",\"name\":\"DAI Deutsch\",\"description\":\"Deutsch-Amerikanisches Institut. Haus der Kultur.\",\"potentialAction\":[{\"@type\":\"SearchAction\",\"target\":{\"@type\":\"EntryPoint\",\"urlTemplate\":\"https:\\\/\\\/dai-heidelberg.de\\\/de\\\/?s={search_term_string}\"},\"query-input\":{\"@type\":\"PropertyValueSpecification\",\"valueRequired\":true,\"valueName\":\"search_term_string\"}}],\"inLanguage\":\"de\"}]}<\/script>\n<!-- \/ Yoast SEO plugin. -->","yoast_head_json":{"title":"Veranstaltungen - Deutsch-Amerikanisches Institut. Haus der Kultur.","robots":{"index":"index","follow":"follow","max-snippet":"max-snippet:-1","max-image-preview":"max-image-preview:large","max-video-preview":"max-video-preview:-1"},"canonical":"https:\/\/dai-heidelberg.de\/de\/?post_type=dai_event&p=60209","og_locale":"de_DE","og_type":"article","og_title":"Veranstaltungen - Deutsch-Amerikanisches Institut. Haus der Kultur.","og_description":"Wiederholt sich die Geschichte? H\u00f6ren wir genau genug auf die Signale? Angesichts der aktuellen Ereignisse und der zunehmenden Zweifel an&nbsp;&hellip;","og_url":"https:\/\/dai-heidelberg.de\/de\/?post_type=dai_event&p=60209","og_site_name":"DAI Deutsch","article_modified_time":"2024-05-21T16:42:31+00:00","twitter_misc":{"Gesch\u00e4tzte Lesezeit":"1\u00a0Minute"},"schema":{"@context":"https:\/\/schema.org","@graph":[{"@type":"WebPage","@id":"https:\/\/dai-heidelberg.de\/de\/?post_type=dai_event&p=60209","url":"https:\/\/dai-heidelberg.de\/de\/?post_type=dai_event&p=60209","name":"Veranstaltungen - Deutsch-Amerikanisches Institut. Haus der Kultur.","isPartOf":{"@id":"https:\/\/dai-heidelberg.de\/de\/#website"},"primaryImageOfPage":{"@id":"https:\/\/dai-heidelberg.de\/de\/?post_type=dai_event&p=60209#primaryimage"},"image":{"@id":"https:\/\/dai-heidelberg.de\/de\/?post_type=dai_event&p=60209#primaryimage"},"thumbnailUrl":"https:\/\/dai-heidelberg.de\/de\/wp-content\/uploads\/sites\/2\/2023\/12\/240115_Marko_Martin_sc_16.jpg","datePublished":"2023-12-07T15:51:29+00:00","dateModified":"2024-05-21T16:42:31+00:00","breadcrumb":{"@id":"https:\/\/dai-heidelberg.de\/de\/?post_type=dai_event&p=60209#breadcrumb"},"inLanguage":"de","potentialAction":[{"@type":"ReadAction","target":["https:\/\/dai-heidelberg.de\/de\/?post_type=dai_event&p=60209"]}]},{"@type":"ImageObject","inLanguage":"de","@id":"https:\/\/dai-heidelberg.de\/de\/?post_type=dai_event&p=60209#primaryimage","url":"https:\/\/dai-heidelberg.de\/de\/wp-content\/uploads\/sites\/2\/2023\/12\/240115_Marko_Martin_sc_16.jpg","contentUrl":"https:\/\/dai-heidelberg.de\/de\/wp-content\/uploads\/sites\/2\/2023\/12\/240115_Marko_Martin_sc_16.jpg","width":820,"height":370,"caption":"Foto: Sarina Chamatova"},{"@type":"BreadcrumbList","@id":"https:\/\/dai-heidelberg.de\/de\/?post_type=dai_event&p=60209#breadcrumb","itemListElement":[{"@type":"ListItem","position":1,"name":"Startseite","item":"https:\/\/dai-heidelberg.de\/de\/"},{"@type":"ListItem","position":2,"name":"Veranstaltungen","item":"https:\/\/dai-heidelberg.de\/de\/veranstaltungen\/"},{"@type":"ListItem","position":3,"name":"Marko Martin"}]},{"@type":"WebSite","@id":"https:\/\/dai-heidelberg.de\/de\/#website","url":"https:\/\/dai-heidelberg.de\/de\/","name":"DAI Deutsch","description":"Deutsch-Amerikanisches Institut. Haus der Kultur.","potentialAction":[{"@type":"SearchAction","target":{"@type":"EntryPoint","urlTemplate":"https:\/\/dai-heidelberg.de\/de\/?s={search_term_string}"},"query-input":{"@type":"PropertyValueSpecification","valueRequired":true,"valueName":"search_term_string"}}],"inLanguage":"de"}]}},"_links":{"self":[{"href":"https:\/\/dai-heidelberg.de\/de\/wp-json\/wp\/v2\/dai_event\/60209","targetHints":{"allow":["GET"]}}],"collection":[{"href":"https:\/\/dai-heidelberg.de\/de\/wp-json\/wp\/v2\/dai_event"}],"about":[{"href":"https:\/\/dai-heidelberg.de\/de\/wp-json\/wp\/v2\/types\/dai_event"}],"version-history":[{"count":2,"href":"https:\/\/dai-heidelberg.de\/de\/wp-json\/wp\/v2\/dai_event\/60209\/revisions"}],"predecessor-version":[{"id":60357,"href":"https:\/\/dai-heidelberg.de\/de\/wp-json\/wp\/v2\/dai_event\/60209\/revisions\/60357"}],"wp:featuredmedia":[{"embeddable":true,"href":"https:\/\/dai-heidelberg.de\/de\/wp-json\/wp\/v2\/media\/63257"}],"wp:attachment":[{"href":"https:\/\/dai-heidelberg.de\/de\/wp-json\/wp\/v2\/media?parent=60209"}],"wp:term":[{"taxonomy":"post_tag","embeddable":true,"href":"https:\/\/dai-heidelberg.de\/de\/wp-json\/wp\/v2\/tags?post=60209"},{"taxonomy":"dai_event_category","embeddable":true,"href":"https:\/\/dai-heidelberg.de\/de\/wp-json\/wp\/v2\/dai_event_category?post=60209"},{"taxonomy":"dai_event_type","embeddable":true,"href":"https:\/\/dai-heidelberg.de\/de\/wp-json\/wp\/v2\/dai_event_type?post=60209"},{"taxonomy":"dai_event_location","embeddable":true,"href":"https:\/\/dai-heidelberg.de\/de\/wp-json\/wp\/v2\/dai_event_location?post=60209"}],"curies":[{"name":"wp","href":"https:\/\/api.w.org\/{rel}","templated":true}]}}

<p>Wiederholt sich die Geschichte? Hören wir genau genug auf die Signale? Angesichts der aktuellen Ereignisse und der zunehmenden Zweifel an der Demokratie sowie vor dem Hintergrund von Putins Angriffskrieg liest Marko Martin die warnenden Stimmen säkularer jüdischer Autoren, wie etwa Friedrich Torberg, Hermann Broch, Ludwig Marcuse, Hilde Spiel und Hans Habe, auf neue Weise. So wie jene 1938 vor einer Unterschätzung Hitlers warnten und nach 1945 auch vor dem sowjetischen Expansionismus, haben sie uns heute wieder viel zu sagen. Sein Buch <em>Brauchen wir Ketzer</em> (2023) ist eine Fortsetzung des Essaybands <em>Dissidentisches Denken</em> (2019).</p>
<p><strong>Marko Martin</strong>, geboren 1970, verließ im Mai 1989 als Kriegsdiensttotalverweigerer die DDR und lebt heute, sofern nicht auf Reisen, als freier Schriftsteller in Berlin. Zu seinen zahlreichen Veröffentlichungen zählen auch literarische Tagebücher zu Tel Aviv, Havanna und Hongkong. Er erfuhr die Förderung von Rudolf Sühnel, ehemals Professor für englische Philologie an der Universität Heidel­berg.</p>
<p>In der Reihe <em>History Telling</em></p>

<p>Wiederholt sich die Geschichte? Hören wir genau genug auf die Signale? Angesichts der aktuellen Ereignisse und der zunehmenden Zweifel an&nbsp;&hellip;</p>

<!-- This site is optimized with the Yoast SEO plugin v27.4 - https://yoast.com/product/yoast-seo-wordpress/ -->
<title>Veranstaltungen - Deutsch-Amerikanisches Institut. Haus der Kultur.</title>
<meta name="robots" content="index, follow, max-snippet:-1, max-image-preview:large, max-video-preview:-1" />
<link rel="canonical" href="https://dai-heidelberg.de/de/?post_type=dai_event&p=60209" />
<meta property="og:locale" content="de_DE" />
<meta property="og:type" content="article" />
<meta property="og:title" content="Veranstaltungen - Deutsch-Amerikanisches Institut. Haus der Kultur." />
<meta property="og:description" content="Wiederholt sich die Geschichte? Hören wir genau genug auf die Signale? Angesichts der aktuellen Ereignisse und der zunehmenden Zweifel an&nbsp;&hellip;" />
<meta property="og:url" content="https://dai-heidelberg.de/de/?post_type=dai_event&amp;p=60209" />
<meta property="og:site_name" content="DAI Deutsch" />
<meta property="article:modified_time" content="2024-05-21T16:42:31+00:00" />
<meta name="twitter:label1" content="Geschätzte Lesezeit" />
	<meta name="twitter:data1" content="1 Minute" />
<script type="application/ld+json" class="yoast-schema-graph">{"@context":"https:\/\/schema.org","@graph":[{"@type":"WebPage","@id":"https:\/\/dai-heidelberg.de\/de\/?post_type=dai_event&p=60209","url":"https:\/\/dai-heidelberg.de\/de\/?post_type=dai_event&p=60209","name":"Veranstaltungen - Deutsch-Amerikanisches Institut. Haus der Kultur.","isPartOf":{"@id":"https:\/\/dai-heidelberg.de\/de\/#website"},"primaryImageOfPage":{"@id":"https:\/\/dai-heidelberg.de\/de\/?post_type=dai_event&p=60209#primaryimage"},"image":{"@id":"https:\/\/dai-heidelberg.de\/de\/?post_type=dai_event&p=60209#primaryimage"},"thumbnailUrl":"https:\/\/dai-heidelberg.de\/de\/wp-content\/uploads\/sites\/2\/2023\/12\/240115_Marko_Martin_sc_16.jpg","datePublished":"2023-12-07T15:51:29+00:00","dateModified":"2024-05-21T16:42:31+00:00","breadcrumb":{"@id":"https:\/\/dai-heidelberg.de\/de\/?post_type=dai_event&p=60209#breadcrumb"},"inLanguage":"de","potentialAction":[{"@type":"ReadAction","target":["https:\/\/dai-heidelberg.de\/de\/?post_type=dai_event&p=60209"]}]},{"@type":"ImageObject","inLanguage":"de","@id":"https:\/\/dai-heidelberg.de\/de\/?post_type=dai_event&p=60209#primaryimage","url":"https:\/\/dai-heidelberg.de\/de\/wp-content\/uploads\/sites\/2\/2023\/12\/240115_Marko_Martin_sc_16.jpg","contentUrl":"https:\/\/dai-heidelberg.de\/de\/wp-content\/uploads\/sites\/2\/2023\/12\/240115_Marko_Martin_sc_16.jpg","width":820,"height":370,"caption":"Foto: Sarina Chamatova"},{"@type":"BreadcrumbList","@id":"https:\/\/dai-heidelberg.de\/de\/?post_type=dai_event&p=60209#breadcrumb","itemListElement":[{"@type":"ListItem","position":1,"name":"Startseite","item":"https:\/\/dai-heidelberg.de\/de\/"},{"@type":"ListItem","position":2,"name":"Veranstaltungen","item":"https:\/\/dai-heidelberg.de\/de\/veranstaltungen\/"},{"@type":"ListItem","position":3,"name":"Marko Martin"}]},{"@type":"WebSite","@id":"https:\/\/dai-heidelberg.de\/de\/#website","url":"https:\/\/dai-heidelberg.de\/de\/","name":"DAI Deutsch","description":"Deutsch-Amerikanisches Institut. Haus der Kultur.","potentialAction":[{"@type":"SearchAction","target":{"@type":"EntryPoint","urlTemplate":"https:\/\/dai-heidelberg.de\/de\/?s={search_term_string}"},"query-input":{"@type":"PropertyValueSpecification","valueRequired":true,"valueName":"search_term_string"}}],"inLanguage":"de"}]}</script>
<!-- / Yoast SEO plugin. -->

Wiederholt sich die Geschichte? Hören wir genau genug auf die Signale? Angesichts der aktuellen Ereignisse und der zunehmenden Zweifel an&nbsp;&hellip;
