{"id":53160,"date":"2022-11-09T11:40:55","date_gmt":"2022-11-09T10:40:55","guid":{"rendered":"https:\/\/dai-heidelberg.de\/de\/?post_type=dai_event&#038;p=53160"},"modified":"2023-10-05T15:53:12","modified_gmt":"2023-10-05T13:53:12","slug":"biodiversitaet-2","status":"publish","type":"dai_event","link":"https:\/\/dai-heidelberg.de\/de\/veranstaltungen\/biodiversitaet-2-53160\/","title":{"rendered":"Biodiversit\u00e4t"},"content":{"rendered":"<p>Wie h\u00e4ngen das Artensterben und die Vernichtung von \u00d6kosystemen mit der gegenw\u00e4rtigen Pandemie und der steigenden Wahrscheinlichkeit zuk\u00fcnftiger Pandemien zusammen? Wo liegen die systemischen wie menschlichen Ursachen von Covid-19 und wie k\u00f6nnen wir gegensteuern? Und ist ein internationaler transformativer Wandel f\u00fcr eine nachhaltige Zukunft unabdingbar oder k\u00f6nnen wir auch im Kleinen wirksam werden?<\/p>\n<p>Josef Settele zeigt die komplexen Zusammenh\u00e4nge und Akteure in der Partnerschaft von Mensch und Natur auf, konzentriert sich zugleich auf \u00f6kologische und \u00f6konomische Aspekte und erl\u00e4utert, wie Biodiversit\u00e4t eine Versicherung f\u00fcr unsere Zukunft sein kann.<\/p>\n<p>Der Umweltforscher und Agrarbiologe <strong>Prof. Dr. Josef Settele<\/strong> ist am Helmholtz-Zentrum f\u00fcr Umweltforschung in Leipzig (UFZ) t\u00e4tig und widmet sich seit Jahrzehnten der Erforschung und Aufrechterhaltung der Biodiversit\u00e4t. Er ist seit 2020 Mitglied des Sachverst\u00e4ndigenrates f\u00fcr Umweltfragen der deutschen Bundesregierung und war bis 2019 Vizepr\u00e4sident des Weltbiodiversit\u00e4tsrates (IPBES).<\/p>\n","protected":false},"excerpt":{"rendered":"<p>Wie h\u00e4ngen das Artensterben und die Vernichtung von \u00d6kosystemen mit der gegenw\u00e4rtigen Pandemie und der steigenden Wahrscheinlichkeit zuk\u00fcnftiger Pandemien zusammen?&nbsp;&hellip;<\/p>\n","protected":false},"featured_media":0,"template":"","meta":{"footnotes":""},"tags":[],"dai_event_category":[6],"dai_event_type":[21],"dai_event_location":[],"class_list":["post-53160","dai_event","type-dai_event","status-publish","hentry","dai_event_category-kulturveranstaltungen","dai_event_type-vortrag"],"better_featured_image":null,"post-meta-fields":{"_yoast_wpseo_content_score":["90"],"_yoast_wpseo_estimated-reading-time-minutes":["1"],"_yoast_wpseo_wordproof_timestamp":[""],"dai_event_datetime":["2023-02-01 20:00"],"dai_event_featured":["0"],"dai_event_artist":["Artensterben, Klimawandel, Pandemien"],"dai_event_subtext":["Josef Settele"],"dai_event_ticket_freeadmission":["0"],"dai_autotranslate_should_translate":["1"],"dai_event_ticket_link":["https:\/\/shop.reservix.de\/?id=36ae96de8dddc4df70dce3f39db2b886ff117b9261533f02fa35ea4a3191d65e3a64633f4652f2d1ba3a365eff82ca70&vID=2736&eventGrpID=409562"],"dai_event_ticket_price_presale_standard":["9,90"],"dai_event_ticket_price_presale_reduced":["6,90"],"dai_event_ticket_price_presale_member":["4,90"],"_dp_original":["50690"],"_edit_lock":["1696513872:10"],"_edit_last":["10"],"dai_event_notice":["entf\u00e4llt"],"dai_event_content_notice":["Die Veranstaltung muss leider entfallen. Zum jetzigen Zeitpunkt steht kein Nachholtermin fest."]},"yoast_head":"<!-- This site is optimized with the Yoast SEO plugin v27.4 - https:\/\/yoast.com\/product\/yoast-seo-wordpress\/ -->\n<title>Veranstaltungen - Deutsch-Amerikanisches Institut. Haus der Kultur.<\/title>\n<meta name=\"robots\" content=\"index, follow, max-snippet:-1, max-image-preview:large, max-video-preview:-1\" \/>\n<link rel=\"canonical\" href=\"https:\/\/dai-heidelberg.de\/de\/veranstaltungen\/biodiversitaet-2-53160\/\" \/>\n<meta property=\"og:locale\" content=\"de_DE\" \/>\n<meta property=\"og:type\" content=\"article\" \/>\n<meta property=\"og:title\" content=\"Veranstaltungen - Deutsch-Amerikanisches Institut. Haus der Kultur.\" \/>\n<meta property=\"og:description\" content=\"Wie h\u00e4ngen das Artensterben und die Vernichtung von \u00d6kosystemen mit der gegenw\u00e4rtigen Pandemie und der steigenden Wahrscheinlichkeit zuk\u00fcnftiger Pandemien zusammen?&nbsp;&hellip;\" \/>\n<meta property=\"og:url\" content=\"https:\/\/dai-heidelberg.de\/de\/veranstaltungen\/biodiversitaet-2-53160\/\" \/>\n<meta property=\"og:site_name\" content=\"DAI Deutsch\" \/>\n<meta property=\"article:modified_time\" content=\"2023-10-05T13:53:12+00:00\" \/>\n<meta property=\"og:image\" content=\"https:\/\/dai-heidelberg.de\/de\/wp-content\/uploads\/sites\/2\/2022\/07\/221206-Settele_c_Sebastian-WiedlingUFZ-1.jpg\" \/>\n\t<meta property=\"og:image:width\" content=\"820\" \/>\n\t<meta property=\"og:image:height\" content=\"370\" \/>\n\t<meta property=\"og:image:type\" content=\"image\/jpeg\" \/>\n<meta name=\"twitter:label1\" content=\"Gesch\u00e4tzte Lesezeit\" \/>\n\t<meta name=\"twitter:data1\" content=\"1\u00a0Minute\" \/>\n<script type=\"application\/ld+json\" class=\"yoast-schema-graph\">{\"@context\":\"https:\\\/\\\/schema.org\",\"@graph\":[{\"@type\":\"WebPage\",\"@id\":\"https:\\\/\\\/dai-heidelberg.de\\\/de\\\/veranstaltungen\\\/biodiversitaet-2-53160\\\/\",\"url\":\"https:\\\/\\\/dai-heidelberg.de\\\/de\\\/veranstaltungen\\\/biodiversitaet-2-53160\\\/\",\"name\":\"Veranstaltungen - Deutsch-Amerikanisches Institut. Haus der Kultur.\",\"isPartOf\":{\"@id\":\"https:\\\/\\\/dai-heidelberg.de\\\/de\\\/#website\"},\"datePublished\":\"2022-11-09T10:40:55+00:00\",\"dateModified\":\"2023-10-05T13:53:12+00:00\",\"breadcrumb\":{\"@id\":\"https:\\\/\\\/dai-heidelberg.de\\\/de\\\/veranstaltungen\\\/biodiversitaet-2-53160\\\/#breadcrumb\"},\"inLanguage\":\"de\",\"potentialAction\":[{\"@type\":\"ReadAction\",\"target\":[\"https:\\\/\\\/dai-heidelberg.de\\\/de\\\/veranstaltungen\\\/biodiversitaet-2-53160\\\/\"]}]},{\"@type\":\"BreadcrumbList\",\"@id\":\"https:\\\/\\\/dai-heidelberg.de\\\/de\\\/veranstaltungen\\\/biodiversitaet-2-53160\\\/#breadcrumb\",\"itemListElement\":[{\"@type\":\"ListItem\",\"position\":1,\"name\":\"Startseite\",\"item\":\"https:\\\/\\\/dai-heidelberg.de\\\/de\\\/\"},{\"@type\":\"ListItem\",\"position\":2,\"name\":\"Veranstaltungen\",\"item\":\"https:\\\/\\\/dai-heidelberg.de\\\/de\\\/veranstaltungen\\\/\"},{\"@type\":\"ListItem\",\"position\":3,\"name\":\"Biodiversit\u00e4t\"}]},{\"@type\":\"WebSite\",\"@id\":\"https:\\\/\\\/dai-heidelberg.de\\\/de\\\/#website\",\"url\":\"https:\\\/\\\/dai-heidelberg.de\\\/de\\\/\",\"name\":\"DAI Deutsch\",\"description\":\"Deutsch-Amerikanisches Institut. Haus der Kultur.\",\"potentialAction\":[{\"@type\":\"SearchAction\",\"target\":{\"@type\":\"EntryPoint\",\"urlTemplate\":\"https:\\\/\\\/dai-heidelberg.de\\\/de\\\/?s={search_term_string}\"},\"query-input\":{\"@type\":\"PropertyValueSpecification\",\"valueRequired\":true,\"valueName\":\"search_term_string\"}}],\"inLanguage\":\"de\"}]}<\/script>\n<!-- \/ Yoast SEO plugin. -->","yoast_head_json":{"title":"Veranstaltungen - Deutsch-Amerikanisches Institut. Haus der Kultur.","robots":{"index":"index","follow":"follow","max-snippet":"max-snippet:-1","max-image-preview":"max-image-preview:large","max-video-preview":"max-video-preview:-1"},"canonical":"https:\/\/dai-heidelberg.de\/de\/veranstaltungen\/biodiversitaet-2-53160\/","og_locale":"de_DE","og_type":"article","og_title":"Veranstaltungen - Deutsch-Amerikanisches Institut. Haus der Kultur.","og_description":"Wie h\u00e4ngen das Artensterben und die Vernichtung von \u00d6kosystemen mit der gegenw\u00e4rtigen Pandemie und der steigenden Wahrscheinlichkeit zuk\u00fcnftiger Pandemien zusammen?&nbsp;&hellip;","og_url":"https:\/\/dai-heidelberg.de\/de\/veranstaltungen\/biodiversitaet-2-53160\/","og_site_name":"DAI Deutsch","article_modified_time":"2023-10-05T13:53:12+00:00","og_image":[{"width":820,"height":370,"url":"https:\/\/dai-heidelberg.de\/de\/wp-content\/uploads\/sites\/2\/2022\/07\/221206-Settele_c_Sebastian-WiedlingUFZ-1.jpg","type":"image\/jpeg"}],"twitter_misc":{"Gesch\u00e4tzte Lesezeit":"1\u00a0Minute"},"schema":{"@context":"https:\/\/schema.org","@graph":[{"@type":"WebPage","@id":"https:\/\/dai-heidelberg.de\/de\/veranstaltungen\/biodiversitaet-2-53160\/","url":"https:\/\/dai-heidelberg.de\/de\/veranstaltungen\/biodiversitaet-2-53160\/","name":"Veranstaltungen - Deutsch-Amerikanisches Institut. Haus der Kultur.","isPartOf":{"@id":"https:\/\/dai-heidelberg.de\/de\/#website"},"datePublished":"2022-11-09T10:40:55+00:00","dateModified":"2023-10-05T13:53:12+00:00","breadcrumb":{"@id":"https:\/\/dai-heidelberg.de\/de\/veranstaltungen\/biodiversitaet-2-53160\/#breadcrumb"},"inLanguage":"de","potentialAction":[{"@type":"ReadAction","target":["https:\/\/dai-heidelberg.de\/de\/veranstaltungen\/biodiversitaet-2-53160\/"]}]},{"@type":"BreadcrumbList","@id":"https:\/\/dai-heidelberg.de\/de\/veranstaltungen\/biodiversitaet-2-53160\/#breadcrumb","itemListElement":[{"@type":"ListItem","position":1,"name":"Startseite","item":"https:\/\/dai-heidelberg.de\/de\/"},{"@type":"ListItem","position":2,"name":"Veranstaltungen","item":"https:\/\/dai-heidelberg.de\/de\/veranstaltungen\/"},{"@type":"ListItem","position":3,"name":"Biodiversit\u00e4t"}]},{"@type":"WebSite","@id":"https:\/\/dai-heidelberg.de\/de\/#website","url":"https:\/\/dai-heidelberg.de\/de\/","name":"DAI Deutsch","description":"Deutsch-Amerikanisches Institut. Haus der Kultur.","potentialAction":[{"@type":"SearchAction","target":{"@type":"EntryPoint","urlTemplate":"https:\/\/dai-heidelberg.de\/de\/?s={search_term_string}"},"query-input":{"@type":"PropertyValueSpecification","valueRequired":true,"valueName":"search_term_string"}}],"inLanguage":"de"}]}},"_links":{"self":[{"href":"https:\/\/dai-heidelberg.de\/de\/wp-json\/wp\/v2\/dai_event\/53160","targetHints":{"allow":["GET"]}}],"collection":[{"href":"https:\/\/dai-heidelberg.de\/de\/wp-json\/wp\/v2\/dai_event"}],"about":[{"href":"https:\/\/dai-heidelberg.de\/de\/wp-json\/wp\/v2\/types\/dai_event"}],"version-history":[{"count":2,"href":"https:\/\/dai-heidelberg.de\/de\/wp-json\/wp\/v2\/dai_event\/53160\/revisions"}],"predecessor-version":[{"id":58923,"href":"https:\/\/dai-heidelberg.de\/de\/wp-json\/wp\/v2\/dai_event\/53160\/revisions\/58923"}],"wp:attachment":[{"href":"https:\/\/dai-heidelberg.de\/de\/wp-json\/wp\/v2\/media?parent=53160"}],"wp:term":[{"taxonomy":"post_tag","embeddable":true,"href":"https:\/\/dai-heidelberg.de\/de\/wp-json\/wp\/v2\/tags?post=53160"},{"taxonomy":"dai_event_category","embeddable":true,"href":"https:\/\/dai-heidelberg.de\/de\/wp-json\/wp\/v2\/dai_event_category?post=53160"},{"taxonomy":"dai_event_type","embeddable":true,"href":"https:\/\/dai-heidelberg.de\/de\/wp-json\/wp\/v2\/dai_event_type?post=53160"},{"taxonomy":"dai_event_location","embeddable":true,"href":"https:\/\/dai-heidelberg.de\/de\/wp-json\/wp\/v2\/dai_event_location?post=53160"}],"curies":[{"name":"wp","href":"https:\/\/api.w.org\/{rel}","templated":true}]}}

Biodiversität

<p>Wie hängen das Artensterben und die Vernichtung von Ökosystemen mit der gegenwärtigen Pandemie und der steigenden Wahrscheinlichkeit zukünftiger Pandemien zusammen? Wo liegen die systemischen wie menschlichen Ursachen von Covid-19 und wie können wir gegensteuern? Und ist ein internationaler transformativer Wandel für eine nachhaltige Zukunft unabdingbar oder können wir auch im Kleinen wirksam werden?</p>
<p>Josef Settele zeigt die komplexen Zusammenhänge und Akteure in der Partnerschaft von Mensch und Natur auf, konzentriert sich zugleich auf ökologische und ökonomische Aspekte und erläutert, wie Biodiversität eine Versicherung für unsere Zukunft sein kann.</p>
<p>Der Umweltforscher und Agrarbiologe <strong>Prof. Dr. Josef Settele</strong> ist am Helmholtz-Zentrum für Umweltforschung in Leipzig (UFZ) tätig und widmet sich seit Jahrzehnten der Erforschung und Aufrechterhaltung der Biodiversität. Er ist seit 2020 Mitglied des Sachverständigenrates für Umweltfragen der deutschen Bundesregierung und war bis 2019 Vizepräsident des Weltbiodiversitätsrates (IPBES).</p>

<p>Wie hängen das Artensterben und die Vernichtung von Ökosystemen mit der gegenwärtigen Pandemie und der steigenden Wahrscheinlichkeit zukünftiger Pandemien zusammen?&nbsp;&hellip;</p>

entfällt

<!-- This site is optimized with the Yoast SEO plugin v27.4 - https://yoast.com/product/yoast-seo-wordpress/ -->
<title>Veranstaltungen - Deutsch-Amerikanisches Institut. Haus der Kultur.</title>
<meta name="robots" content="index, follow, max-snippet:-1, max-image-preview:large, max-video-preview:-1" />
<link rel="canonical" href="https://dai-heidelberg.de/de/veranstaltungen/biodiversitaet-2-53160/" />
<meta property="og:locale" content="de_DE" />
<meta property="og:type" content="article" />
<meta property="og:title" content="Veranstaltungen - Deutsch-Amerikanisches Institut. Haus der Kultur." />
<meta property="og:description" content="Wie hängen das Artensterben und die Vernichtung von Ökosystemen mit der gegenwärtigen Pandemie und der steigenden Wahrscheinlichkeit zukünftiger Pandemien zusammen?&nbsp;&hellip;" />
<meta property="og:url" content="https://dai-heidelberg.de/de/veranstaltungen/biodiversitaet-2-53160/" />
<meta property="og:site_name" content="DAI Deutsch" />
<meta property="article:modified_time" content="2023-10-05T13:53:12+00:00" />
<meta property="og:image" content="https://dai-heidelberg.de/de/wp-content/uploads/sites/2/2022/07/221206-Settele_c_Sebastian-WiedlingUFZ-1.jpg" />
	<meta property="og:image:width" content="820" />
	<meta property="og:image:height" content="370" />
	<meta property="og:image:type" content="image/jpeg" />
<meta name="twitter:label1" content="Geschätzte Lesezeit" />
	<meta name="twitter:data1" content="1 Minute" />
<script type="application/ld+json" class="yoast-schema-graph">{"@context":"https:\/\/schema.org","@graph":[{"@type":"WebPage","@id":"https:\/\/dai-heidelberg.de\/de\/veranstaltungen\/biodiversitaet-2-53160\/","url":"https:\/\/dai-heidelberg.de\/de\/veranstaltungen\/biodiversitaet-2-53160\/","name":"Veranstaltungen - Deutsch-Amerikanisches Institut. Haus der Kultur.","isPartOf":{"@id":"https:\/\/dai-heidelberg.de\/de\/#website"},"datePublished":"2022-11-09T10:40:55+00:00","dateModified":"2023-10-05T13:53:12+00:00","breadcrumb":{"@id":"https:\/\/dai-heidelberg.de\/de\/veranstaltungen\/biodiversitaet-2-53160\/#breadcrumb"},"inLanguage":"de","potentialAction":[{"@type":"ReadAction","target":["https:\/\/dai-heidelberg.de\/de\/veranstaltungen\/biodiversitaet-2-53160\/"]}]},{"@type":"BreadcrumbList","@id":"https:\/\/dai-heidelberg.de\/de\/veranstaltungen\/biodiversitaet-2-53160\/#breadcrumb","itemListElement":[{"@type":"ListItem","position":1,"name":"Startseite","item":"https:\/\/dai-heidelberg.de\/de\/"},{"@type":"ListItem","position":2,"name":"Veranstaltungen","item":"https:\/\/dai-heidelberg.de\/de\/veranstaltungen\/"},{"@type":"ListItem","position":3,"name":"Biodiversität"}]},{"@type":"WebSite","@id":"https:\/\/dai-heidelberg.de\/de\/#website","url":"https:\/\/dai-heidelberg.de\/de\/","name":"DAI Deutsch","description":"Deutsch-Amerikanisches Institut. Haus der Kultur.","potentialAction":[{"@type":"SearchAction","target":{"@type":"EntryPoint","urlTemplate":"https:\/\/dai-heidelberg.de\/de\/?s={search_term_string}"},"query-input":{"@type":"PropertyValueSpecification","valueRequired":true,"valueName":"search_term_string"}}],"inLanguage":"de"}]}</script>
<!-- / Yoast SEO plugin. -->

Wie hängen das Artensterben und die Vernichtung von Ökosystemen mit der gegenwärtigen Pandemie und der steigenden Wahrscheinlichkeit zukünftiger Pandemien zusammen?&nbsp;&hellip;
