{"id":4670,"date":"2006-03-17T12:26:38","date_gmt":"2006-03-17T11:26:38","guid":{"rendered":"http:\/\/dai-heidelberg.de\/de\/veranstaltungen\/quo-vadis-israel\/"},"modified":"2006-03-17T12:26:38","modified_gmt":"2006-03-17T11:26:38","slug":"quo-vadis-israel","status":"publish","type":"dai_event","link":"https:\/\/dai-heidelberg.de\/de\/veranstaltungen\/quo-vadis-israel-4670\/","title":{"rendered":"Quo vadis, Israel?"},"content":{"rendered":"<p>Nach dem Tod Yassir Arafats, dem Ausscheiden Ariel Sharons aus der Politik durch einen Schlaganfall und dem spektakul\u00e4ren Wahlsieg der Hamas in den pal\u00e4stinensischen Autonomiegebieten erscheint die Zukunft Israels und der gesamten Nahostregion einmal mehr v\u00f6llig ungewiss. Gibt es einen Ausweg aus der Konfrontation? Wird die israelische Gesellschaft die Spannungen, denen sie ausgesetzt ist, auf Dauer verkraften? Wird die Unterst\u00fctzung des Westens unter den Eindr\u00fccken der islamistischen Offensive zur\u00fcckgehen? Dies sind nur einige der Fragen, mit denen sich der israelisch-niederl\u00e4ndische Milit\u00e4rhistoriker Martin van Creveld an diesem Abend auseinandersetzt.<\/p>\n<p>Martin van Creveld, in Rotterdam geboren und als Kind nach Israel emigriert, lehrt Geschichte an der Hebrew University in Jerusalem. Er gilt als einer der f\u00fchrenden Theoretiker des Krieges und ist der einzige nichtamerikanische Autor, dessen B\u00fccher auf der Liste der Pflichtlekt\u00fcre f\u00fcr die Offiziere der U.S. Army stehen.<\/p>\n","protected":false},"excerpt":{"rendered":"<p>Nach dem Tod Yassir Arafats, dem Ausscheiden Ariel Sharons aus der Politik durch einen Schlaganfall und dem spektakul\u00e4ren Wahlsieg der&nbsp;&hellip;<\/p>\n","protected":false},"featured_media":0,"template":"","meta":{"footnotes":""},"tags":[],"dai_event_category":[6],"dai_event_type":[21],"dai_event_location":[31],"class_list":["post-4670","dai_event","type-dai_event","status-publish","hentry","dai_event_category-kulturveranstaltungen","dai_event_type-vortrag","dai_event_location-dai-grosser-saal"],"better_featured_image":null,"post-meta-fields":{"dai_event_datetime":["2006-05-04 20:00:00"],"dai_event_featured":["1"],"dai_event_artist":["Martin van Creveld"],"dai_event_ticket_price_boxoffice_standard":["7.00"],"dai_event_ticket_price_boxoffice_reduced":["5.00"],"dai_event_ticket_price_boxoffice_member":["4.00"]},"yoast_head":"<!-- This site is optimized with the Yoast SEO plugin v27.4 - https:\/\/yoast.com\/product\/yoast-seo-wordpress\/ -->\n<title>Veranstaltungen - Deutsch-Amerikanisches Institut. Haus der Kultur.<\/title>\n<meta name=\"robots\" content=\"index, follow, max-snippet:-1, max-image-preview:large, max-video-preview:-1\" \/>\n<link rel=\"canonical\" href=\"https:\/\/dai-heidelberg.de\/de\/veranstaltungen\/quo-vadis-israel-4670\/\" \/>\n<meta property=\"og:locale\" content=\"de_DE\" \/>\n<meta property=\"og:type\" content=\"article\" \/>\n<meta property=\"og:title\" content=\"Veranstaltungen - Deutsch-Amerikanisches Institut. Haus der Kultur.\" \/>\n<meta property=\"og:description\" content=\"Nach dem Tod Yassir Arafats, dem Ausscheiden Ariel Sharons aus der Politik durch einen Schlaganfall und dem spektakul\u00e4ren Wahlsieg der&nbsp;&hellip;\" \/>\n<meta property=\"og:url\" content=\"https:\/\/dai-heidelberg.de\/de\/veranstaltungen\/quo-vadis-israel-4670\/\" \/>\n<meta property=\"og:site_name\" content=\"DAI Deutsch\" \/>\n<meta name=\"twitter:label1\" content=\"Gesch\u00e4tzte Lesezeit\" \/>\n\t<meta name=\"twitter:data1\" content=\"1\u00a0Minute\" \/>\n<script type=\"application\/ld+json\" class=\"yoast-schema-graph\">{\"@context\":\"https:\\\/\\\/schema.org\",\"@graph\":[{\"@type\":\"WebPage\",\"@id\":\"https:\\\/\\\/dai-heidelberg.de\\\/de\\\/veranstaltungen\\\/quo-vadis-israel-4670\\\/\",\"url\":\"https:\\\/\\\/dai-heidelberg.de\\\/de\\\/veranstaltungen\\\/quo-vadis-israel-4670\\\/\",\"name\":\"Veranstaltungen - Deutsch-Amerikanisches Institut. Haus der Kultur.\",\"isPartOf\":{\"@id\":\"https:\\\/\\\/dai-heidelberg.de\\\/de\\\/#website\"},\"datePublished\":\"2006-03-17T11:26:38+00:00\",\"breadcrumb\":{\"@id\":\"https:\\\/\\\/dai-heidelberg.de\\\/de\\\/veranstaltungen\\\/quo-vadis-israel-4670\\\/#breadcrumb\"},\"inLanguage\":\"de\",\"potentialAction\":[{\"@type\":\"ReadAction\",\"target\":[\"https:\\\/\\\/dai-heidelberg.de\\\/de\\\/veranstaltungen\\\/quo-vadis-israel-4670\\\/\"]}]},{\"@type\":\"BreadcrumbList\",\"@id\":\"https:\\\/\\\/dai-heidelberg.de\\\/de\\\/veranstaltungen\\\/quo-vadis-israel-4670\\\/#breadcrumb\",\"itemListElement\":[{\"@type\":\"ListItem\",\"position\":1,\"name\":\"Startseite\",\"item\":\"https:\\\/\\\/dai-heidelberg.de\\\/de\\\/\"},{\"@type\":\"ListItem\",\"position\":2,\"name\":\"Veranstaltungen\",\"item\":\"https:\\\/\\\/dai-heidelberg.de\\\/de\\\/veranstaltungen\\\/\"},{\"@type\":\"ListItem\",\"position\":3,\"name\":\"Quo vadis, Israel?\"}]},{\"@type\":\"WebSite\",\"@id\":\"https:\\\/\\\/dai-heidelberg.de\\\/de\\\/#website\",\"url\":\"https:\\\/\\\/dai-heidelberg.de\\\/de\\\/\",\"name\":\"DAI Deutsch\",\"description\":\"Deutsch-Amerikanisches Institut. Haus der Kultur.\",\"potentialAction\":[{\"@type\":\"SearchAction\",\"target\":{\"@type\":\"EntryPoint\",\"urlTemplate\":\"https:\\\/\\\/dai-heidelberg.de\\\/de\\\/?s={search_term_string}\"},\"query-input\":{\"@type\":\"PropertyValueSpecification\",\"valueRequired\":true,\"valueName\":\"search_term_string\"}}],\"inLanguage\":\"de\"}]}<\/script>\n<!-- \/ Yoast SEO plugin. -->","yoast_head_json":{"title":"Veranstaltungen - Deutsch-Amerikanisches Institut. Haus der Kultur.","robots":{"index":"index","follow":"follow","max-snippet":"max-snippet:-1","max-image-preview":"max-image-preview:large","max-video-preview":"max-video-preview:-1"},"canonical":"https:\/\/dai-heidelberg.de\/de\/veranstaltungen\/quo-vadis-israel-4670\/","og_locale":"de_DE","og_type":"article","og_title":"Veranstaltungen - Deutsch-Amerikanisches Institut. Haus der Kultur.","og_description":"Nach dem Tod Yassir Arafats, dem Ausscheiden Ariel Sharons aus der Politik durch einen Schlaganfall und dem spektakul\u00e4ren Wahlsieg der&nbsp;&hellip;","og_url":"https:\/\/dai-heidelberg.de\/de\/veranstaltungen\/quo-vadis-israel-4670\/","og_site_name":"DAI Deutsch","twitter_misc":{"Gesch\u00e4tzte Lesezeit":"1\u00a0Minute"},"schema":{"@context":"https:\/\/schema.org","@graph":[{"@type":"WebPage","@id":"https:\/\/dai-heidelberg.de\/de\/veranstaltungen\/quo-vadis-israel-4670\/","url":"https:\/\/dai-heidelberg.de\/de\/veranstaltungen\/quo-vadis-israel-4670\/","name":"Veranstaltungen - Deutsch-Amerikanisches Institut. Haus der Kultur.","isPartOf":{"@id":"https:\/\/dai-heidelberg.de\/de\/#website"},"datePublished":"2006-03-17T11:26:38+00:00","breadcrumb":{"@id":"https:\/\/dai-heidelberg.de\/de\/veranstaltungen\/quo-vadis-israel-4670\/#breadcrumb"},"inLanguage":"de","potentialAction":[{"@type":"ReadAction","target":["https:\/\/dai-heidelberg.de\/de\/veranstaltungen\/quo-vadis-israel-4670\/"]}]},{"@type":"BreadcrumbList","@id":"https:\/\/dai-heidelberg.de\/de\/veranstaltungen\/quo-vadis-israel-4670\/#breadcrumb","itemListElement":[{"@type":"ListItem","position":1,"name":"Startseite","item":"https:\/\/dai-heidelberg.de\/de\/"},{"@type":"ListItem","position":2,"name":"Veranstaltungen","item":"https:\/\/dai-heidelberg.de\/de\/veranstaltungen\/"},{"@type":"ListItem","position":3,"name":"Quo vadis, Israel?"}]},{"@type":"WebSite","@id":"https:\/\/dai-heidelberg.de\/de\/#website","url":"https:\/\/dai-heidelberg.de\/de\/","name":"DAI Deutsch","description":"Deutsch-Amerikanisches Institut. Haus der Kultur.","potentialAction":[{"@type":"SearchAction","target":{"@type":"EntryPoint","urlTemplate":"https:\/\/dai-heidelberg.de\/de\/?s={search_term_string}"},"query-input":{"@type":"PropertyValueSpecification","valueRequired":true,"valueName":"search_term_string"}}],"inLanguage":"de"}]}},"_links":{"self":[{"href":"https:\/\/dai-heidelberg.de\/de\/wp-json\/wp\/v2\/dai_event\/4670","targetHints":{"allow":["GET"]}}],"collection":[{"href":"https:\/\/dai-heidelberg.de\/de\/wp-json\/wp\/v2\/dai_event"}],"about":[{"href":"https:\/\/dai-heidelberg.de\/de\/wp-json\/wp\/v2\/types\/dai_event"}],"version-history":[{"count":0,"href":"https:\/\/dai-heidelberg.de\/de\/wp-json\/wp\/v2\/dai_event\/4670\/revisions"}],"wp:attachment":[{"href":"https:\/\/dai-heidelberg.de\/de\/wp-json\/wp\/v2\/media?parent=4670"}],"wp:term":[{"taxonomy":"post_tag","embeddable":true,"href":"https:\/\/dai-heidelberg.de\/de\/wp-json\/wp\/v2\/tags?post=4670"},{"taxonomy":"dai_event_category","embeddable":true,"href":"https:\/\/dai-heidelberg.de\/de\/wp-json\/wp\/v2\/dai_event_category?post=4670"},{"taxonomy":"dai_event_type","embeddable":true,"href":"https:\/\/dai-heidelberg.de\/de\/wp-json\/wp\/v2\/dai_event_type?post=4670"},{"taxonomy":"dai_event_location","embeddable":true,"href":"https:\/\/dai-heidelberg.de\/de\/wp-json\/wp\/v2\/dai_event_location?post=4670"}],"curies":[{"name":"wp","href":"https:\/\/api.w.org\/{rel}","templated":true}]}}

<p>Nach dem Tod Yassir Arafats, dem Ausscheiden Ariel Sharons aus der Politik durch einen Schlaganfall und dem spektakulären Wahlsieg der Hamas in den palästinensischen Autonomiegebieten erscheint die Zukunft Israels und der gesamten Nahostregion einmal mehr völlig ungewiss. Gibt es einen Ausweg aus der Konfrontation? Wird die israelische Gesellschaft die Spannungen, denen sie ausgesetzt ist, auf Dauer verkraften? Wird die Unterstützung des Westens unter den Eindrücken der islamistischen Offensive zurückgehen? Dies sind nur einige der Fragen, mit denen sich der israelisch-niederländische Militärhistoriker Martin van Creveld an diesem Abend auseinandersetzt.</p>
<p>Martin van Creveld, in Rotterdam geboren und als Kind nach Israel emigriert, lehrt Geschichte an der Hebrew University in Jerusalem. Er gilt als einer der führenden Theoretiker des Krieges und ist der einzige nichtamerikanische Autor, dessen Bücher auf der Liste der Pflichtlektüre für die Offiziere der U.S. Army stehen.</p>

<p>Nach dem Tod Yassir Arafats, dem Ausscheiden Ariel Sharons aus der Politik durch einen Schlaganfall und dem spektakulären Wahlsieg der&nbsp;&hellip;</p>

<!-- This site is optimized with the Yoast SEO plugin v27.4 - https://yoast.com/product/yoast-seo-wordpress/ -->
<title>Veranstaltungen - Deutsch-Amerikanisches Institut. Haus der Kultur.</title>
<meta name="robots" content="index, follow, max-snippet:-1, max-image-preview:large, max-video-preview:-1" />
<link rel="canonical" href="https://dai-heidelberg.de/de/veranstaltungen/quo-vadis-israel-4670/" />
<meta property="og:locale" content="de_DE" />
<meta property="og:type" content="article" />
<meta property="og:title" content="Veranstaltungen - Deutsch-Amerikanisches Institut. Haus der Kultur." />
<meta property="og:description" content="Nach dem Tod Yassir Arafats, dem Ausscheiden Ariel Sharons aus der Politik durch einen Schlaganfall und dem spektakulären Wahlsieg der&nbsp;&hellip;" />
<meta property="og:url" content="https://dai-heidelberg.de/de/veranstaltungen/quo-vadis-israel-4670/" />
<meta property="og:site_name" content="DAI Deutsch" />
<meta name="twitter:label1" content="Geschätzte Lesezeit" />
	<meta name="twitter:data1" content="1 Minute" />
<script type="application/ld+json" class="yoast-schema-graph">{"@context":"https:\/\/schema.org","@graph":[{"@type":"WebPage","@id":"https:\/\/dai-heidelberg.de\/de\/veranstaltungen\/quo-vadis-israel-4670\/","url":"https:\/\/dai-heidelberg.de\/de\/veranstaltungen\/quo-vadis-israel-4670\/","name":"Veranstaltungen - Deutsch-Amerikanisches Institut. Haus der Kultur.","isPartOf":{"@id":"https:\/\/dai-heidelberg.de\/de\/#website"},"datePublished":"2006-03-17T11:26:38+00:00","breadcrumb":{"@id":"https:\/\/dai-heidelberg.de\/de\/veranstaltungen\/quo-vadis-israel-4670\/#breadcrumb"},"inLanguage":"de","potentialAction":[{"@type":"ReadAction","target":["https:\/\/dai-heidelberg.de\/de\/veranstaltungen\/quo-vadis-israel-4670\/"]}]},{"@type":"BreadcrumbList","@id":"https:\/\/dai-heidelberg.de\/de\/veranstaltungen\/quo-vadis-israel-4670\/#breadcrumb","itemListElement":[{"@type":"ListItem","position":1,"name":"Startseite","item":"https:\/\/dai-heidelberg.de\/de\/"},{"@type":"ListItem","position":2,"name":"Veranstaltungen","item":"https:\/\/dai-heidelberg.de\/de\/veranstaltungen\/"},{"@type":"ListItem","position":3,"name":"Quo vadis, Israel?"}]},{"@type":"WebSite","@id":"https:\/\/dai-heidelberg.de\/de\/#website","url":"https:\/\/dai-heidelberg.de\/de\/","name":"DAI Deutsch","description":"Deutsch-Amerikanisches Institut. Haus der Kultur.","potentialAction":[{"@type":"SearchAction","target":{"@type":"EntryPoint","urlTemplate":"https:\/\/dai-heidelberg.de\/de\/?s={search_term_string}"},"query-input":{"@type":"PropertyValueSpecification","valueRequired":true,"valueName":"search_term_string"}}],"inLanguage":"de"}]}</script>
<!-- / Yoast SEO plugin. -->

Nach dem Tod Yassir Arafats, dem Ausscheiden Ariel Sharons aus der Politik durch einen Schlaganfall und dem spektakulären Wahlsieg der&nbsp;&hellip;
