{"id":4332,"date":"2006-11-16T10:35:47","date_gmt":"2006-11-16T09:35:47","guid":{"rendered":"http:\/\/dai-heidelberg.de\/de\/veranstaltungen\/wettlauf-gegen-den-tod\/"},"modified":"2006-11-16T10:35:47","modified_gmt":"2006-11-16T09:35:47","slug":"wettlauf-gegen-den-tod","status":"publish","type":"dai_event","link":"https:\/\/dai-heidelberg.de\/de\/veranstaltungen\/wettlauf-gegen-den-tod-4332\/","title":{"rendered":"Wettlauf gegen den Tod"},"content":{"rendered":"<p><b>Pr\u00e4sentation der neuen Tatort-Fotos<br \/>\nBesuchsbericht aus den USA und den Dreharbeiten zu Marc Evans Film \u00fcber Abu-Jamal<br \/>\n<\/b><\/p>\n<p>Besucherinnen und Besucher des dai kennen den afroamerikanischen Journalisten Mumia Abu-Jamal. Sie kennen sein Talent als Radioreporter und als Schriftsteller, sie kennen seine Gabe, unter unfasslichen Bedingungen ein L\u00e4cheln zu bewahren. ?Ich bin Vater, Gro?vater, ehemaliger Black Panther und Journalist, und Bewohner des am raschesten wachsenden \u00f6ffentlichen Wohnbauprojekts in den Vereinigten Staaten?. Er ist Gefangener im finstersten Teil US-amerikanischer Hochsicherheitsverwahrung ? im Todestrakt.<br \/>\nVor genau 25 Jahren &#8211; am 9. Dezember 1981 &#8211; wurde Abu-Jamal verhaftet und im Juli 1982 nach einem buchst\u00e4blich ?kurzen Prozess? f\u00fcr schuldig befunden und zum Tode verurteilt. Seit Anfang der 1990er Jahre haben seine Bem\u00fchungen um eine Wiederaufnahme des Verfahrens gro?es Echo gefunden.<\/p>\n<p>Dr. Michael Schiffmann ist Sprachwissenschaftler, Amerikanist, ?bersetzer und langj\u00e4hriger Aktivist. Er hat sich mit dem Fall Abu-Jamals besch\u00e4ftigt wie wenige andere und eigene Recherchen angestellt. Er hat Zeuginnen, Freunde und Verwandte befragt, mit allen Anw\u00e4lten Abu-Jamals ausf\u00fchrlich korrespondiert und gesprochen, Ballistiker und Waffenexperten aufgesucht.<br \/>\nUnmittelbar vor Ver\u00f6ffentlichung seines Buches hat er den Fotografen gefunden, der als erster am Tatort war ? nur 12 Minuten nach der Schie?erei. Dessen Fotos zeigen klar und deutlich, was lange der begr\u00fcndete Verdacht der Verteidigung war: dass der Tatort und die mutma?lichen Tatwaffen manipuliert wurden. Dazu der Fotograf: ?Niemals in meiner gesamten Laufbahn habe ich etwas ?hnliches gesehen wie diese Pfuscherei.?<br \/>\nUnd nicht nur das. Obwohl er sich sofort und wiederholt bei Polizei und Staatsanwaltschaft meldete, wurde er niemals vernommen.<br \/>\nSie haben jedoch nun dem Autor mit dazu verholfen, zum ersten Mal eine fundierte Theorie darlegen zu k\u00f6nnen, was in jener Nacht wirklich geschah.<\/p>\n<p>Das Buch und dieser Abend bieten:<br \/>\n1. die bisher klarste Demonstration der Unschuld Mumia Abu-Jamals und der systematischen Manipulation, die zu seinem Todesurteil f\u00fchrte.<br \/>\n2. die explosiven neu entdeckten Fotos vom Tatort<br \/>\n3. die Einsch\u00e4tzung der Aussichten Mumia Abu-Jamals.<\/p>\n<p>Nach 25 Jahren befindet der Fall sich unmittelbar vor seiner endg\u00fcltigen Entscheidung vor einem US-Bundesgericht.<br \/>\nBis Fr\u00fchjahr 2007 wird ein Gericht entscheiden, ob Abu-Jamal hingerichtet wird, den Rest seines Lebens im Gef\u00e4ngnis verbringen muss, oder ob er in einem neuen Verfahren endlich seine Unschuld beweisen kann.<\/p>\n<p>Veranstalter: Gruppe Freiheit f\u00fcr Mumia Abu-Jamal Heidelberg<br \/>\n<a href=\"http:\/\/www.stimmenfuermumia.de\">Stimmen f\u00fcr Mumia<\/a> und <a href=\"http:\/\/www.AgainstTheCrimeOfSilence.de\">Against the Crime of Silence<\/a><\/p>\n","protected":false},"excerpt":{"rendered":"<p>Pr\u00e4sentation der neuen Tatort-Fotos Besuchsbericht aus den USA und den Dreharbeiten zu Marc Evans Film \u00fcber Abu-Jamal Besucherinnen und Besucher&nbsp;&hellip;<\/p>\n","protected":false},"featured_media":0,"template":"","meta":{"footnotes":""},"tags":[],"dai_event_category":[6],"dai_event_type":[21],"dai_event_location":[31],"class_list":["post-4332","dai_event","type-dai_event","status-publish","hentry","dai_event_category-kulturveranstaltungen","dai_event_type-vortrag","dai_event_location-dai-grosser-saal"],"better_featured_image":null,"post-meta-fields":{"dai_event_datetime":["2006-12-10 20:00:00"],"dai_event_subtext":["25 Jahre in der Todeszelle ? Mumia Abu-Jamal"],"dai_event_artist":["Michael Schiffmann"],"_edit_lock":["1456412245:3"]},"yoast_head":"<!-- This site is optimized with the Yoast SEO plugin v27.4 - https:\/\/yoast.com\/product\/yoast-seo-wordpress\/ -->\n<title>Veranstaltungen - Deutsch-Amerikanisches Institut. Haus der Kultur.<\/title>\n<meta name=\"robots\" content=\"index, follow, max-snippet:-1, max-image-preview:large, max-video-preview:-1\" \/>\n<link rel=\"canonical\" href=\"https:\/\/dai-heidelberg.de\/de\/veranstaltungen\/wettlauf-gegen-den-tod-4332\/\" \/>\n<meta property=\"og:locale\" content=\"de_DE\" \/>\n<meta property=\"og:type\" content=\"article\" \/>\n<meta property=\"og:title\" content=\"Veranstaltungen - Deutsch-Amerikanisches Institut. Haus der Kultur.\" \/>\n<meta property=\"og:description\" content=\"Pr\u00e4sentation der neuen Tatort-Fotos Besuchsbericht aus den USA und den Dreharbeiten zu Marc Evans Film \u00fcber Abu-Jamal Besucherinnen und Besucher&nbsp;&hellip;\" \/>\n<meta property=\"og:url\" content=\"https:\/\/dai-heidelberg.de\/de\/veranstaltungen\/wettlauf-gegen-den-tod-4332\/\" \/>\n<meta property=\"og:site_name\" content=\"DAI Deutsch\" \/>\n<meta name=\"twitter:label1\" content=\"Gesch\u00e4tzte Lesezeit\" \/>\n\t<meta name=\"twitter:data1\" content=\"2\u00a0Minuten\" \/>\n<script type=\"application\/ld+json\" class=\"yoast-schema-graph\">{\"@context\":\"https:\\\/\\\/schema.org\",\"@graph\":[{\"@type\":\"WebPage\",\"@id\":\"https:\\\/\\\/dai-heidelberg.de\\\/de\\\/veranstaltungen\\\/wettlauf-gegen-den-tod-4332\\\/\",\"url\":\"https:\\\/\\\/dai-heidelberg.de\\\/de\\\/veranstaltungen\\\/wettlauf-gegen-den-tod-4332\\\/\",\"name\":\"Veranstaltungen - Deutsch-Amerikanisches Institut. Haus der Kultur.\",\"isPartOf\":{\"@id\":\"https:\\\/\\\/dai-heidelberg.de\\\/de\\\/#website\"},\"datePublished\":\"2006-11-16T09:35:47+00:00\",\"breadcrumb\":{\"@id\":\"https:\\\/\\\/dai-heidelberg.de\\\/de\\\/veranstaltungen\\\/wettlauf-gegen-den-tod-4332\\\/#breadcrumb\"},\"inLanguage\":\"de\",\"potentialAction\":[{\"@type\":\"ReadAction\",\"target\":[\"https:\\\/\\\/dai-heidelberg.de\\\/de\\\/veranstaltungen\\\/wettlauf-gegen-den-tod-4332\\\/\"]}]},{\"@type\":\"BreadcrumbList\",\"@id\":\"https:\\\/\\\/dai-heidelberg.de\\\/de\\\/veranstaltungen\\\/wettlauf-gegen-den-tod-4332\\\/#breadcrumb\",\"itemListElement\":[{\"@type\":\"ListItem\",\"position\":1,\"name\":\"Startseite\",\"item\":\"https:\\\/\\\/dai-heidelberg.de\\\/de\\\/\"},{\"@type\":\"ListItem\",\"position\":2,\"name\":\"Veranstaltungen\",\"item\":\"https:\\\/\\\/dai-heidelberg.de\\\/de\\\/veranstaltungen\\\/\"},{\"@type\":\"ListItem\",\"position\":3,\"name\":\"Wettlauf gegen den Tod\"}]},{\"@type\":\"WebSite\",\"@id\":\"https:\\\/\\\/dai-heidelberg.de\\\/de\\\/#website\",\"url\":\"https:\\\/\\\/dai-heidelberg.de\\\/de\\\/\",\"name\":\"DAI Deutsch\",\"description\":\"Deutsch-Amerikanisches Institut. Haus der Kultur.\",\"potentialAction\":[{\"@type\":\"SearchAction\",\"target\":{\"@type\":\"EntryPoint\",\"urlTemplate\":\"https:\\\/\\\/dai-heidelberg.de\\\/de\\\/?s={search_term_string}\"},\"query-input\":{\"@type\":\"PropertyValueSpecification\",\"valueRequired\":true,\"valueName\":\"search_term_string\"}}],\"inLanguage\":\"de\"}]}<\/script>\n<!-- \/ Yoast SEO plugin. -->","yoast_head_json":{"title":"Veranstaltungen - Deutsch-Amerikanisches Institut. Haus der Kultur.","robots":{"index":"index","follow":"follow","max-snippet":"max-snippet:-1","max-image-preview":"max-image-preview:large","max-video-preview":"max-video-preview:-1"},"canonical":"https:\/\/dai-heidelberg.de\/de\/veranstaltungen\/wettlauf-gegen-den-tod-4332\/","og_locale":"de_DE","og_type":"article","og_title":"Veranstaltungen - Deutsch-Amerikanisches Institut. Haus der Kultur.","og_description":"Pr\u00e4sentation der neuen Tatort-Fotos Besuchsbericht aus den USA und den Dreharbeiten zu Marc Evans Film \u00fcber Abu-Jamal Besucherinnen und Besucher&nbsp;&hellip;","og_url":"https:\/\/dai-heidelberg.de\/de\/veranstaltungen\/wettlauf-gegen-den-tod-4332\/","og_site_name":"DAI Deutsch","twitter_misc":{"Gesch\u00e4tzte Lesezeit":"2\u00a0Minuten"},"schema":{"@context":"https:\/\/schema.org","@graph":[{"@type":"WebPage","@id":"https:\/\/dai-heidelberg.de\/de\/veranstaltungen\/wettlauf-gegen-den-tod-4332\/","url":"https:\/\/dai-heidelberg.de\/de\/veranstaltungen\/wettlauf-gegen-den-tod-4332\/","name":"Veranstaltungen - Deutsch-Amerikanisches Institut. Haus der Kultur.","isPartOf":{"@id":"https:\/\/dai-heidelberg.de\/de\/#website"},"datePublished":"2006-11-16T09:35:47+00:00","breadcrumb":{"@id":"https:\/\/dai-heidelberg.de\/de\/veranstaltungen\/wettlauf-gegen-den-tod-4332\/#breadcrumb"},"inLanguage":"de","potentialAction":[{"@type":"ReadAction","target":["https:\/\/dai-heidelberg.de\/de\/veranstaltungen\/wettlauf-gegen-den-tod-4332\/"]}]},{"@type":"BreadcrumbList","@id":"https:\/\/dai-heidelberg.de\/de\/veranstaltungen\/wettlauf-gegen-den-tod-4332\/#breadcrumb","itemListElement":[{"@type":"ListItem","position":1,"name":"Startseite","item":"https:\/\/dai-heidelberg.de\/de\/"},{"@type":"ListItem","position":2,"name":"Veranstaltungen","item":"https:\/\/dai-heidelberg.de\/de\/veranstaltungen\/"},{"@type":"ListItem","position":3,"name":"Wettlauf gegen den Tod"}]},{"@type":"WebSite","@id":"https:\/\/dai-heidelberg.de\/de\/#website","url":"https:\/\/dai-heidelberg.de\/de\/","name":"DAI Deutsch","description":"Deutsch-Amerikanisches Institut. Haus der Kultur.","potentialAction":[{"@type":"SearchAction","target":{"@type":"EntryPoint","urlTemplate":"https:\/\/dai-heidelberg.de\/de\/?s={search_term_string}"},"query-input":{"@type":"PropertyValueSpecification","valueRequired":true,"valueName":"search_term_string"}}],"inLanguage":"de"}]}},"_links":{"self":[{"href":"https:\/\/dai-heidelberg.de\/de\/wp-json\/wp\/v2\/dai_event\/4332","targetHints":{"allow":["GET"]}}],"collection":[{"href":"https:\/\/dai-heidelberg.de\/de\/wp-json\/wp\/v2\/dai_event"}],"about":[{"href":"https:\/\/dai-heidelberg.de\/de\/wp-json\/wp\/v2\/types\/dai_event"}],"version-history":[{"count":0,"href":"https:\/\/dai-heidelberg.de\/de\/wp-json\/wp\/v2\/dai_event\/4332\/revisions"}],"wp:attachment":[{"href":"https:\/\/dai-heidelberg.de\/de\/wp-json\/wp\/v2\/media?parent=4332"}],"wp:term":[{"taxonomy":"post_tag","embeddable":true,"href":"https:\/\/dai-heidelberg.de\/de\/wp-json\/wp\/v2\/tags?post=4332"},{"taxonomy":"dai_event_category","embeddable":true,"href":"https:\/\/dai-heidelberg.de\/de\/wp-json\/wp\/v2\/dai_event_category?post=4332"},{"taxonomy":"dai_event_type","embeddable":true,"href":"https:\/\/dai-heidelberg.de\/de\/wp-json\/wp\/v2\/dai_event_type?post=4332"},{"taxonomy":"dai_event_location","embeddable":true,"href":"https:\/\/dai-heidelberg.de\/de\/wp-json\/wp\/v2\/dai_event_location?post=4332"}],"curies":[{"name":"wp","href":"https:\/\/api.w.org\/{rel}","templated":true}]}}

<p><b>Präsentation der neuen Tatort-Fotos<br />
Besuchsbericht aus den USA und den Dreharbeiten zu Marc Evans Film über Abu-Jamal<br />
</b></p>
<p>Besucherinnen und Besucher des dai kennen den afroamerikanischen Journalisten Mumia Abu-Jamal. Sie kennen sein Talent als Radioreporter und als Schriftsteller, sie kennen seine Gabe, unter unfasslichen Bedingungen ein Lächeln zu bewahren. ?Ich bin Vater, Gro?vater, ehemaliger Black Panther und Journalist, und Bewohner des am raschesten wachsenden öffentlichen Wohnbauprojekts in den Vereinigten Staaten?. Er ist Gefangener im finstersten Teil US-amerikanischer Hochsicherheitsverwahrung ? im Todestrakt.<br />
Vor genau 25 Jahren &#8211; am 9. Dezember 1981 &#8211; wurde Abu-Jamal verhaftet und im Juli 1982 nach einem buchstäblich ?kurzen Prozess? für schuldig befunden und zum Tode verurteilt. Seit Anfang der 1990er Jahre haben seine Bemühungen um eine Wiederaufnahme des Verfahrens gro?es Echo gefunden.</p>
<p>Dr. Michael Schiffmann ist Sprachwissenschaftler, Amerikanist, ?bersetzer und langjähriger Aktivist. Er hat sich mit dem Fall Abu-Jamals beschäftigt wie wenige andere und eigene Recherchen angestellt. Er hat Zeuginnen, Freunde und Verwandte befragt, mit allen Anwälten Abu-Jamals ausführlich korrespondiert und gesprochen, Ballistiker und Waffenexperten aufgesucht.<br />
Unmittelbar vor Veröffentlichung seines Buches hat er den Fotografen gefunden, der als erster am Tatort war ? nur 12 Minuten nach der Schie?erei. Dessen Fotos zeigen klar und deutlich, was lange der begründete Verdacht der Verteidigung war: dass der Tatort und die mutma?lichen Tatwaffen manipuliert wurden. Dazu der Fotograf: ?Niemals in meiner gesamten Laufbahn habe ich etwas ?hnliches gesehen wie diese Pfuscherei.?<br />
Und nicht nur das. Obwohl er sich sofort und wiederholt bei Polizei und Staatsanwaltschaft meldete, wurde er niemals vernommen.<br />
Sie haben jedoch nun dem Autor mit dazu verholfen, zum ersten Mal eine fundierte Theorie darlegen zu können, was in jener Nacht wirklich geschah.</p>
<p>Das Buch und dieser Abend bieten:<br />
1. die bisher klarste Demonstration der Unschuld Mumia Abu-Jamals und der systematischen Manipulation, die zu seinem Todesurteil führte.<br />
2. die explosiven neu entdeckten Fotos vom Tatort<br />
3. die Einschätzung der Aussichten Mumia Abu-Jamals.</p>
<p>Nach 25 Jahren befindet der Fall sich unmittelbar vor seiner endgültigen Entscheidung vor einem US-Bundesgericht.<br />
Bis Frühjahr 2007 wird ein Gericht entscheiden, ob Abu-Jamal hingerichtet wird, den Rest seines Lebens im Gefängnis verbringen muss, oder ob er in einem neuen Verfahren endlich seine Unschuld beweisen kann.</p>
<p>Veranstalter: Gruppe Freiheit für Mumia Abu-Jamal Heidelberg<br />
<a href="http://www.stimmenfuermumia.de">Stimmen für Mumia</a> und <a href="http://www.AgainstTheCrimeOfSilence.de">Against the Crime of Silence</a></p>

<p>Präsentation der neuen Tatort-Fotos Besuchsbericht aus den USA und den Dreharbeiten zu Marc Evans Film über Abu-Jamal Besucherinnen und Besucher&nbsp;&hellip;</p>

<!-- This site is optimized with the Yoast SEO plugin v27.4 - https://yoast.com/product/yoast-seo-wordpress/ -->
<title>Veranstaltungen - Deutsch-Amerikanisches Institut. Haus der Kultur.</title>
<meta name="robots" content="index, follow, max-snippet:-1, max-image-preview:large, max-video-preview:-1" />
<link rel="canonical" href="https://dai-heidelberg.de/de/veranstaltungen/wettlauf-gegen-den-tod-4332/" />
<meta property="og:locale" content="de_DE" />
<meta property="og:type" content="article" />
<meta property="og:title" content="Veranstaltungen - Deutsch-Amerikanisches Institut. Haus der Kultur." />
<meta property="og:description" content="Präsentation der neuen Tatort-Fotos Besuchsbericht aus den USA und den Dreharbeiten zu Marc Evans Film über Abu-Jamal Besucherinnen und Besucher&nbsp;&hellip;" />
<meta property="og:url" content="https://dai-heidelberg.de/de/veranstaltungen/wettlauf-gegen-den-tod-4332/" />
<meta property="og:site_name" content="DAI Deutsch" />
<meta name="twitter:label1" content="Geschätzte Lesezeit" />
	<meta name="twitter:data1" content="2 Minuten" />
<script type="application/ld+json" class="yoast-schema-graph">{"@context":"https:\/\/schema.org","@graph":[{"@type":"WebPage","@id":"https:\/\/dai-heidelberg.de\/de\/veranstaltungen\/wettlauf-gegen-den-tod-4332\/","url":"https:\/\/dai-heidelberg.de\/de\/veranstaltungen\/wettlauf-gegen-den-tod-4332\/","name":"Veranstaltungen - Deutsch-Amerikanisches Institut. Haus der Kultur.","isPartOf":{"@id":"https:\/\/dai-heidelberg.de\/de\/#website"},"datePublished":"2006-11-16T09:35:47+00:00","breadcrumb":{"@id":"https:\/\/dai-heidelberg.de\/de\/veranstaltungen\/wettlauf-gegen-den-tod-4332\/#breadcrumb"},"inLanguage":"de","potentialAction":[{"@type":"ReadAction","target":["https:\/\/dai-heidelberg.de\/de\/veranstaltungen\/wettlauf-gegen-den-tod-4332\/"]}]},{"@type":"BreadcrumbList","@id":"https:\/\/dai-heidelberg.de\/de\/veranstaltungen\/wettlauf-gegen-den-tod-4332\/#breadcrumb","itemListElement":[{"@type":"ListItem","position":1,"name":"Startseite","item":"https:\/\/dai-heidelberg.de\/de\/"},{"@type":"ListItem","position":2,"name":"Veranstaltungen","item":"https:\/\/dai-heidelberg.de\/de\/veranstaltungen\/"},{"@type":"ListItem","position":3,"name":"Wettlauf gegen den Tod"}]},{"@type":"WebSite","@id":"https:\/\/dai-heidelberg.de\/de\/#website","url":"https:\/\/dai-heidelberg.de\/de\/","name":"DAI Deutsch","description":"Deutsch-Amerikanisches Institut. Haus der Kultur.","potentialAction":[{"@type":"SearchAction","target":{"@type":"EntryPoint","urlTemplate":"https:\/\/dai-heidelberg.de\/de\/?s={search_term_string}"},"query-input":{"@type":"PropertyValueSpecification","valueRequired":true,"valueName":"search_term_string"}}],"inLanguage":"de"}]}</script>
<!-- / Yoast SEO plugin. -->

Präsentation der neuen Tatort-Fotos Besuchsbericht aus den USA und den Dreharbeiten zu Marc Evans Film über Abu-Jamal Besucherinnen und Besucher&nbsp;&hellip;
