{"id":3817,"date":"2007-09-17T10:07:48","date_gmt":"2007-09-17T08:07:48","guid":{"rendered":"http:\/\/dai-heidelberg.de\/de\/veranstaltungen\/sie-sprechen-von-mir-nur-leise\/"},"modified":"2007-09-17T10:07:48","modified_gmt":"2007-09-17T08:07:48","slug":"sie-sprechen-von-mir-nur-leise","status":"publish","type":"dai_event","link":"https:\/\/dai-heidelberg.de\/de\/veranstaltungen\/sie-sprechen-von-mir-nur-leise-3817\/","title":{"rendered":"&#8230;sie sprechen von mir nur leise&#8230;"},"content":{"rendered":"<p>&#8230;sie sprechen von mir nur leise&#8230; ist eine lyrisch-musikalische<br \/>\nInszenierung, die die Schauspielerin Paula Quast und der Musiker Lech Wieleba als Hommage an die Literatin Mascha Kal\u00e9ko erschaffen haben.<br \/>\nDie beiden K\u00fcnstler haben ein neues Genre geschaffen, das zwischen Rezitation und Schauspiel angesiedelt werden kann. Paula Quast spricht die Werke von Mascha Kal\u00e9ko im Vertrauen auf die Kraft des einzelnen Wortes, durch den Mut zur Pause l\u00e4sst sie ihnen Raum, ihre Wirkung zu entfalten. Der Musiker Lech Wieleba l\u00e4sst mit seinen Kompositionen die Melancholie h\u00f6rbar werden, welche die Werke umgeben, hierbei \u00fcberdecken die T\u00f6ne aber nicht die f\u00fcr Mascha Kal\u00e9ko ebenfalls typische Ironie, mit der sie die Welt zu kommentieren wusste.<br \/>\nMit dieser Inszenierung haben es die K\u00fcnstler geschafft, ein einzigartiges und unvergessliches Erlebnis zu kreieren und im In- und Ausland seit 8 Jahren ein begeistertes Publikum zu erobern.<\/p>\n","protected":false},"excerpt":{"rendered":"<p>&#8230;sie sprechen von mir nur leise&#8230; ist eine lyrisch-musikalische Inszenierung, die die Schauspielerin Paula Quast und der Musiker Lech Wieleba&nbsp;&hellip;<\/p>\n","protected":false},"featured_media":0,"template":"","meta":{"footnotes":""},"tags":[],"dai_event_category":[6],"dai_event_type":[],"dai_event_location":[31],"class_list":["post-3817","dai_event","type-dai_event","status-publish","hentry","dai_event_category-kulturveranstaltungen","dai_event_location-dai-grosser-saal"],"better_featured_image":null,"post-meta-fields":{"dai_event_datetime":["2007-11-06 20:00:00"],"dai_event_featured":["1"],"dai_event_subtext":["Eine Hommage an Mascha Kal\u00e9ko"],"dai_event_artist":["Paula Quast & Lech Wieleba"],"_edit_lock":["1456748215:3"]},"yoast_head":"<!-- This site is optimized with the Yoast SEO plugin v27.4 - https:\/\/yoast.com\/product\/yoast-seo-wordpress\/ -->\n<title>Veranstaltungen - Deutsch-Amerikanisches Institut. Haus der Kultur.<\/title>\n<meta name=\"robots\" content=\"index, follow, max-snippet:-1, max-image-preview:large, max-video-preview:-1\" \/>\n<link rel=\"canonical\" href=\"https:\/\/dai-heidelberg.de\/de\/veranstaltungen\/sie-sprechen-von-mir-nur-leise-3817\/\" \/>\n<meta property=\"og:locale\" content=\"de_DE\" \/>\n<meta property=\"og:type\" content=\"article\" \/>\n<meta property=\"og:title\" content=\"Veranstaltungen - Deutsch-Amerikanisches Institut. Haus der Kultur.\" \/>\n<meta property=\"og:description\" content=\"&#8230;sie sprechen von mir nur leise&#8230; ist eine lyrisch-musikalische Inszenierung, die die Schauspielerin Paula Quast und der Musiker Lech Wieleba&nbsp;&hellip;\" \/>\n<meta property=\"og:url\" content=\"https:\/\/dai-heidelberg.de\/de\/veranstaltungen\/sie-sprechen-von-mir-nur-leise-3817\/\" \/>\n<meta property=\"og:site_name\" content=\"DAI Deutsch\" \/>\n<meta name=\"twitter:label1\" content=\"Gesch\u00e4tzte Lesezeit\" \/>\n\t<meta name=\"twitter:data1\" content=\"1\u00a0Minute\" \/>\n<script type=\"application\/ld+json\" class=\"yoast-schema-graph\">{\"@context\":\"https:\\\/\\\/schema.org\",\"@graph\":[{\"@type\":\"WebPage\",\"@id\":\"https:\\\/\\\/dai-heidelberg.de\\\/de\\\/veranstaltungen\\\/sie-sprechen-von-mir-nur-leise-3817\\\/\",\"url\":\"https:\\\/\\\/dai-heidelberg.de\\\/de\\\/veranstaltungen\\\/sie-sprechen-von-mir-nur-leise-3817\\\/\",\"name\":\"Veranstaltungen - Deutsch-Amerikanisches Institut. Haus der Kultur.\",\"isPartOf\":{\"@id\":\"https:\\\/\\\/dai-heidelberg.de\\\/de\\\/#website\"},\"datePublished\":\"2007-09-17T08:07:48+00:00\",\"breadcrumb\":{\"@id\":\"https:\\\/\\\/dai-heidelberg.de\\\/de\\\/veranstaltungen\\\/sie-sprechen-von-mir-nur-leise-3817\\\/#breadcrumb\"},\"inLanguage\":\"de\",\"potentialAction\":[{\"@type\":\"ReadAction\",\"target\":[\"https:\\\/\\\/dai-heidelberg.de\\\/de\\\/veranstaltungen\\\/sie-sprechen-von-mir-nur-leise-3817\\\/\"]}]},{\"@type\":\"BreadcrumbList\",\"@id\":\"https:\\\/\\\/dai-heidelberg.de\\\/de\\\/veranstaltungen\\\/sie-sprechen-von-mir-nur-leise-3817\\\/#breadcrumb\",\"itemListElement\":[{\"@type\":\"ListItem\",\"position\":1,\"name\":\"Startseite\",\"item\":\"https:\\\/\\\/dai-heidelberg.de\\\/de\\\/\"},{\"@type\":\"ListItem\",\"position\":2,\"name\":\"Veranstaltungen\",\"item\":\"https:\\\/\\\/dai-heidelberg.de\\\/de\\\/veranstaltungen\\\/\"},{\"@type\":\"ListItem\",\"position\":3,\"name\":\"&#8230;sie sprechen von mir nur leise&#8230;\"}]},{\"@type\":\"WebSite\",\"@id\":\"https:\\\/\\\/dai-heidelberg.de\\\/de\\\/#website\",\"url\":\"https:\\\/\\\/dai-heidelberg.de\\\/de\\\/\",\"name\":\"DAI Deutsch\",\"description\":\"Deutsch-Amerikanisches Institut. Haus der Kultur.\",\"potentialAction\":[{\"@type\":\"SearchAction\",\"target\":{\"@type\":\"EntryPoint\",\"urlTemplate\":\"https:\\\/\\\/dai-heidelberg.de\\\/de\\\/?s={search_term_string}\"},\"query-input\":{\"@type\":\"PropertyValueSpecification\",\"valueRequired\":true,\"valueName\":\"search_term_string\"}}],\"inLanguage\":\"de\"}]}<\/script>\n<!-- \/ Yoast SEO plugin. -->","yoast_head_json":{"title":"Veranstaltungen - Deutsch-Amerikanisches Institut. Haus der Kultur.","robots":{"index":"index","follow":"follow","max-snippet":"max-snippet:-1","max-image-preview":"max-image-preview:large","max-video-preview":"max-video-preview:-1"},"canonical":"https:\/\/dai-heidelberg.de\/de\/veranstaltungen\/sie-sprechen-von-mir-nur-leise-3817\/","og_locale":"de_DE","og_type":"article","og_title":"Veranstaltungen - Deutsch-Amerikanisches Institut. Haus der Kultur.","og_description":"&#8230;sie sprechen von mir nur leise&#8230; ist eine lyrisch-musikalische Inszenierung, die die Schauspielerin Paula Quast und der Musiker Lech Wieleba&nbsp;&hellip;","og_url":"https:\/\/dai-heidelberg.de\/de\/veranstaltungen\/sie-sprechen-von-mir-nur-leise-3817\/","og_site_name":"DAI Deutsch","twitter_misc":{"Gesch\u00e4tzte Lesezeit":"1\u00a0Minute"},"schema":{"@context":"https:\/\/schema.org","@graph":[{"@type":"WebPage","@id":"https:\/\/dai-heidelberg.de\/de\/veranstaltungen\/sie-sprechen-von-mir-nur-leise-3817\/","url":"https:\/\/dai-heidelberg.de\/de\/veranstaltungen\/sie-sprechen-von-mir-nur-leise-3817\/","name":"Veranstaltungen - Deutsch-Amerikanisches Institut. Haus der Kultur.","isPartOf":{"@id":"https:\/\/dai-heidelberg.de\/de\/#website"},"datePublished":"2007-09-17T08:07:48+00:00","breadcrumb":{"@id":"https:\/\/dai-heidelberg.de\/de\/veranstaltungen\/sie-sprechen-von-mir-nur-leise-3817\/#breadcrumb"},"inLanguage":"de","potentialAction":[{"@type":"ReadAction","target":["https:\/\/dai-heidelberg.de\/de\/veranstaltungen\/sie-sprechen-von-mir-nur-leise-3817\/"]}]},{"@type":"BreadcrumbList","@id":"https:\/\/dai-heidelberg.de\/de\/veranstaltungen\/sie-sprechen-von-mir-nur-leise-3817\/#breadcrumb","itemListElement":[{"@type":"ListItem","position":1,"name":"Startseite","item":"https:\/\/dai-heidelberg.de\/de\/"},{"@type":"ListItem","position":2,"name":"Veranstaltungen","item":"https:\/\/dai-heidelberg.de\/de\/veranstaltungen\/"},{"@type":"ListItem","position":3,"name":"&#8230;sie sprechen von mir nur leise&#8230;"}]},{"@type":"WebSite","@id":"https:\/\/dai-heidelberg.de\/de\/#website","url":"https:\/\/dai-heidelberg.de\/de\/","name":"DAI Deutsch","description":"Deutsch-Amerikanisches Institut. Haus der Kultur.","potentialAction":[{"@type":"SearchAction","target":{"@type":"EntryPoint","urlTemplate":"https:\/\/dai-heidelberg.de\/de\/?s={search_term_string}"},"query-input":{"@type":"PropertyValueSpecification","valueRequired":true,"valueName":"search_term_string"}}],"inLanguage":"de"}]}},"_links":{"self":[{"href":"https:\/\/dai-heidelberg.de\/de\/wp-json\/wp\/v2\/dai_event\/3817","targetHints":{"allow":["GET"]}}],"collection":[{"href":"https:\/\/dai-heidelberg.de\/de\/wp-json\/wp\/v2\/dai_event"}],"about":[{"href":"https:\/\/dai-heidelberg.de\/de\/wp-json\/wp\/v2\/types\/dai_event"}],"version-history":[{"count":0,"href":"https:\/\/dai-heidelberg.de\/de\/wp-json\/wp\/v2\/dai_event\/3817\/revisions"}],"wp:attachment":[{"href":"https:\/\/dai-heidelberg.de\/de\/wp-json\/wp\/v2\/media?parent=3817"}],"wp:term":[{"taxonomy":"post_tag","embeddable":true,"href":"https:\/\/dai-heidelberg.de\/de\/wp-json\/wp\/v2\/tags?post=3817"},{"taxonomy":"dai_event_category","embeddable":true,"href":"https:\/\/dai-heidelberg.de\/de\/wp-json\/wp\/v2\/dai_event_category?post=3817"},{"taxonomy":"dai_event_type","embeddable":true,"href":"https:\/\/dai-heidelberg.de\/de\/wp-json\/wp\/v2\/dai_event_type?post=3817"},{"taxonomy":"dai_event_location","embeddable":true,"href":"https:\/\/dai-heidelberg.de\/de\/wp-json\/wp\/v2\/dai_event_location?post=3817"}],"curies":[{"name":"wp","href":"https:\/\/api.w.org\/{rel}","templated":true}]}}

<p>&#8230;sie sprechen von mir nur leise&#8230; ist eine lyrisch-musikalische<br />
Inszenierung, die die Schauspielerin Paula Quast und der Musiker Lech Wieleba als Hommage an die Literatin Mascha Kaléko erschaffen haben.<br />
Die beiden Künstler haben ein neues Genre geschaffen, das zwischen Rezitation und Schauspiel angesiedelt werden kann. Paula Quast spricht die Werke von Mascha Kaléko im Vertrauen auf die Kraft des einzelnen Wortes, durch den Mut zur Pause lässt sie ihnen Raum, ihre Wirkung zu entfalten. Der Musiker Lech Wieleba lässt mit seinen Kompositionen die Melancholie hörbar werden, welche die Werke umgeben, hierbei überdecken die Töne aber nicht die für Mascha Kaléko ebenfalls typische Ironie, mit der sie die Welt zu kommentieren wusste.<br />
Mit dieser Inszenierung haben es die Künstler geschafft, ein einzigartiges und unvergessliches Erlebnis zu kreieren und im In- und Ausland seit 8 Jahren ein begeistertes Publikum zu erobern.</p>

Eine Hommage an Mascha Kaléko

<!-- This site is optimized with the Yoast SEO plugin v27.4 - https://yoast.com/product/yoast-seo-wordpress/ -->
<title>Veranstaltungen - Deutsch-Amerikanisches Institut. Haus der Kultur.</title>
<meta name="robots" content="index, follow, max-snippet:-1, max-image-preview:large, max-video-preview:-1" />
<link rel="canonical" href="https://dai-heidelberg.de/de/veranstaltungen/sie-sprechen-von-mir-nur-leise-3817/" />
<meta property="og:locale" content="de_DE" />
<meta property="og:type" content="article" />
<meta property="og:title" content="Veranstaltungen - Deutsch-Amerikanisches Institut. Haus der Kultur." />
<meta property="og:description" content="&#8230;sie sprechen von mir nur leise&#8230; ist eine lyrisch-musikalische Inszenierung, die die Schauspielerin Paula Quast und der Musiker Lech Wieleba&nbsp;&hellip;" />
<meta property="og:url" content="https://dai-heidelberg.de/de/veranstaltungen/sie-sprechen-von-mir-nur-leise-3817/" />
<meta property="og:site_name" content="DAI Deutsch" />
<meta name="twitter:label1" content="Geschätzte Lesezeit" />
	<meta name="twitter:data1" content="1 Minute" />
<script type="application/ld+json" class="yoast-schema-graph">{"@context":"https:\/\/schema.org","@graph":[{"@type":"WebPage","@id":"https:\/\/dai-heidelberg.de\/de\/veranstaltungen\/sie-sprechen-von-mir-nur-leise-3817\/","url":"https:\/\/dai-heidelberg.de\/de\/veranstaltungen\/sie-sprechen-von-mir-nur-leise-3817\/","name":"Veranstaltungen - Deutsch-Amerikanisches Institut. Haus der Kultur.","isPartOf":{"@id":"https:\/\/dai-heidelberg.de\/de\/#website"},"datePublished":"2007-09-17T08:07:48+00:00","breadcrumb":{"@id":"https:\/\/dai-heidelberg.de\/de\/veranstaltungen\/sie-sprechen-von-mir-nur-leise-3817\/#breadcrumb"},"inLanguage":"de","potentialAction":[{"@type":"ReadAction","target":["https:\/\/dai-heidelberg.de\/de\/veranstaltungen\/sie-sprechen-von-mir-nur-leise-3817\/"]}]},{"@type":"BreadcrumbList","@id":"https:\/\/dai-heidelberg.de\/de\/veranstaltungen\/sie-sprechen-von-mir-nur-leise-3817\/#breadcrumb","itemListElement":[{"@type":"ListItem","position":1,"name":"Startseite","item":"https:\/\/dai-heidelberg.de\/de\/"},{"@type":"ListItem","position":2,"name":"Veranstaltungen","item":"https:\/\/dai-heidelberg.de\/de\/veranstaltungen\/"},{"@type":"ListItem","position":3,"name":"&#8230;sie sprechen von mir nur leise&#8230;"}]},{"@type":"WebSite","@id":"https:\/\/dai-heidelberg.de\/de\/#website","url":"https:\/\/dai-heidelberg.de\/de\/","name":"DAI Deutsch","description":"Deutsch-Amerikanisches Institut. Haus der Kultur.","potentialAction":[{"@type":"SearchAction","target":{"@type":"EntryPoint","urlTemplate":"https:\/\/dai-heidelberg.de\/de\/?s={search_term_string}"},"query-input":{"@type":"PropertyValueSpecification","valueRequired":true,"valueName":"search_term_string"}}],"inLanguage":"de"}]}</script>
<!-- / Yoast SEO plugin. -->
