{"id":30746,"date":"2019-10-14T17:22:31","date_gmt":"2019-10-14T15:22:31","guid":{"rendered":"https:\/\/dai-heidelberg.de\/de\/?post_type=dai_event&#038;p=30746"},"modified":"2020-02-24T19:22:13","modified_gmt":"2020-02-24T18:22:13","slug":"katja-gehrmann","status":"publish","type":"dai_event","link":"https:\/\/dai-heidelberg.de\/de\/veranstaltungen\/katja-gehrmann-30746\/","title":{"rendered":"Katja Gehrmann"},"content":{"rendered":"<p><span style=\"font-family: arial, helvetica, sans-serif; font-size: 12pt;\">Als der B\u00e4r eines Tages erwacht, kommt ihm der Wald seltsam leer vor. Wo sind blo\u00df die anderen Tiere? \u00bbAlle in die Stadt gezogen\u00ab, erkl\u00e4rt der Habicht. \u00bbDort gibt es beheizte H\u00f6hlen, leckeres Essen und vor allem: keine J\u00e4ger!\u00ab Das gef\u00e4llt dem B\u00e4ren, er macht sich auf den Weg und streift durch die Stadt. Die anderen Tiere wollen ihn m\u00f6glichst schnell wieder loswerden: \u00bbDer B\u00e4r bringt uns in Gefahr! Wir sind f\u00fcr die Menschen fast unsichtbar \u2013 und nun kommt dieser riesige, ungeschickte Kerl! Die Menschen werden Angst bekommen und die J\u00e4ger holen!\u00ab Gar nicht so einfach, ein so gro\u00dfes Tier unauff\u00e4llig einzufangen und die Frage ist: Wer benimmt sich hier eigentlich wie der B\u00e4r im Porzellanladen?<\/span><br \/>\n<span style=\"font-family: arial, helvetica, sans-serif; font-size: 12pt;\"> Katja Gehrmann hat eine \u00fcberreich bebilderte Geschichte ersonnen, die genau am \u00dcbergang zwischen Bilderbuch und Erstlesebuch steht und perfekt f\u00fcr jene geeignet ist, die gerade anfangen, schon gerne selber zu lesen.<\/span><\/p>\n<p><span style=\"font-family: arial, helvetica, sans-serif; font-size: 12pt;\">Katja Gehrmann, geboren 1968, studierte in Mexiko, Spanien und an der Fachhochschule f\u00fcr Gestaltung in Hamburg Illustration. F\u00fcr ihre Illustrationen hat sie zahlreiche Preise gewonnen, so den \u00bbGoldenen Apfel\u00ab der Biennale in Bratislava und das Troisdorfer Bilderbuch-Stipendium. Sie illustrierte bereits <em>Der Ritter ohne Socken<\/em> (Christian Oster) und <em>Besuch beim Hasen<\/em> sowie <em>Hat Jesus Fu\u00dfball gespielt<\/em> von Antje Damm.<\/span><\/p>\n<p><span style=\"font-family: arial, helvetica, sans-serif; font-size: 12pt;\">Die Lesung richtet sich an Sch\u00fclerInnen der 1. und 2. Klasse;<br \/>\nDauer ca. 75 bis 90 Minuten. Sie schlie\u00dft das Basteln eines Minibuches mit ein.<br \/>\n<strong>Eintritt:<\/strong> 3 \u20ac<br \/>\n<\/span><\/p>\n<p><span style=\"font-family: arial, helvetica, sans-serif; font-size: 12pt;\">Anmeldung bitte \u00fcber <a href=\"&#x6d;&#97;&#x69;&#x6c;&#116;&#x6f;&#x3a;&#106;&#x75;&#x74;&#116;&#x61;&#x2e;w&#x61;&#x67;n&#x65;&#114;&#64;&#x64;&#97;i&#x2d;&#104;e&#x69;&#100;e&#x6c;&#98;e&#x72;&#103;&#46;&#x64;&#101;\">&#x6a;&#x75;&#x74;&#x74;&#x61;&#x2e;&#x77;&#x61;&#x67;&#x6e;&#x65;&#x72;&#x40;&#x64;&#x61;&#x69;&#x2d;&#x68;&#x65;&#x69;&#x64;&#x65;&#108;&#98;&#101;&#114;&#103;&#46;&#100;&#101;<\/a><\/span><\/p>\n","protected":false},"excerpt":{"rendered":"<p>Als der B\u00e4r eines Tages erwacht, kommt ihm der Wald seltsam leer vor. Wo sind blo\u00df die anderen Tiere? \u00bbAlle&nbsp;&hellip;<\/p>\n","protected":false},"featured_media":0,"template":"","meta":{"footnotes":""},"tags":[],"dai_event_category":[7,6],"dai_event_type":[229,17,22],"dai_event_location":[],"class_list":["post-30746","dai_event","type-dai_event","status-publish","hentry","dai_event_category-bibliothek","dai_event_category-kulturveranstaltungen","dai_event_type-literarisches-zentrum-heidelberg","dai_event_type-literatur","dai_event_type-workshop"],"better_featured_image":null,"post-meta-fields":{"_edit_lock":["1582568450:10"],"_edit_last":["10"],"dai_event_datetime":["2019-11-26 10:00"],"dai_event_featured":["0"],"dai_event_artist":["Stadtb\u00e4r"],"dai_event_ticket_freeadmission":["0"],"_yoast_wpseo_content_score":["90"],"_yoast_wpseo_primary_dai_event_category":["6"],"_yoast_wpseo_primary_dai_event_type":["229"],"_yoast_wpseo_primary_dai_event_location":[""],"_post_is_translated":["0"],"_trash_the_other_posts":["0"],"dai_autotranslate_should_translate":["1"]},"yoast_head":"<!-- This site is optimized with the Yoast SEO plugin v27.4 - https:\/\/yoast.com\/product\/yoast-seo-wordpress\/ -->\n<title>Veranstaltungen - Deutsch-Amerikanisches Institut. Haus der Kultur.<\/title>\n<meta name=\"robots\" content=\"index, follow, max-snippet:-1, max-image-preview:large, max-video-preview:-1\" \/>\n<link rel=\"canonical\" href=\"https:\/\/dai-heidelberg.de\/de\/veranstaltungen\/katja-gehrmann-30746\/\" \/>\n<meta property=\"og:locale\" content=\"de_DE\" \/>\n<meta property=\"og:type\" content=\"article\" \/>\n<meta property=\"og:title\" content=\"Veranstaltungen - Deutsch-Amerikanisches Institut. Haus der Kultur.\" \/>\n<meta property=\"og:description\" content=\"Als der B\u00e4r eines Tages erwacht, kommt ihm der Wald seltsam leer vor. Wo sind blo\u00df die anderen Tiere? \u00bbAlle&nbsp;&hellip;\" \/>\n<meta property=\"og:url\" content=\"https:\/\/dai-heidelberg.de\/de\/veranstaltungen\/katja-gehrmann-30746\/\" \/>\n<meta property=\"og:site_name\" content=\"DAI Deutsch\" \/>\n<meta property=\"article:modified_time\" content=\"2020-02-24T18:22:13+00:00\" \/>\n<meta name=\"twitter:label1\" content=\"Gesch\u00e4tzte Lesezeit\" \/>\n\t<meta name=\"twitter:data1\" content=\"1\u00a0Minute\" \/>\n<script type=\"application\/ld+json\" class=\"yoast-schema-graph\">{\"@context\":\"https:\\\/\\\/schema.org\",\"@graph\":[{\"@type\":\"WebPage\",\"@id\":\"https:\\\/\\\/dai-heidelberg.de\\\/de\\\/veranstaltungen\\\/katja-gehrmann-30746\\\/\",\"url\":\"https:\\\/\\\/dai-heidelberg.de\\\/de\\\/veranstaltungen\\\/katja-gehrmann-30746\\\/\",\"name\":\"Veranstaltungen - Deutsch-Amerikanisches Institut. Haus der Kultur.\",\"isPartOf\":{\"@id\":\"https:\\\/\\\/dai-heidelberg.de\\\/de\\\/#website\"},\"datePublished\":\"2019-10-14T15:22:31+00:00\",\"dateModified\":\"2020-02-24T18:22:13+00:00\",\"breadcrumb\":{\"@id\":\"https:\\\/\\\/dai-heidelberg.de\\\/de\\\/veranstaltungen\\\/katja-gehrmann-30746\\\/#breadcrumb\"},\"inLanguage\":\"de\",\"potentialAction\":[{\"@type\":\"ReadAction\",\"target\":[\"https:\\\/\\\/dai-heidelberg.de\\\/de\\\/veranstaltungen\\\/katja-gehrmann-30746\\\/\"]}]},{\"@type\":\"BreadcrumbList\",\"@id\":\"https:\\\/\\\/dai-heidelberg.de\\\/de\\\/veranstaltungen\\\/katja-gehrmann-30746\\\/#breadcrumb\",\"itemListElement\":[{\"@type\":\"ListItem\",\"position\":1,\"name\":\"Startseite\",\"item\":\"https:\\\/\\\/dai-heidelberg.de\\\/de\\\/\"},{\"@type\":\"ListItem\",\"position\":2,\"name\":\"Veranstaltungen\",\"item\":\"https:\\\/\\\/dai-heidelberg.de\\\/de\\\/veranstaltungen\\\/\"},{\"@type\":\"ListItem\",\"position\":3,\"name\":\"Katja Gehrmann\"}]},{\"@type\":\"WebSite\",\"@id\":\"https:\\\/\\\/dai-heidelberg.de\\\/de\\\/#website\",\"url\":\"https:\\\/\\\/dai-heidelberg.de\\\/de\\\/\",\"name\":\"DAI Deutsch\",\"description\":\"Deutsch-Amerikanisches Institut. Haus der Kultur.\",\"potentialAction\":[{\"@type\":\"SearchAction\",\"target\":{\"@type\":\"EntryPoint\",\"urlTemplate\":\"https:\\\/\\\/dai-heidelberg.de\\\/de\\\/?s={search_term_string}\"},\"query-input\":{\"@type\":\"PropertyValueSpecification\",\"valueRequired\":true,\"valueName\":\"search_term_string\"}}],\"inLanguage\":\"de\"}]}<\/script>\n<!-- \/ Yoast SEO plugin. -->","yoast_head_json":{"title":"Veranstaltungen - Deutsch-Amerikanisches Institut. Haus der Kultur.","robots":{"index":"index","follow":"follow","max-snippet":"max-snippet:-1","max-image-preview":"max-image-preview:large","max-video-preview":"max-video-preview:-1"},"canonical":"https:\/\/dai-heidelberg.de\/de\/veranstaltungen\/katja-gehrmann-30746\/","og_locale":"de_DE","og_type":"article","og_title":"Veranstaltungen - Deutsch-Amerikanisches Institut. Haus der Kultur.","og_description":"Als der B\u00e4r eines Tages erwacht, kommt ihm der Wald seltsam leer vor. Wo sind blo\u00df die anderen Tiere? \u00bbAlle&nbsp;&hellip;","og_url":"https:\/\/dai-heidelberg.de\/de\/veranstaltungen\/katja-gehrmann-30746\/","og_site_name":"DAI Deutsch","article_modified_time":"2020-02-24T18:22:13+00:00","twitter_misc":{"Gesch\u00e4tzte Lesezeit":"1\u00a0Minute"},"schema":{"@context":"https:\/\/schema.org","@graph":[{"@type":"WebPage","@id":"https:\/\/dai-heidelberg.de\/de\/veranstaltungen\/katja-gehrmann-30746\/","url":"https:\/\/dai-heidelberg.de\/de\/veranstaltungen\/katja-gehrmann-30746\/","name":"Veranstaltungen - Deutsch-Amerikanisches Institut. Haus der Kultur.","isPartOf":{"@id":"https:\/\/dai-heidelberg.de\/de\/#website"},"datePublished":"2019-10-14T15:22:31+00:00","dateModified":"2020-02-24T18:22:13+00:00","breadcrumb":{"@id":"https:\/\/dai-heidelberg.de\/de\/veranstaltungen\/katja-gehrmann-30746\/#breadcrumb"},"inLanguage":"de","potentialAction":[{"@type":"ReadAction","target":["https:\/\/dai-heidelberg.de\/de\/veranstaltungen\/katja-gehrmann-30746\/"]}]},{"@type":"BreadcrumbList","@id":"https:\/\/dai-heidelberg.de\/de\/veranstaltungen\/katja-gehrmann-30746\/#breadcrumb","itemListElement":[{"@type":"ListItem","position":1,"name":"Startseite","item":"https:\/\/dai-heidelberg.de\/de\/"},{"@type":"ListItem","position":2,"name":"Veranstaltungen","item":"https:\/\/dai-heidelberg.de\/de\/veranstaltungen\/"},{"@type":"ListItem","position":3,"name":"Katja Gehrmann"}]},{"@type":"WebSite","@id":"https:\/\/dai-heidelberg.de\/de\/#website","url":"https:\/\/dai-heidelberg.de\/de\/","name":"DAI Deutsch","description":"Deutsch-Amerikanisches Institut. Haus der Kultur.","potentialAction":[{"@type":"SearchAction","target":{"@type":"EntryPoint","urlTemplate":"https:\/\/dai-heidelberg.de\/de\/?s={search_term_string}"},"query-input":{"@type":"PropertyValueSpecification","valueRequired":true,"valueName":"search_term_string"}}],"inLanguage":"de"}]}},"_links":{"self":[{"href":"https:\/\/dai-heidelberg.de\/de\/wp-json\/wp\/v2\/dai_event\/30746","targetHints":{"allow":["GET"]}}],"collection":[{"href":"https:\/\/dai-heidelberg.de\/de\/wp-json\/wp\/v2\/dai_event"}],"about":[{"href":"https:\/\/dai-heidelberg.de\/de\/wp-json\/wp\/v2\/types\/dai_event"}],"version-history":[{"count":4,"href":"https:\/\/dai-heidelberg.de\/de\/wp-json\/wp\/v2\/dai_event\/30746\/revisions"}],"predecessor-version":[{"id":34514,"href":"https:\/\/dai-heidelberg.de\/de\/wp-json\/wp\/v2\/dai_event\/30746\/revisions\/34514"}],"wp:attachment":[{"href":"https:\/\/dai-heidelberg.de\/de\/wp-json\/wp\/v2\/media?parent=30746"}],"wp:term":[{"taxonomy":"post_tag","embeddable":true,"href":"https:\/\/dai-heidelberg.de\/de\/wp-json\/wp\/v2\/tags?post=30746"},{"taxonomy":"dai_event_category","embeddable":true,"href":"https:\/\/dai-heidelberg.de\/de\/wp-json\/wp\/v2\/dai_event_category?post=30746"},{"taxonomy":"dai_event_type","embeddable":true,"href":"https:\/\/dai-heidelberg.de\/de\/wp-json\/wp\/v2\/dai_event_type?post=30746"},{"taxonomy":"dai_event_location","embeddable":true,"href":"https:\/\/dai-heidelberg.de\/de\/wp-json\/wp\/v2\/dai_event_location?post=30746"}],"curies":[{"name":"wp","href":"https:\/\/api.w.org\/{rel}","templated":true}]}}

<p><span style="font-family: arial, helvetica, sans-serif; font-size: 12pt;">Als der Bär eines Tages erwacht, kommt ihm der Wald seltsam leer vor. Wo sind bloß die anderen Tiere? »Alle in die Stadt gezogen«, erklärt der Habicht. »Dort gibt es beheizte Höhlen, leckeres Essen und vor allem: keine Jäger!« Das gefällt dem Bären, er macht sich auf den Weg und streift durch die Stadt. Die anderen Tiere wollen ihn möglichst schnell wieder loswerden: »Der Bär bringt uns in Gefahr! Wir sind für die Menschen fast unsichtbar – und nun kommt dieser riesige, ungeschickte Kerl! Die Menschen werden Angst bekommen und die Jäger holen!« Gar nicht so einfach, ein so großes Tier unauffällig einzufangen und die Frage ist: Wer benimmt sich hier eigentlich wie der Bär im Porzellanladen?</span><br />
<span style="font-family: arial, helvetica, sans-serif; font-size: 12pt;"> Katja Gehrmann hat eine überreich bebilderte Geschichte ersonnen, die genau am Übergang zwischen Bilderbuch und Erstlesebuch steht und perfekt für jene geeignet ist, die gerade anfangen, schon gerne selber zu lesen.</span></p>
<p><span style="font-family: arial, helvetica, sans-serif; font-size: 12pt;">Katja Gehrmann, geboren 1968, studierte in Mexiko, Spanien und an der Fachhochschule für Gestaltung in Hamburg Illustration. Für ihre Illustrationen hat sie zahlreiche Preise gewonnen, so den »Goldenen Apfel« der Biennale in Bratislava und das Troisdorfer Bilderbuch-Stipendium. Sie illustrierte bereits <em>Der Ritter ohne Socken</em> (Christian Oster) und <em>Besuch beim Hasen</em> sowie <em>Hat Jesus Fußball gespielt</em> von Antje Damm.</span></p>
<p><span style="font-family: arial, helvetica, sans-serif; font-size: 12pt;">Die Lesung richtet sich an SchülerInnen der 1. und 2. Klasse;<br />
Dauer ca. 75 bis 90 Minuten. Sie schließt das Basteln eines Minibuches mit ein.<br />
<strong>Eintritt:</strong> 3 €<br />
</span></p>
<p><span style="font-family: arial, helvetica, sans-serif; font-size: 12pt;">Anmeldung bitte über <a href="&#x6d;&#97;&#x69;&#x6c;&#116;&#x6f;&#x3a;&#106;&#x75;&#x74;&#116;&#x61;&#x2e;w&#x61;&#x67;n&#x65;&#114;&#64;&#x64;&#97;i&#x2d;&#104;e&#x69;&#100;e&#x6c;&#98;e&#x72;&#103;&#46;&#x64;&#101;">&#x6a;&#x75;&#x74;&#x74;&#x61;&#x2e;&#x77;&#x61;&#x67;&#x6e;&#x65;&#x72;&#x40;&#x64;&#x61;&#x69;&#x2d;&#x68;&#x65;&#x69;&#x64;&#x65;&#108;&#98;&#101;&#114;&#103;&#46;&#100;&#101;</a></span></p>

<p>Als der Bär eines Tages erwacht, kommt ihm der Wald seltsam leer vor. Wo sind bloß die anderen Tiere? »Alle&nbsp;&hellip;</p>

Stadtbär

<!-- This site is optimized with the Yoast SEO plugin v27.4 - https://yoast.com/product/yoast-seo-wordpress/ -->
<title>Veranstaltungen - Deutsch-Amerikanisches Institut. Haus der Kultur.</title>
<meta name="robots" content="index, follow, max-snippet:-1, max-image-preview:large, max-video-preview:-1" />
<link rel="canonical" href="https://dai-heidelberg.de/de/veranstaltungen/katja-gehrmann-30746/" />
<meta property="og:locale" content="de_DE" />
<meta property="og:type" content="article" />
<meta property="og:title" content="Veranstaltungen - Deutsch-Amerikanisches Institut. Haus der Kultur." />
<meta property="og:description" content="Als der Bär eines Tages erwacht, kommt ihm der Wald seltsam leer vor. Wo sind bloß die anderen Tiere? »Alle&nbsp;&hellip;" />
<meta property="og:url" content="https://dai-heidelberg.de/de/veranstaltungen/katja-gehrmann-30746/" />
<meta property="og:site_name" content="DAI Deutsch" />
<meta property="article:modified_time" content="2020-02-24T18:22:13+00:00" />
<meta name="twitter:label1" content="Geschätzte Lesezeit" />
	<meta name="twitter:data1" content="1 Minute" />
<script type="application/ld+json" class="yoast-schema-graph">{"@context":"https:\/\/schema.org","@graph":[{"@type":"WebPage","@id":"https:\/\/dai-heidelberg.de\/de\/veranstaltungen\/katja-gehrmann-30746\/","url":"https:\/\/dai-heidelberg.de\/de\/veranstaltungen\/katja-gehrmann-30746\/","name":"Veranstaltungen - Deutsch-Amerikanisches Institut. Haus der Kultur.","isPartOf":{"@id":"https:\/\/dai-heidelberg.de\/de\/#website"},"datePublished":"2019-10-14T15:22:31+00:00","dateModified":"2020-02-24T18:22:13+00:00","breadcrumb":{"@id":"https:\/\/dai-heidelberg.de\/de\/veranstaltungen\/katja-gehrmann-30746\/#breadcrumb"},"inLanguage":"de","potentialAction":[{"@type":"ReadAction","target":["https:\/\/dai-heidelberg.de\/de\/veranstaltungen\/katja-gehrmann-30746\/"]}]},{"@type":"BreadcrumbList","@id":"https:\/\/dai-heidelberg.de\/de\/veranstaltungen\/katja-gehrmann-30746\/#breadcrumb","itemListElement":[{"@type":"ListItem","position":1,"name":"Startseite","item":"https:\/\/dai-heidelberg.de\/de\/"},{"@type":"ListItem","position":2,"name":"Veranstaltungen","item":"https:\/\/dai-heidelberg.de\/de\/veranstaltungen\/"},{"@type":"ListItem","position":3,"name":"Katja Gehrmann"}]},{"@type":"WebSite","@id":"https:\/\/dai-heidelberg.de\/de\/#website","url":"https:\/\/dai-heidelberg.de\/de\/","name":"DAI Deutsch","description":"Deutsch-Amerikanisches Institut. Haus der Kultur.","potentialAction":[{"@type":"SearchAction","target":{"@type":"EntryPoint","urlTemplate":"https:\/\/dai-heidelberg.de\/de\/?s={search_term_string}"},"query-input":{"@type":"PropertyValueSpecification","valueRequired":true,"valueName":"search_term_string"}}],"inLanguage":"de"}]}</script>
<!-- / Yoast SEO plugin. -->

Als der Bär eines Tages erwacht, kommt ihm der Wald seltsam leer vor. Wo sind bloß die anderen Tiere? »Alle&nbsp;&hellip;
