{"id":26085,"date":"2019-02-19T13:44:48","date_gmt":"2019-02-19T12:44:48","guid":{"rendered":"https:\/\/dai-heidelberg.de\/de\/?post_type=dai_event&#038;p=26085"},"modified":"2019-03-27T12:06:06","modified_gmt":"2019-03-27T11:06:06","slug":"michael-butter","status":"publish","type":"dai_event","link":"https:\/\/dai-heidelberg.de\/de\/veranstaltungen\/michael-butter-26085\/","title":{"rendered":"Michael Butter"},"content":{"rendered":"<p>Verschw\u00f6rungstheorien gewinnen wieder an Sichtbarkeit und Einfluss. W\u00e4hrend es in Deutschland noch immer Kontexte gibt, bei denen selbst AfD-Politiker davor zur\u00fcckschrecken, sie allzu offensiv zu bedienen, haben sie in den USA l\u00e4ngst das Wei\u00dfe Haus erreicht.<\/p>\n<p>Donald Trump setzt seit Beginn seines Wahlkamps nicht nur auf Populismus, sondern auch auf Konspirationismus. Dabei geht er, wie der Vortrag zeigen wird, deutlich strategischer und weniger impulsiv vor, als ihm oft unterstellt wird.<\/p>\n<p>Michael Butter ist Professor f\u00fcr amerikanische Literatur- und Kulturgeschichte an der Uni T\u00fcbingen und koordiniert ein <a href=\"https:\/\/idw-online.de\/de\/news643903\" target=\"_blank\" rel=\"noopener noreferrer\">Forschungsnetzwerk zur Vergleichenden Analyse von Verschw\u00f6rungstheorien (COST)<\/a>.<\/p>\n<p>In der Reihe <em>Feindbilder \u2013 Antisemitismus, Verschw\u00f6rung, Extreme<\/em><\/p>\n","protected":false},"excerpt":{"rendered":"<p>Verschw\u00f6rungstheorien gewinnen wieder an Sichtbarkeit und Einfluss. W\u00e4hrend es in Deutschland noch immer Kontexte gibt, bei denen selbst AfD-Politiker davor&nbsp;&hellip;<\/p>\n","protected":false},"featured_media":0,"template":"","meta":{"footnotes":""},"tags":[],"dai_event_category":[6],"dai_event_type":[21],"dai_event_location":[],"class_list":["post-26085","dai_event","type-dai_event","status-publish","hentry","dai_event_category-kulturveranstaltungen","dai_event_type-vortrag"],"better_featured_image":null,"post-meta-fields":{"_edit_lock":["1571853706:10"],"_edit_last":["4"],"dai_event_featured":["1"],"dai_event_subtext":["Die Strategien des Donald Trump"],"dai_event_artist":["Populismus und Verschw\u00f6rung"],"dai_event_ticket_freeadmission":["0"],"_yoast_wpseo_content_score":["60"],"dai_event_datetime":["2019-07-03 20:00"],"_yoast_wpseo_primary_dai_event_category":["6"],"_yoast_wpseo_primary_dai_event_type":["21"],"_yoast_wpseo_primary_dai_event_location":[""],"_post_is_translated":["0"],"_trash_the_other_posts":["0"],"dai_event_ticket_link":["https:\/\/shop.reservix.de\/off\/login_check.php?vID=2736&#038;id=36ae96de8dddc4df70dce3f39db2b886ff117b9261533f02fa35ea4a3191d65e3a64633f4652f2d1ba3a365eff82ca70&#038;eventGrpID=299683&#038;eventID=1367777"],"dai_event_ticket_price_presale_standard":["8"],"dai_event_ticket_price_presale_reduced":["5"],"dai_event_ticket_price_presale_member":["4"]},"yoast_head":"<!-- This site is optimized with the Yoast SEO plugin v27.4 - https:\/\/yoast.com\/product\/yoast-seo-wordpress\/ -->\n<title>Veranstaltungen - Deutsch-Amerikanisches Institut. Haus der Kultur.<\/title>\n<meta name=\"robots\" content=\"index, follow, max-snippet:-1, max-image-preview:large, max-video-preview:-1\" \/>\n<link rel=\"canonical\" href=\"https:\/\/dai-heidelberg.de\/de\/veranstaltungen\/michael-butter-26085\/\" \/>\n<meta property=\"og:locale\" content=\"de_DE\" \/>\n<meta property=\"og:type\" content=\"article\" \/>\n<meta property=\"og:title\" content=\"Veranstaltungen - Deutsch-Amerikanisches Institut. Haus der Kultur.\" \/>\n<meta property=\"og:description\" content=\"Verschw\u00f6rungstheorien gewinnen wieder an Sichtbarkeit und Einfluss. W\u00e4hrend es in Deutschland noch immer Kontexte gibt, bei denen selbst AfD-Politiker davor&nbsp;&hellip;\" \/>\n<meta property=\"og:url\" content=\"https:\/\/dai-heidelberg.de\/de\/veranstaltungen\/michael-butter-26085\/\" \/>\n<meta property=\"og:site_name\" content=\"DAI Deutsch\" \/>\n<meta property=\"article:modified_time\" content=\"2019-03-27T11:06:06+00:00\" \/>\n<meta name=\"twitter:label1\" content=\"Gesch\u00e4tzte Lesezeit\" \/>\n\t<meta name=\"twitter:data1\" content=\"1\u00a0Minute\" \/>\n<script type=\"application\/ld+json\" class=\"yoast-schema-graph\">{\"@context\":\"https:\\\/\\\/schema.org\",\"@graph\":[{\"@type\":\"WebPage\",\"@id\":\"https:\\\/\\\/dai-heidelberg.de\\\/de\\\/veranstaltungen\\\/michael-butter-26085\\\/\",\"url\":\"https:\\\/\\\/dai-heidelberg.de\\\/de\\\/veranstaltungen\\\/michael-butter-26085\\\/\",\"name\":\"Veranstaltungen - Deutsch-Amerikanisches Institut. Haus der Kultur.\",\"isPartOf\":{\"@id\":\"https:\\\/\\\/dai-heidelberg.de\\\/de\\\/#website\"},\"datePublished\":\"2019-02-19T12:44:48+00:00\",\"dateModified\":\"2019-03-27T11:06:06+00:00\",\"breadcrumb\":{\"@id\":\"https:\\\/\\\/dai-heidelberg.de\\\/de\\\/veranstaltungen\\\/michael-butter-26085\\\/#breadcrumb\"},\"inLanguage\":\"de\",\"potentialAction\":[{\"@type\":\"ReadAction\",\"target\":[\"https:\\\/\\\/dai-heidelberg.de\\\/de\\\/veranstaltungen\\\/michael-butter-26085\\\/\"]}]},{\"@type\":\"BreadcrumbList\",\"@id\":\"https:\\\/\\\/dai-heidelberg.de\\\/de\\\/veranstaltungen\\\/michael-butter-26085\\\/#breadcrumb\",\"itemListElement\":[{\"@type\":\"ListItem\",\"position\":1,\"name\":\"Startseite\",\"item\":\"https:\\\/\\\/dai-heidelberg.de\\\/de\\\/\"},{\"@type\":\"ListItem\",\"position\":2,\"name\":\"Veranstaltungen\",\"item\":\"https:\\\/\\\/dai-heidelberg.de\\\/de\\\/veranstaltungen\\\/\"},{\"@type\":\"ListItem\",\"position\":3,\"name\":\"Michael Butter\"}]},{\"@type\":\"WebSite\",\"@id\":\"https:\\\/\\\/dai-heidelberg.de\\\/de\\\/#website\",\"url\":\"https:\\\/\\\/dai-heidelberg.de\\\/de\\\/\",\"name\":\"DAI Deutsch\",\"description\":\"Deutsch-Amerikanisches Institut. Haus der Kultur.\",\"potentialAction\":[{\"@type\":\"SearchAction\",\"target\":{\"@type\":\"EntryPoint\",\"urlTemplate\":\"https:\\\/\\\/dai-heidelberg.de\\\/de\\\/?s={search_term_string}\"},\"query-input\":{\"@type\":\"PropertyValueSpecification\",\"valueRequired\":true,\"valueName\":\"search_term_string\"}}],\"inLanguage\":\"de\"}]}<\/script>\n<!-- \/ Yoast SEO plugin. -->","yoast_head_json":{"title":"Veranstaltungen - Deutsch-Amerikanisches Institut. Haus der Kultur.","robots":{"index":"index","follow":"follow","max-snippet":"max-snippet:-1","max-image-preview":"max-image-preview:large","max-video-preview":"max-video-preview:-1"},"canonical":"https:\/\/dai-heidelberg.de\/de\/veranstaltungen\/michael-butter-26085\/","og_locale":"de_DE","og_type":"article","og_title":"Veranstaltungen - Deutsch-Amerikanisches Institut. Haus der Kultur.","og_description":"Verschw\u00f6rungstheorien gewinnen wieder an Sichtbarkeit und Einfluss. W\u00e4hrend es in Deutschland noch immer Kontexte gibt, bei denen selbst AfD-Politiker davor&nbsp;&hellip;","og_url":"https:\/\/dai-heidelberg.de\/de\/veranstaltungen\/michael-butter-26085\/","og_site_name":"DAI Deutsch","article_modified_time":"2019-03-27T11:06:06+00:00","twitter_misc":{"Gesch\u00e4tzte Lesezeit":"1\u00a0Minute"},"schema":{"@context":"https:\/\/schema.org","@graph":[{"@type":"WebPage","@id":"https:\/\/dai-heidelberg.de\/de\/veranstaltungen\/michael-butter-26085\/","url":"https:\/\/dai-heidelberg.de\/de\/veranstaltungen\/michael-butter-26085\/","name":"Veranstaltungen - Deutsch-Amerikanisches Institut. Haus der Kultur.","isPartOf":{"@id":"https:\/\/dai-heidelberg.de\/de\/#website"},"datePublished":"2019-02-19T12:44:48+00:00","dateModified":"2019-03-27T11:06:06+00:00","breadcrumb":{"@id":"https:\/\/dai-heidelberg.de\/de\/veranstaltungen\/michael-butter-26085\/#breadcrumb"},"inLanguage":"de","potentialAction":[{"@type":"ReadAction","target":["https:\/\/dai-heidelberg.de\/de\/veranstaltungen\/michael-butter-26085\/"]}]},{"@type":"BreadcrumbList","@id":"https:\/\/dai-heidelberg.de\/de\/veranstaltungen\/michael-butter-26085\/#breadcrumb","itemListElement":[{"@type":"ListItem","position":1,"name":"Startseite","item":"https:\/\/dai-heidelberg.de\/de\/"},{"@type":"ListItem","position":2,"name":"Veranstaltungen","item":"https:\/\/dai-heidelberg.de\/de\/veranstaltungen\/"},{"@type":"ListItem","position":3,"name":"Michael Butter"}]},{"@type":"WebSite","@id":"https:\/\/dai-heidelberg.de\/de\/#website","url":"https:\/\/dai-heidelberg.de\/de\/","name":"DAI Deutsch","description":"Deutsch-Amerikanisches Institut. Haus der Kultur.","potentialAction":[{"@type":"SearchAction","target":{"@type":"EntryPoint","urlTemplate":"https:\/\/dai-heidelberg.de\/de\/?s={search_term_string}"},"query-input":{"@type":"PropertyValueSpecification","valueRequired":true,"valueName":"search_term_string"}}],"inLanguage":"de"}]}},"_links":{"self":[{"href":"https:\/\/dai-heidelberg.de\/de\/wp-json\/wp\/v2\/dai_event\/26085","targetHints":{"allow":["GET"]}}],"collection":[{"href":"https:\/\/dai-heidelberg.de\/de\/wp-json\/wp\/v2\/dai_event"}],"about":[{"href":"https:\/\/dai-heidelberg.de\/de\/wp-json\/wp\/v2\/types\/dai_event"}],"version-history":[{"count":5,"href":"https:\/\/dai-heidelberg.de\/de\/wp-json\/wp\/v2\/dai_event\/26085\/revisions"}],"predecessor-version":[{"id":30878,"href":"https:\/\/dai-heidelberg.de\/de\/wp-json\/wp\/v2\/dai_event\/26085\/revisions\/30878"}],"wp:attachment":[{"href":"https:\/\/dai-heidelberg.de\/de\/wp-json\/wp\/v2\/media?parent=26085"}],"wp:term":[{"taxonomy":"post_tag","embeddable":true,"href":"https:\/\/dai-heidelberg.de\/de\/wp-json\/wp\/v2\/tags?post=26085"},{"taxonomy":"dai_event_category","embeddable":true,"href":"https:\/\/dai-heidelberg.de\/de\/wp-json\/wp\/v2\/dai_event_category?post=26085"},{"taxonomy":"dai_event_type","embeddable":true,"href":"https:\/\/dai-heidelberg.de\/de\/wp-json\/wp\/v2\/dai_event_type?post=26085"},{"taxonomy":"dai_event_location","embeddable":true,"href":"https:\/\/dai-heidelberg.de\/de\/wp-json\/wp\/v2\/dai_event_location?post=26085"}],"curies":[{"name":"wp","href":"https:\/\/api.w.org\/{rel}","templated":true}]}}

<p>Verschwörungstheorien gewinnen wieder an Sichtbarkeit und Einfluss. Während es in Deutschland noch immer Kontexte gibt, bei denen selbst AfD-Politiker davor zurückschrecken, sie allzu offensiv zu bedienen, haben sie in den USA längst das Weiße Haus erreicht.</p>
<p>Donald Trump setzt seit Beginn seines Wahlkamps nicht nur auf Populismus, sondern auch auf Konspirationismus. Dabei geht er, wie der Vortrag zeigen wird, deutlich strategischer und weniger impulsiv vor, als ihm oft unterstellt wird.</p>
<p>Michael Butter ist Professor für amerikanische Literatur- und Kulturgeschichte an der Uni Tübingen und koordiniert ein <a href="https://idw-online.de/de/news643903" target="_blank" rel="noopener noreferrer">Forschungsnetzwerk zur Vergleichenden Analyse von Verschwörungstheorien (COST)</a>.</p>
<p>In der Reihe <em>Feindbilder – Antisemitismus, Verschwörung, Extreme</em></p>

<p>Verschwörungstheorien gewinnen wieder an Sichtbarkeit und Einfluss. Während es in Deutschland noch immer Kontexte gibt, bei denen selbst AfD-Politiker davor&nbsp;&hellip;</p>

Populismus und Verschwörung

<!-- This site is optimized with the Yoast SEO plugin v27.4 - https://yoast.com/product/yoast-seo-wordpress/ -->
<title>Veranstaltungen - Deutsch-Amerikanisches Institut. Haus der Kultur.</title>
<meta name="robots" content="index, follow, max-snippet:-1, max-image-preview:large, max-video-preview:-1" />
<link rel="canonical" href="https://dai-heidelberg.de/de/veranstaltungen/michael-butter-26085/" />
<meta property="og:locale" content="de_DE" />
<meta property="og:type" content="article" />
<meta property="og:title" content="Veranstaltungen - Deutsch-Amerikanisches Institut. Haus der Kultur." />
<meta property="og:description" content="Verschwörungstheorien gewinnen wieder an Sichtbarkeit und Einfluss. Während es in Deutschland noch immer Kontexte gibt, bei denen selbst AfD-Politiker davor&nbsp;&hellip;" />
<meta property="og:url" content="https://dai-heidelberg.de/de/veranstaltungen/michael-butter-26085/" />
<meta property="og:site_name" content="DAI Deutsch" />
<meta property="article:modified_time" content="2019-03-27T11:06:06+00:00" />
<meta name="twitter:label1" content="Geschätzte Lesezeit" />
	<meta name="twitter:data1" content="1 Minute" />
<script type="application/ld+json" class="yoast-schema-graph">{"@context":"https:\/\/schema.org","@graph":[{"@type":"WebPage","@id":"https:\/\/dai-heidelberg.de\/de\/veranstaltungen\/michael-butter-26085\/","url":"https:\/\/dai-heidelberg.de\/de\/veranstaltungen\/michael-butter-26085\/","name":"Veranstaltungen - Deutsch-Amerikanisches Institut. Haus der Kultur.","isPartOf":{"@id":"https:\/\/dai-heidelberg.de\/de\/#website"},"datePublished":"2019-02-19T12:44:48+00:00","dateModified":"2019-03-27T11:06:06+00:00","breadcrumb":{"@id":"https:\/\/dai-heidelberg.de\/de\/veranstaltungen\/michael-butter-26085\/#breadcrumb"},"inLanguage":"de","potentialAction":[{"@type":"ReadAction","target":["https:\/\/dai-heidelberg.de\/de\/veranstaltungen\/michael-butter-26085\/"]}]},{"@type":"BreadcrumbList","@id":"https:\/\/dai-heidelberg.de\/de\/veranstaltungen\/michael-butter-26085\/#breadcrumb","itemListElement":[{"@type":"ListItem","position":1,"name":"Startseite","item":"https:\/\/dai-heidelberg.de\/de\/"},{"@type":"ListItem","position":2,"name":"Veranstaltungen","item":"https:\/\/dai-heidelberg.de\/de\/veranstaltungen\/"},{"@type":"ListItem","position":3,"name":"Michael Butter"}]},{"@type":"WebSite","@id":"https:\/\/dai-heidelberg.de\/de\/#website","url":"https:\/\/dai-heidelberg.de\/de\/","name":"DAI Deutsch","description":"Deutsch-Amerikanisches Institut. Haus der Kultur.","potentialAction":[{"@type":"SearchAction","target":{"@type":"EntryPoint","urlTemplate":"https:\/\/dai-heidelberg.de\/de\/?s={search_term_string}"},"query-input":{"@type":"PropertyValueSpecification","valueRequired":true,"valueName":"search_term_string"}}],"inLanguage":"de"}]}</script>
<!-- / Yoast SEO plugin. -->

Verschwörungstheorien gewinnen wieder an Sichtbarkeit und Einfluss. Während es in Deutschland noch immer Kontexte gibt, bei denen selbst AfD-Politiker davor&nbsp;&hellip;
