{"id":10885,"date":"2015-03-02T12:19:39","date_gmt":"2015-03-02T11:19:39","guid":{"rendered":"http:\/\/dai-heidelberg.de\/de\/?post_type=dai_event&#038;p=10885"},"modified":"2015-04-17T11:36:47","modified_gmt":"2015-04-17T09:36:47","slug":"mailand-und-die-expo-2015","status":"publish","type":"dai_event","link":"https:\/\/dai-heidelberg.de\/de\/veranstaltungen\/mailand-und-die-expo-2015-10885\/","title":{"rendered":"Mailand und die EXPO 2015"},"content":{"rendered":"<p>Die EXPO 2015 findet dieses Jahr unter dem Motto <em>Den Planeten ern\u00e4hren &#8211; Energie f\u00fcr das Leben<\/em> statt, einem sehr aktuellen und f\u00fcr eine Weltausstellung sehr ungew\u00f6hnlichen Thema. Die Stadt Mailand als Gastgeberin bietet aus diesem Anlass eine Reihe von au\u00dfergew\u00f6hnlichen kulturellen Initiativen.<\/p>\n<p>Ivana Nolli-Meyer ist in Mailand geboren und aufgewachsen. Sie studierte dort \u00dcbersetzen und Dolmetschen. Seit zwanzig Jahren unterrichtet sie Italienisch am Zentralen Sprachlabor der Universit\u00e4t Heidelberg. Sie liebt es, zwischen zwei Kulturen zu leben, und die Kenntnis der italienischen Kultur zu f\u00f6rdern.<\/p>\n<p>Nur Abendkasse, Kartenreservierung unter <a href=\"m&#97;&#x69;&#x6c;t&#111;&#58;&#x76;&#x6f;l&#97;&#x72;&#x65;&#46;&#100;&#105;&#x6b;&#x40;g&#111;&#x6f;&#x67;l&#101;&#109;&#x61;&#x69;l&#46;&#x63;&#x6f;m\">&#x76;&#x6f;&#x6c;&#x61;&#x72;&#x65;&#46;&#100;&#105;&#107;&#64;goo&#x67;&#x6c;&#x65;&#x6d;&#x61;&#x69;&#108;&#46;&#99;&#111;&#109;<\/a>.<\/p>\n<p>&nbsp;<\/p>\n","protected":false},"excerpt":{"rendered":"<p>Die EXPO 2015 findet dieses Jahr unter dem Motto Den Planeten ern\u00e4hren &#8211; Energie f\u00fcr das Leben statt, einem sehr&nbsp;&hellip;<\/p>\n","protected":false},"featured_media":10886,"template":"","meta":{"footnotes":""},"tags":[],"dai_event_category":[6],"dai_event_type":[21],"dai_event_location":[],"class_list":["post-10885","dai_event","type-dai_event","status-publish","has-post-thumbnail","hentry","dai_event_category-kulturveranstaltungen","dai_event_type-vortrag"],"better_featured_image":{"id":10886,"alt_text":"","caption":"","description":"","media_type":"image","media_details":{"width":700,"height":312,"file":"2015\/03\/150511-Volare.jpg","sizes":{"medium":{"file":"150511-Volare-300x134.jpg","width":300,"height":134,"mime-type":"image\/jpeg","source_url":"https:\/\/dai-heidelberg.de\/de\/wp-content\/uploads\/sites\/2\/2015\/03\/150511-Volare-300x134.jpg"},"thumbnail":{"file":"150511-Volare-150x150.jpg","width":150,"height":150,"mime-type":"image\/jpeg","source_url":"https:\/\/dai-heidelberg.de\/de\/wp-content\/uploads\/sites\/2\/2015\/03\/150511-Volare-150x150.jpg"},"dai-list":{"file":"150511-Volare-140x140.jpg","width":140,"height":140,"mime-type":"image\/jpeg","source_url":"https:\/\/dai-heidelberg.de\/de\/wp-content\/uploads\/sites\/2\/2015\/03\/150511-Volare-140x140.jpg"},"dai-selector":{"file":"150511-Volare-240x170.jpg","width":240,"height":170,"mime-type":"image\/jpeg","source_url":"https:\/\/dai-heidelberg.de\/de\/wp-content\/uploads\/sites\/2\/2015\/03\/150511-Volare-240x170.jpg"},"dai-hof":{"file":"150511-Volare-240x192.jpg","width":240,"height":192,"mime-type":"image\/jpeg","source_url":"https:\/\/dai-heidelberg.de\/de\/wp-content\/uploads\/sites\/2\/2015\/03\/150511-Volare-240x192.jpg"}},"image_meta":{"aperture":"0","credit":"","camera":"","caption":"","created_timestamp":"0","copyright":"","focal_length":"0","iso":"0","shutter_speed":"0","title":"","orientation":"0","keywords":[]}},"post":10885,"source_url":"https:\/\/dai-heidelberg.de\/de\/wp-content\/uploads\/sites\/2\/2015\/03\/150511-Volare.jpg"},"post-meta-fields":{"_edit_lock":["1429263274:4"],"_edit_last":["4"],"_thumbnail_id":["10886"],"dai_event_datetime":["2015-05-11 20:00"],"dai_event_featured":["1"],"dai_event_artist":["Ivana Nolli-Meyer"],"dai_event_ticket_freeadmission":["0"],"_post_is_translated":["0"],"_trash_the_other_posts":["0"]},"yoast_head":"<!-- This site is optimized with the Yoast SEO plugin v27.4 - https:\/\/yoast.com\/product\/yoast-seo-wordpress\/ -->\n<title>Veranstaltungen - Deutsch-Amerikanisches Institut. Haus der Kultur.<\/title>\n<meta name=\"robots\" content=\"index, follow, max-snippet:-1, max-image-preview:large, max-video-preview:-1\" \/>\n<link rel=\"canonical\" href=\"https:\/\/dai-heidelberg.de\/de\/veranstaltungen\/mailand-und-die-expo-2015-10885\/\" \/>\n<meta property=\"og:locale\" content=\"de_DE\" \/>\n<meta property=\"og:type\" content=\"article\" \/>\n<meta property=\"og:title\" content=\"Veranstaltungen - Deutsch-Amerikanisches Institut. Haus der Kultur.\" \/>\n<meta property=\"og:description\" content=\"Die EXPO 2015 findet dieses Jahr unter dem Motto Den Planeten ern\u00e4hren &#8211; Energie f\u00fcr das Leben statt, einem sehr&nbsp;&hellip;\" \/>\n<meta property=\"og:url\" content=\"https:\/\/dai-heidelberg.de\/de\/veranstaltungen\/mailand-und-die-expo-2015-10885\/\" \/>\n<meta property=\"og:site_name\" content=\"DAI Deutsch\" \/>\n<meta property=\"article:modified_time\" content=\"2015-04-17T09:36:47+00:00\" \/>\n<meta property=\"og:image\" content=\"https:\/\/dai-heidelberg.de\/de\/wp-content\/uploads\/sites\/2\/2015\/03\/150511-Volare.jpg\" \/>\n\t<meta property=\"og:image:width\" content=\"700\" \/>\n\t<meta property=\"og:image:height\" content=\"312\" \/>\n\t<meta property=\"og:image:type\" content=\"image\/jpeg\" \/>\n<meta name=\"twitter:label1\" content=\"Gesch\u00e4tzte Lesezeit\" \/>\n\t<meta name=\"twitter:data1\" content=\"1\u00a0Minute\" \/>\n<script type=\"application\/ld+json\" class=\"yoast-schema-graph\">{\"@context\":\"https:\\\/\\\/schema.org\",\"@graph\":[{\"@type\":\"WebPage\",\"@id\":\"https:\\\/\\\/dai-heidelberg.de\\\/de\\\/veranstaltungen\\\/mailand-und-die-expo-2015-10885\\\/\",\"url\":\"https:\\\/\\\/dai-heidelberg.de\\\/de\\\/veranstaltungen\\\/mailand-und-die-expo-2015-10885\\\/\",\"name\":\"Veranstaltungen - Deutsch-Amerikanisches Institut. Haus der Kultur.\",\"isPartOf\":{\"@id\":\"https:\\\/\\\/dai-heidelberg.de\\\/de\\\/#website\"},\"primaryImageOfPage\":{\"@id\":\"https:\\\/\\\/dai-heidelberg.de\\\/de\\\/veranstaltungen\\\/mailand-und-die-expo-2015-10885\\\/#primaryimage\"},\"image\":{\"@id\":\"https:\\\/\\\/dai-heidelberg.de\\\/de\\\/veranstaltungen\\\/mailand-und-die-expo-2015-10885\\\/#primaryimage\"},\"thumbnailUrl\":\"https:\\\/\\\/dai-heidelberg.de\\\/de\\\/wp-content\\\/uploads\\\/sites\\\/2\\\/2015\\\/03\\\/150511-Volare.jpg\",\"datePublished\":\"2015-03-02T11:19:39+00:00\",\"dateModified\":\"2015-04-17T09:36:47+00:00\",\"breadcrumb\":{\"@id\":\"https:\\\/\\\/dai-heidelberg.de\\\/de\\\/veranstaltungen\\\/mailand-und-die-expo-2015-10885\\\/#breadcrumb\"},\"inLanguage\":\"de\",\"potentialAction\":[{\"@type\":\"ReadAction\",\"target\":[\"https:\\\/\\\/dai-heidelberg.de\\\/de\\\/veranstaltungen\\\/mailand-und-die-expo-2015-10885\\\/\"]}]},{\"@type\":\"ImageObject\",\"inLanguage\":\"de\",\"@id\":\"https:\\\/\\\/dai-heidelberg.de\\\/de\\\/veranstaltungen\\\/mailand-und-die-expo-2015-10885\\\/#primaryimage\",\"url\":\"https:\\\/\\\/dai-heidelberg.de\\\/de\\\/wp-content\\\/uploads\\\/sites\\\/2\\\/2015\\\/03\\\/150511-Volare.jpg\",\"contentUrl\":\"https:\\\/\\\/dai-heidelberg.de\\\/de\\\/wp-content\\\/uploads\\\/sites\\\/2\\\/2015\\\/03\\\/150511-Volare.jpg\",\"width\":700,\"height\":312},{\"@type\":\"BreadcrumbList\",\"@id\":\"https:\\\/\\\/dai-heidelberg.de\\\/de\\\/veranstaltungen\\\/mailand-und-die-expo-2015-10885\\\/#breadcrumb\",\"itemListElement\":[{\"@type\":\"ListItem\",\"position\":1,\"name\":\"Startseite\",\"item\":\"https:\\\/\\\/dai-heidelberg.de\\\/de\\\/\"},{\"@type\":\"ListItem\",\"position\":2,\"name\":\"Veranstaltungen\",\"item\":\"https:\\\/\\\/dai-heidelberg.de\\\/de\\\/veranstaltungen\\\/\"},{\"@type\":\"ListItem\",\"position\":3,\"name\":\"Mailand und die EXPO 2015\"}]},{\"@type\":\"WebSite\",\"@id\":\"https:\\\/\\\/dai-heidelberg.de\\\/de\\\/#website\",\"url\":\"https:\\\/\\\/dai-heidelberg.de\\\/de\\\/\",\"name\":\"DAI Deutsch\",\"description\":\"Deutsch-Amerikanisches Institut. Haus der Kultur.\",\"potentialAction\":[{\"@type\":\"SearchAction\",\"target\":{\"@type\":\"EntryPoint\",\"urlTemplate\":\"https:\\\/\\\/dai-heidelberg.de\\\/de\\\/?s={search_term_string}\"},\"query-input\":{\"@type\":\"PropertyValueSpecification\",\"valueRequired\":true,\"valueName\":\"search_term_string\"}}],\"inLanguage\":\"de\"}]}<\/script>\n<!-- \/ Yoast SEO plugin. -->","yoast_head_json":{"title":"Veranstaltungen - Deutsch-Amerikanisches Institut. Haus der Kultur.","robots":{"index":"index","follow":"follow","max-snippet":"max-snippet:-1","max-image-preview":"max-image-preview:large","max-video-preview":"max-video-preview:-1"},"canonical":"https:\/\/dai-heidelberg.de\/de\/veranstaltungen\/mailand-und-die-expo-2015-10885\/","og_locale":"de_DE","og_type":"article","og_title":"Veranstaltungen - Deutsch-Amerikanisches Institut. Haus der Kultur.","og_description":"Die EXPO 2015 findet dieses Jahr unter dem Motto Den Planeten ern\u00e4hren &#8211; Energie f\u00fcr das Leben statt, einem sehr&nbsp;&hellip;","og_url":"https:\/\/dai-heidelberg.de\/de\/veranstaltungen\/mailand-und-die-expo-2015-10885\/","og_site_name":"DAI Deutsch","article_modified_time":"2015-04-17T09:36:47+00:00","og_image":[{"width":700,"height":312,"url":"https:\/\/dai-heidelberg.de\/de\/wp-content\/uploads\/sites\/2\/2015\/03\/150511-Volare.jpg","type":"image\/jpeg"}],"twitter_misc":{"Gesch\u00e4tzte Lesezeit":"1\u00a0Minute"},"schema":{"@context":"https:\/\/schema.org","@graph":[{"@type":"WebPage","@id":"https:\/\/dai-heidelberg.de\/de\/veranstaltungen\/mailand-und-die-expo-2015-10885\/","url":"https:\/\/dai-heidelberg.de\/de\/veranstaltungen\/mailand-und-die-expo-2015-10885\/","name":"Veranstaltungen - Deutsch-Amerikanisches Institut. Haus der Kultur.","isPartOf":{"@id":"https:\/\/dai-heidelberg.de\/de\/#website"},"primaryImageOfPage":{"@id":"https:\/\/dai-heidelberg.de\/de\/veranstaltungen\/mailand-und-die-expo-2015-10885\/#primaryimage"},"image":{"@id":"https:\/\/dai-heidelberg.de\/de\/veranstaltungen\/mailand-und-die-expo-2015-10885\/#primaryimage"},"thumbnailUrl":"https:\/\/dai-heidelberg.de\/de\/wp-content\/uploads\/sites\/2\/2015\/03\/150511-Volare.jpg","datePublished":"2015-03-02T11:19:39+00:00","dateModified":"2015-04-17T09:36:47+00:00","breadcrumb":{"@id":"https:\/\/dai-heidelberg.de\/de\/veranstaltungen\/mailand-und-die-expo-2015-10885\/#breadcrumb"},"inLanguage":"de","potentialAction":[{"@type":"ReadAction","target":["https:\/\/dai-heidelberg.de\/de\/veranstaltungen\/mailand-und-die-expo-2015-10885\/"]}]},{"@type":"ImageObject","inLanguage":"de","@id":"https:\/\/dai-heidelberg.de\/de\/veranstaltungen\/mailand-und-die-expo-2015-10885\/#primaryimage","url":"https:\/\/dai-heidelberg.de\/de\/wp-content\/uploads\/sites\/2\/2015\/03\/150511-Volare.jpg","contentUrl":"https:\/\/dai-heidelberg.de\/de\/wp-content\/uploads\/sites\/2\/2015\/03\/150511-Volare.jpg","width":700,"height":312},{"@type":"BreadcrumbList","@id":"https:\/\/dai-heidelberg.de\/de\/veranstaltungen\/mailand-und-die-expo-2015-10885\/#breadcrumb","itemListElement":[{"@type":"ListItem","position":1,"name":"Startseite","item":"https:\/\/dai-heidelberg.de\/de\/"},{"@type":"ListItem","position":2,"name":"Veranstaltungen","item":"https:\/\/dai-heidelberg.de\/de\/veranstaltungen\/"},{"@type":"ListItem","position":3,"name":"Mailand und die EXPO 2015"}]},{"@type":"WebSite","@id":"https:\/\/dai-heidelberg.de\/de\/#website","url":"https:\/\/dai-heidelberg.de\/de\/","name":"DAI Deutsch","description":"Deutsch-Amerikanisches Institut. Haus der Kultur.","potentialAction":[{"@type":"SearchAction","target":{"@type":"EntryPoint","urlTemplate":"https:\/\/dai-heidelberg.de\/de\/?s={search_term_string}"},"query-input":{"@type":"PropertyValueSpecification","valueRequired":true,"valueName":"search_term_string"}}],"inLanguage":"de"}]}},"_links":{"self":[{"href":"https:\/\/dai-heidelberg.de\/de\/wp-json\/wp\/v2\/dai_event\/10885","targetHints":{"allow":["GET"]}}],"collection":[{"href":"https:\/\/dai-heidelberg.de\/de\/wp-json\/wp\/v2\/dai_event"}],"about":[{"href":"https:\/\/dai-heidelberg.de\/de\/wp-json\/wp\/v2\/types\/dai_event"}],"version-history":[{"count":3,"href":"https:\/\/dai-heidelberg.de\/de\/wp-json\/wp\/v2\/dai_event\/10885\/revisions"}],"predecessor-version":[{"id":11116,"href":"https:\/\/dai-heidelberg.de\/de\/wp-json\/wp\/v2\/dai_event\/10885\/revisions\/11116"}],"wp:featuredmedia":[{"embeddable":true,"href":"https:\/\/dai-heidelberg.de\/de\/wp-json\/wp\/v2\/media\/10886"}],"wp:attachment":[{"href":"https:\/\/dai-heidelberg.de\/de\/wp-json\/wp\/v2\/media?parent=10885"}],"wp:term":[{"taxonomy":"post_tag","embeddable":true,"href":"https:\/\/dai-heidelberg.de\/de\/wp-json\/wp\/v2\/tags?post=10885"},{"taxonomy":"dai_event_category","embeddable":true,"href":"https:\/\/dai-heidelberg.de\/de\/wp-json\/wp\/v2\/dai_event_category?post=10885"},{"taxonomy":"dai_event_type","embeddable":true,"href":"https:\/\/dai-heidelberg.de\/de\/wp-json\/wp\/v2\/dai_event_type?post=10885"},{"taxonomy":"dai_event_location","embeddable":true,"href":"https:\/\/dai-heidelberg.de\/de\/wp-json\/wp\/v2\/dai_event_location?post=10885"}],"curies":[{"name":"wp","href":"https:\/\/api.w.org\/{rel}","templated":true}]}}

<p>Die EXPO 2015 findet dieses Jahr unter dem Motto <em>Den Planeten ernähren &#8211; Energie für das Leben</em> statt, einem sehr aktuellen und für eine Weltausstellung sehr ungewöhnlichen Thema. Die Stadt Mailand als Gastgeberin bietet aus diesem Anlass eine Reihe von außergewöhnlichen kulturellen Initiativen.</p>
<p>Ivana Nolli-Meyer ist in Mailand geboren und aufgewachsen. Sie studierte dort Übersetzen und Dolmetschen. Seit zwanzig Jahren unterrichtet sie Italienisch am Zentralen Sprachlabor der Universität Heidelberg. Sie liebt es, zwischen zwei Kulturen zu leben, und die Kenntnis der italienischen Kultur zu fördern.</p>
<p>Nur Abendkasse, Kartenreservierung unter <a href="m&#97;&#x69;&#x6c;t&#111;&#58;&#x76;&#x6f;l&#97;&#x72;&#x65;&#46;&#100;&#105;&#x6b;&#x40;g&#111;&#x6f;&#x67;l&#101;&#109;&#x61;&#x69;l&#46;&#x63;&#x6f;m">&#x76;&#x6f;&#x6c;&#x61;&#x72;&#x65;&#46;&#100;&#105;&#107;&#64;goo&#x67;&#x6c;&#x65;&#x6d;&#x61;&#x69;&#108;&#46;&#99;&#111;&#109;</a>.</p>
<p>&nbsp;</p>

<p>Die EXPO 2015 findet dieses Jahr unter dem Motto Den Planeten ernähren &#8211; Energie für das Leben statt, einem sehr&nbsp;&hellip;</p>

<!-- This site is optimized with the Yoast SEO plugin v27.4 - https://yoast.com/product/yoast-seo-wordpress/ -->
<title>Veranstaltungen - Deutsch-Amerikanisches Institut. Haus der Kultur.</title>
<meta name="robots" content="index, follow, max-snippet:-1, max-image-preview:large, max-video-preview:-1" />
<link rel="canonical" href="https://dai-heidelberg.de/de/veranstaltungen/mailand-und-die-expo-2015-10885/" />
<meta property="og:locale" content="de_DE" />
<meta property="og:type" content="article" />
<meta property="og:title" content="Veranstaltungen - Deutsch-Amerikanisches Institut. Haus der Kultur." />
<meta property="og:description" content="Die EXPO 2015 findet dieses Jahr unter dem Motto Den Planeten ernähren &#8211; Energie für das Leben statt, einem sehr&nbsp;&hellip;" />
<meta property="og:url" content="https://dai-heidelberg.de/de/veranstaltungen/mailand-und-die-expo-2015-10885/" />
<meta property="og:site_name" content="DAI Deutsch" />
<meta property="article:modified_time" content="2015-04-17T09:36:47+00:00" />
<meta property="og:image" content="https://dai-heidelberg.de/de/wp-content/uploads/sites/2/2015/03/150511-Volare.jpg" />
	<meta property="og:image:width" content="700" />
	<meta property="og:image:height" content="312" />
	<meta property="og:image:type" content="image/jpeg" />
<meta name="twitter:label1" content="Geschätzte Lesezeit" />
	<meta name="twitter:data1" content="1 Minute" />
<script type="application/ld+json" class="yoast-schema-graph">{"@context":"https:\/\/schema.org","@graph":[{"@type":"WebPage","@id":"https:\/\/dai-heidelberg.de\/de\/veranstaltungen\/mailand-und-die-expo-2015-10885\/","url":"https:\/\/dai-heidelberg.de\/de\/veranstaltungen\/mailand-und-die-expo-2015-10885\/","name":"Veranstaltungen - Deutsch-Amerikanisches Institut. Haus der Kultur.","isPartOf":{"@id":"https:\/\/dai-heidelberg.de\/de\/#website"},"primaryImageOfPage":{"@id":"https:\/\/dai-heidelberg.de\/de\/veranstaltungen\/mailand-und-die-expo-2015-10885\/#primaryimage"},"image":{"@id":"https:\/\/dai-heidelberg.de\/de\/veranstaltungen\/mailand-und-die-expo-2015-10885\/#primaryimage"},"thumbnailUrl":"https:\/\/dai-heidelberg.de\/de\/wp-content\/uploads\/sites\/2\/2015\/03\/150511-Volare.jpg","datePublished":"2015-03-02T11:19:39+00:00","dateModified":"2015-04-17T09:36:47+00:00","breadcrumb":{"@id":"https:\/\/dai-heidelberg.de\/de\/veranstaltungen\/mailand-und-die-expo-2015-10885\/#breadcrumb"},"inLanguage":"de","potentialAction":[{"@type":"ReadAction","target":["https:\/\/dai-heidelberg.de\/de\/veranstaltungen\/mailand-und-die-expo-2015-10885\/"]}]},{"@type":"ImageObject","inLanguage":"de","@id":"https:\/\/dai-heidelberg.de\/de\/veranstaltungen\/mailand-und-die-expo-2015-10885\/#primaryimage","url":"https:\/\/dai-heidelberg.de\/de\/wp-content\/uploads\/sites\/2\/2015\/03\/150511-Volare.jpg","contentUrl":"https:\/\/dai-heidelberg.de\/de\/wp-content\/uploads\/sites\/2\/2015\/03\/150511-Volare.jpg","width":700,"height":312},{"@type":"BreadcrumbList","@id":"https:\/\/dai-heidelberg.de\/de\/veranstaltungen\/mailand-und-die-expo-2015-10885\/#breadcrumb","itemListElement":[{"@type":"ListItem","position":1,"name":"Startseite","item":"https:\/\/dai-heidelberg.de\/de\/"},{"@type":"ListItem","position":2,"name":"Veranstaltungen","item":"https:\/\/dai-heidelberg.de\/de\/veranstaltungen\/"},{"@type":"ListItem","position":3,"name":"Mailand und die EXPO 2015"}]},{"@type":"WebSite","@id":"https:\/\/dai-heidelberg.de\/de\/#website","url":"https:\/\/dai-heidelberg.de\/de\/","name":"DAI Deutsch","description":"Deutsch-Amerikanisches Institut. Haus der Kultur.","potentialAction":[{"@type":"SearchAction","target":{"@type":"EntryPoint","urlTemplate":"https:\/\/dai-heidelberg.de\/de\/?s={search_term_string}"},"query-input":{"@type":"PropertyValueSpecification","valueRequired":true,"valueName":"search_term_string"}}],"inLanguage":"de"}]}</script>
<!-- / Yoast SEO plugin. -->

Die EXPO 2015 findet dieses Jahr unter dem Motto Den Planeten ernähren &#8211; Energie für das Leben statt, einem sehr&nbsp;&hellip;
