{"id":10576,"date":"2015-02-04T12:03:20","date_gmt":"2015-02-04T11:03:20","guid":{"rendered":"http:\/\/dai-heidelberg.de\/de\/?post_type=dai_event&#038;p=10576"},"modified":"2018-08-23T18:52:25","modified_gmt":"2018-08-23T16:52:25","slug":"word-poetry-slam-10","status":"publish","type":"dai_event","link":"https:\/\/dai-heidelberg.de\/de\/veranstaltungen\/word-poetry-slam-10-10576\/","title":{"rendered":"WORD UP! Poetry Slam"},"content":{"rendered":"<p>Mit Jan Schmidt (Siegen), Nicolas Groschke (Heilbronn), Stefan D\u00f6rsing (Wetzlar), Alex Burkhard (M\u00fcnchen), Filo (Mannheim), Michael K\u00f6nigstein (Mannheim), Robert Janson (Heidelberg), Jan Herning (Heidelberg), Jule Weber (Darmstadt).<\/p>\n<p>Special Guest: Nikita Gorbunov<\/p>\n<p>Moderation: Philipp Herold &#038; Kathrin Rabus<\/p>\n<p>Das Ph\u00e4nomen Poetry Slam erobert seit Jahren durch seine unverwechselbare Mischung aus Literatur und Performance nicht nur die B\u00fchnen von Kulturh\u00e4usern und Clubs, sondern auch die Herzen der Zuh\u00f6rer.<\/p>\n<p>Autoren pr\u00e4sentieren innerhalb von f\u00fcnf Minuten ihre Texte und stellen sich dem Votum des Publikums. Form und Inhalt sind v\u00f6llig frei. So wird jeder Poetry Slam zu einem packenden Ereignis, bei dem nichts vorhersehbar ist.<\/p>\n<p>Freuen wir uns auf ein Feuerwerk der Worte und Emotionen, beste Unterhaltung, aber auch Tiefgang, bei\u00dfende Kritik und schr\u00e4ge Kom\u00f6dianten. WORD UP!<\/p>\n<p><strong>INFO:<\/strong><br \/>\nEinlass: 19 Uhr<br \/>\nBeginn: 20 Uhr<br \/>\n\u00d6ffnung der Abendkasse: 19.30 Uhr<\/p>\n<p><strong>Keine Sitzplatzgarantie nach 19.30 Uhr<\/strong><br \/>\nWeitere Informationen \u00fcber Poetry Slam unter <a href=\"http:\/\/www.wordup-hd.de\" target=\"_blank\" rel=\"noopener\">www.wordup-hd.de<\/a><strong><br \/>\n<\/strong><\/p>\n","protected":false},"excerpt":{"rendered":"<p>Mit Jan Schmidt (Siegen), Nicolas Groschke (Heilbronn), Stefan D\u00f6rsing (Wetzlar), Alex Burkhard (M\u00fcnchen), Filo (Mannheim), Michael K\u00f6nigstein (Mannheim), Robert Janson&nbsp;&hellip;<\/p>\n","protected":false},"featured_media":0,"template":"","meta":{"footnotes":""},"tags":[],"dai_event_category":[6,8],"dai_event_type":[15,229,17,23,235],"dai_event_location":[31,78],"class_list":["post-10576","dai_event","type-dai_event","status-publish","hentry","dai_event_category-kulturveranstaltungen","dai_event_category-u20","dai_event_type-kleinkunst","dai_event_type-literarisches-zentrum-heidelberg","dai_event_type-literatur","dai_event_type-poetry-slam","dai_event_type-poetry-slam-literarisches-zentrum-heidelberg","dai_event_location-dai-grosser-saal","dai_event_location-dai-groser-saal"],"better_featured_image":null,"post-meta-fields":{"_edit_lock":["1535043030:10"],"_edit_last":["10"],"dai_event_datetime":["2015-06-26 20:00"],"dai_event_featured":["1"],"dai_event_ticket_link":["http:\/\/shop.reservix.de\/off\/login_check.php?id=c6ec16e8cf3cd5077514ebef590a1f763d4616b372ef8900411779bf6bedf213&#038;vID=2736&#038;eventGrpID=76356"],"dai_event_ticket_freeadmission":["0"],"dai_event_ticket_price_presale_standard":["8"],"dai_event_ticket_price_presale_reduced":["5"],"dai_event_ticket_price_presale_member":["4"],"dai_event_ticket_price_boxoffice_standard":["10"],"dai_event_ticket_price_boxoffice_reduced":["7"],"dai_event_ticket_price_boxoffice_member":["6"],"_post_is_translated":["0"],"_trash_the_other_posts":["0"],"_yoast_wpseo_content_score":["60"],"_yoast_wpseo_primary_dai_event_category":[""],"_yoast_wpseo_primary_dai_event_type":["15"],"_yoast_wpseo_primary_dai_event_location":[""]},"yoast_head":"<!-- This site is optimized with the Yoast SEO plugin v27.4 - https:\/\/yoast.com\/product\/yoast-seo-wordpress\/ -->\n<title>Veranstaltungen - Deutsch-Amerikanisches Institut. Haus der Kultur.<\/title>\n<meta name=\"robots\" content=\"index, follow, max-snippet:-1, max-image-preview:large, max-video-preview:-1\" \/>\n<link rel=\"canonical\" href=\"https:\/\/dai-heidelberg.de\/de\/veranstaltungen\/word-poetry-slam-10-10576\/\" \/>\n<meta property=\"og:locale\" content=\"de_DE\" \/>\n<meta property=\"og:type\" content=\"article\" \/>\n<meta property=\"og:title\" content=\"Veranstaltungen - Deutsch-Amerikanisches Institut. Haus der Kultur.\" \/>\n<meta property=\"og:description\" content=\"Mit Jan Schmidt (Siegen), Nicolas Groschke (Heilbronn), Stefan D\u00f6rsing (Wetzlar), Alex Burkhard (M\u00fcnchen), Filo (Mannheim), Michael K\u00f6nigstein (Mannheim), Robert Janson&nbsp;&hellip;\" \/>\n<meta property=\"og:url\" content=\"https:\/\/dai-heidelberg.de\/de\/veranstaltungen\/word-poetry-slam-10-10576\/\" \/>\n<meta property=\"og:site_name\" content=\"DAI Deutsch\" \/>\n<meta property=\"article:modified_time\" content=\"2018-08-23T16:52:25+00:00\" \/>\n<meta name=\"twitter:label1\" content=\"Gesch\u00e4tzte Lesezeit\" \/>\n\t<meta name=\"twitter:data1\" content=\"1\u00a0Minute\" \/>\n<script type=\"application\/ld+json\" class=\"yoast-schema-graph\">{\"@context\":\"https:\\\/\\\/schema.org\",\"@graph\":[{\"@type\":\"WebPage\",\"@id\":\"https:\\\/\\\/dai-heidelberg.de\\\/de\\\/veranstaltungen\\\/word-poetry-slam-10-10576\\\/\",\"url\":\"https:\\\/\\\/dai-heidelberg.de\\\/de\\\/veranstaltungen\\\/word-poetry-slam-10-10576\\\/\",\"name\":\"Veranstaltungen - Deutsch-Amerikanisches Institut. Haus der Kultur.\",\"isPartOf\":{\"@id\":\"https:\\\/\\\/dai-heidelberg.de\\\/de\\\/#website\"},\"datePublished\":\"2015-02-04T11:03:20+00:00\",\"dateModified\":\"2018-08-23T16:52:25+00:00\",\"breadcrumb\":{\"@id\":\"https:\\\/\\\/dai-heidelberg.de\\\/de\\\/veranstaltungen\\\/word-poetry-slam-10-10576\\\/#breadcrumb\"},\"inLanguage\":\"de\",\"potentialAction\":[{\"@type\":\"ReadAction\",\"target\":[\"https:\\\/\\\/dai-heidelberg.de\\\/de\\\/veranstaltungen\\\/word-poetry-slam-10-10576\\\/\"]}]},{\"@type\":\"BreadcrumbList\",\"@id\":\"https:\\\/\\\/dai-heidelberg.de\\\/de\\\/veranstaltungen\\\/word-poetry-slam-10-10576\\\/#breadcrumb\",\"itemListElement\":[{\"@type\":\"ListItem\",\"position\":1,\"name\":\"Startseite\",\"item\":\"https:\\\/\\\/dai-heidelberg.de\\\/de\\\/\"},{\"@type\":\"ListItem\",\"position\":2,\"name\":\"Veranstaltungen\",\"item\":\"https:\\\/\\\/dai-heidelberg.de\\\/de\\\/veranstaltungen\\\/\"},{\"@type\":\"ListItem\",\"position\":3,\"name\":\"WORD UP! Poetry Slam\"}]},{\"@type\":\"WebSite\",\"@id\":\"https:\\\/\\\/dai-heidelberg.de\\\/de\\\/#website\",\"url\":\"https:\\\/\\\/dai-heidelberg.de\\\/de\\\/\",\"name\":\"DAI Deutsch\",\"description\":\"Deutsch-Amerikanisches Institut. Haus der Kultur.\",\"potentialAction\":[{\"@type\":\"SearchAction\",\"target\":{\"@type\":\"EntryPoint\",\"urlTemplate\":\"https:\\\/\\\/dai-heidelberg.de\\\/de\\\/?s={search_term_string}\"},\"query-input\":{\"@type\":\"PropertyValueSpecification\",\"valueRequired\":true,\"valueName\":\"search_term_string\"}}],\"inLanguage\":\"de\"}]}<\/script>\n<!-- \/ Yoast SEO plugin. -->","yoast_head_json":{"title":"Veranstaltungen - Deutsch-Amerikanisches Institut. Haus der Kultur.","robots":{"index":"index","follow":"follow","max-snippet":"max-snippet:-1","max-image-preview":"max-image-preview:large","max-video-preview":"max-video-preview:-1"},"canonical":"https:\/\/dai-heidelberg.de\/de\/veranstaltungen\/word-poetry-slam-10-10576\/","og_locale":"de_DE","og_type":"article","og_title":"Veranstaltungen - Deutsch-Amerikanisches Institut. Haus der Kultur.","og_description":"Mit Jan Schmidt (Siegen), Nicolas Groschke (Heilbronn), Stefan D\u00f6rsing (Wetzlar), Alex Burkhard (M\u00fcnchen), Filo (Mannheim), Michael K\u00f6nigstein (Mannheim), Robert Janson&nbsp;&hellip;","og_url":"https:\/\/dai-heidelberg.de\/de\/veranstaltungen\/word-poetry-slam-10-10576\/","og_site_name":"DAI Deutsch","article_modified_time":"2018-08-23T16:52:25+00:00","twitter_misc":{"Gesch\u00e4tzte Lesezeit":"1\u00a0Minute"},"schema":{"@context":"https:\/\/schema.org","@graph":[{"@type":"WebPage","@id":"https:\/\/dai-heidelberg.de\/de\/veranstaltungen\/word-poetry-slam-10-10576\/","url":"https:\/\/dai-heidelberg.de\/de\/veranstaltungen\/word-poetry-slam-10-10576\/","name":"Veranstaltungen - Deutsch-Amerikanisches Institut. Haus der Kultur.","isPartOf":{"@id":"https:\/\/dai-heidelberg.de\/de\/#website"},"datePublished":"2015-02-04T11:03:20+00:00","dateModified":"2018-08-23T16:52:25+00:00","breadcrumb":{"@id":"https:\/\/dai-heidelberg.de\/de\/veranstaltungen\/word-poetry-slam-10-10576\/#breadcrumb"},"inLanguage":"de","potentialAction":[{"@type":"ReadAction","target":["https:\/\/dai-heidelberg.de\/de\/veranstaltungen\/word-poetry-slam-10-10576\/"]}]},{"@type":"BreadcrumbList","@id":"https:\/\/dai-heidelberg.de\/de\/veranstaltungen\/word-poetry-slam-10-10576\/#breadcrumb","itemListElement":[{"@type":"ListItem","position":1,"name":"Startseite","item":"https:\/\/dai-heidelberg.de\/de\/"},{"@type":"ListItem","position":2,"name":"Veranstaltungen","item":"https:\/\/dai-heidelberg.de\/de\/veranstaltungen\/"},{"@type":"ListItem","position":3,"name":"WORD UP! Poetry Slam"}]},{"@type":"WebSite","@id":"https:\/\/dai-heidelberg.de\/de\/#website","url":"https:\/\/dai-heidelberg.de\/de\/","name":"DAI Deutsch","description":"Deutsch-Amerikanisches Institut. Haus der Kultur.","potentialAction":[{"@type":"SearchAction","target":{"@type":"EntryPoint","urlTemplate":"https:\/\/dai-heidelberg.de\/de\/?s={search_term_string}"},"query-input":{"@type":"PropertyValueSpecification","valueRequired":true,"valueName":"search_term_string"}}],"inLanguage":"de"}]}},"_links":{"self":[{"href":"https:\/\/dai-heidelberg.de\/de\/wp-json\/wp\/v2\/dai_event\/10576","targetHints":{"allow":["GET"]}}],"collection":[{"href":"https:\/\/dai-heidelberg.de\/de\/wp-json\/wp\/v2\/dai_event"}],"about":[{"href":"https:\/\/dai-heidelberg.de\/de\/wp-json\/wp\/v2\/types\/dai_event"}],"version-history":[{"count":12,"href":"https:\/\/dai-heidelberg.de\/de\/wp-json\/wp\/v2\/dai_event\/10576\/revisions"}],"predecessor-version":[{"id":22697,"href":"https:\/\/dai-heidelberg.de\/de\/wp-json\/wp\/v2\/dai_event\/10576\/revisions\/22697"}],"wp:attachment":[{"href":"https:\/\/dai-heidelberg.de\/de\/wp-json\/wp\/v2\/media?parent=10576"}],"wp:term":[{"taxonomy":"post_tag","embeddable":true,"href":"https:\/\/dai-heidelberg.de\/de\/wp-json\/wp\/v2\/tags?post=10576"},{"taxonomy":"dai_event_category","embeddable":true,"href":"https:\/\/dai-heidelberg.de\/de\/wp-json\/wp\/v2\/dai_event_category?post=10576"},{"taxonomy":"dai_event_type","embeddable":true,"href":"https:\/\/dai-heidelberg.de\/de\/wp-json\/wp\/v2\/dai_event_type?post=10576"},{"taxonomy":"dai_event_location","embeddable":true,"href":"https:\/\/dai-heidelberg.de\/de\/wp-json\/wp\/v2\/dai_event_location?post=10576"}],"curies":[{"name":"wp","href":"https:\/\/api.w.org\/{rel}","templated":true}]}}

<p>Mit Jan Schmidt (Siegen), Nicolas Groschke (Heilbronn), Stefan Dörsing (Wetzlar), Alex Burkhard (München), Filo (Mannheim), Michael Königstein (Mannheim), Robert Janson (Heidelberg), Jan Herning (Heidelberg), Jule Weber (Darmstadt).</p>
<p>Special Guest: Nikita Gorbunov</p>
<p>Moderation: Philipp Herold &#038; Kathrin Rabus</p>
<p>Das Phänomen Poetry Slam erobert seit Jahren durch seine unverwechselbare Mischung aus Literatur und Performance nicht nur die Bühnen von Kulturhäusern und Clubs, sondern auch die Herzen der Zuhörer.</p>
<p>Autoren präsentieren innerhalb von fünf Minuten ihre Texte und stellen sich dem Votum des Publikums. Form und Inhalt sind völlig frei. So wird jeder Poetry Slam zu einem packenden Ereignis, bei dem nichts vorhersehbar ist.</p>
<p>Freuen wir uns auf ein Feuerwerk der Worte und Emotionen, beste Unterhaltung, aber auch Tiefgang, beißende Kritik und schräge Komödianten. WORD UP!</p>
<p><strong>INFO:</strong><br />
Einlass: 19 Uhr<br />
Beginn: 20 Uhr<br />
Öffnung der Abendkasse: 19.30 Uhr</p>
<p><strong>Keine Sitzplatzgarantie nach 19.30 Uhr</strong><br />
Weitere Informationen über Poetry Slam unter <a href="http://www.wordup-hd.de" target="_blank" rel="noopener">www.wordup-hd.de</a><strong><br />
</strong></p>

<p>Mit Jan Schmidt (Siegen), Nicolas Groschke (Heilbronn), Stefan Dörsing (Wetzlar), Alex Burkhard (München), Filo (Mannheim), Michael Königstein (Mannheim), Robert Janson&nbsp;&hellip;</p>

<!-- This site is optimized with the Yoast SEO plugin v27.4 - https://yoast.com/product/yoast-seo-wordpress/ -->
<title>Veranstaltungen - Deutsch-Amerikanisches Institut. Haus der Kultur.</title>
<meta name="robots" content="index, follow, max-snippet:-1, max-image-preview:large, max-video-preview:-1" />
<link rel="canonical" href="https://dai-heidelberg.de/de/veranstaltungen/word-poetry-slam-10-10576/" />
<meta property="og:locale" content="de_DE" />
<meta property="og:type" content="article" />
<meta property="og:title" content="Veranstaltungen - Deutsch-Amerikanisches Institut. Haus der Kultur." />
<meta property="og:description" content="Mit Jan Schmidt (Siegen), Nicolas Groschke (Heilbronn), Stefan Dörsing (Wetzlar), Alex Burkhard (München), Filo (Mannheim), Michael Königstein (Mannheim), Robert Janson&nbsp;&hellip;" />
<meta property="og:url" content="https://dai-heidelberg.de/de/veranstaltungen/word-poetry-slam-10-10576/" />
<meta property="og:site_name" content="DAI Deutsch" />
<meta property="article:modified_time" content="2018-08-23T16:52:25+00:00" />
<meta name="twitter:label1" content="Geschätzte Lesezeit" />
	<meta name="twitter:data1" content="1 Minute" />
<script type="application/ld+json" class="yoast-schema-graph">{"@context":"https:\/\/schema.org","@graph":[{"@type":"WebPage","@id":"https:\/\/dai-heidelberg.de\/de\/veranstaltungen\/word-poetry-slam-10-10576\/","url":"https:\/\/dai-heidelberg.de\/de\/veranstaltungen\/word-poetry-slam-10-10576\/","name":"Veranstaltungen - Deutsch-Amerikanisches Institut. Haus der Kultur.","isPartOf":{"@id":"https:\/\/dai-heidelberg.de\/de\/#website"},"datePublished":"2015-02-04T11:03:20+00:00","dateModified":"2018-08-23T16:52:25+00:00","breadcrumb":{"@id":"https:\/\/dai-heidelberg.de\/de\/veranstaltungen\/word-poetry-slam-10-10576\/#breadcrumb"},"inLanguage":"de","potentialAction":[{"@type":"ReadAction","target":["https:\/\/dai-heidelberg.de\/de\/veranstaltungen\/word-poetry-slam-10-10576\/"]}]},{"@type":"BreadcrumbList","@id":"https:\/\/dai-heidelberg.de\/de\/veranstaltungen\/word-poetry-slam-10-10576\/#breadcrumb","itemListElement":[{"@type":"ListItem","position":1,"name":"Startseite","item":"https:\/\/dai-heidelberg.de\/de\/"},{"@type":"ListItem","position":2,"name":"Veranstaltungen","item":"https:\/\/dai-heidelberg.de\/de\/veranstaltungen\/"},{"@type":"ListItem","position":3,"name":"WORD UP! Poetry Slam"}]},{"@type":"WebSite","@id":"https:\/\/dai-heidelberg.de\/de\/#website","url":"https:\/\/dai-heidelberg.de\/de\/","name":"DAI Deutsch","description":"Deutsch-Amerikanisches Institut. Haus der Kultur.","potentialAction":[{"@type":"SearchAction","target":{"@type":"EntryPoint","urlTemplate":"https:\/\/dai-heidelberg.de\/de\/?s={search_term_string}"},"query-input":{"@type":"PropertyValueSpecification","valueRequired":true,"valueName":"search_term_string"}}],"inLanguage":"de"}]}</script>
<!-- / Yoast SEO plugin. -->

Mit Jan Schmidt (Siegen), Nicolas Groschke (Heilbronn), Stefan Dörsing (Wetzlar), Alex Burkhard (München), Filo (Mannheim), Michael Königstein (Mannheim), Robert Janson&nbsp;&hellip;
